NOAA-style Climate Reports for Audley UK

Select a Year or Month report

Report for 2023 Jan
                   Monthly Climatological Summary for Jan 2023

Name: Audley   City: Stoke-on-Trent   County: Staffordshire   Country: UK
Elevation: 140 m  Lat: N 53° 03' 19"   Lon: W 002° 18' 04"

                  Temperature (°C), Rain (mm), Wind Speed (mph)

                                      Heat  Cool        Avg
    Mean                              Deg   Deg         Wind                 Dom
Day Temp  High   Time   Low    Time   Days  Days  Rain  Speed High   Time    Dir
----------------------------------------------------------------------------------
 1   7.4   9.0   14:49   6.0   23:57   8.1   0.0   5.2   3.5  18.3   01:25   WSW
 2   3.7   6.1   00:00   0.6   23:54  11.8   0.0   1.4   2.1   9.8   02:20     W
 3   7.3  11.6   22:33   0.4   00:11   8.2   0.0   4.2   4.8  15.9   08:28   SSE
 4  10.8  12.0   01:33   9.3   22:49   4.7   0.0   0.4   6.1  22.1   15:32     W
 5   9.9  11.8   12:45   7.2   23:58   5.6   0.0   3.6   3.3  19.0   00:33     W
 6   7.7  11.4   23:08   4.8   07:28   7.8   0.0   0.4   4.2  17.4   19:49    SW
 7   9.2  11.6   01:54   5.5   20:01   6.3   0.0   8.5   4.3  19.7   12:05     S
 8   5.4   7.4   02:21   3.5   21:46  10.1   0.0   1.3   3.6  19.0   05:07   SSW
 9   5.4   6.7   12:22   3.3   03:55  10.1   0.0   2.2   6.5  22.8   13:35   WNW
10   8.0  12.1   18:39   4.3   00:12   7.5   0.0  10.2   5.8  21.3   09:34    SW
11   7.0   8.6   00:00   5.8   06:58   8.5   0.0   6.1   7.0  22.8   16:50   WNW
12   9.5  11.8   12:27   7.0   20:29   6.0   0.0   0.1   7.5  27.3   23:50     W
13   7.0   8.6   14:23   5.6   19:26   8.5   0.0   0.0   9.2  30.4   12:54     W
14   6.2   9.1   08:28   3.1   23:53   9.3   0.0   5.2   8.5  26.6   20:22   WSW
15   4.3   5.9   14:31   2.4   03:01  11.2   0.0   0.2   6.5  28.2   05:12     W
16   1.3   3.2   00:00  -1.3   23:14  14.2   0.0   0.1   3.1  15.9   11:18    NW
17  -0.8   1.8   15:01  -2.5   06:35  16.3   0.0   0.1   2.2  17.4   19:29     W
18   1.1   3.8   15:21  -0.5   23:59  14.4   0.0   1.4   3.7  17.4   02:37     W
19   0.7   2.7   14:52  -0.9   02:35  14.8   0.0   1.1   3.8  15.2   04:37     W
20   2.4   4.7   14:15  -0.3   22:15  13.1   0.0   0.8   2.0  13.6   06:02   WNW
21  -0.3   2.0   14:01  -2.1   23:58  15.8   0.0   0.1   3.1  10.7   11:36    SE
22   0.2   2.1   19:44  -2.9   03:36  15.3   0.0   0.1   3.5  11.4   07:38    SE
23   2.6   5.6   14:15   1.2   22:58  12.9   0.0   0.0   3.3  11.4   07:41    SE
24   3.3   6.0   14:04  -0.2   06:27  12.2   0.0   0.0   1.2   6.9   20:43   SSW
25   5.8   8.8   13:13   2.4   23:38   9.7   0.0   0.8   2.8  13.6   15:31   WNW
26   3.5   6.6   14:15   0.8   04:29  12.0   0.0   0.1   1.7  11.4   15:14   NNW
27   3.4   5.2   14:45   1.6   06:08  12.1   0.0   0.1   0.5   6.9   01:03   NNW
28   4.4   6.1   15:42   3.1   03:19  11.1   0.0   0.6   1.5   9.2   03:50   WNW
29   5.7   8.2   21:58   4.1   07:19   9.8   0.0   0.7   5.2  21.3   21:57     W
30   6.0   7.9   14:45   4.4   21:23   9.5   0.0   0.0   4.8  18.3   00:27   WNW
----------------------------------------------------------------------------------
     4.9  12.1    10    -2.9    22   316.9   0.0  55.0   4.2  30.4    13       W

Max >=  27.0:  0
Max <=   0.0:  0
Min <=   0.0:  8
Min <= -18.0:  0
Max Rain: 10.2 on day 10
Days of Rain: 19 (>= 0.2 mm)  8 (>= 2.0 mm)  0 (>= 20.0 mm)
Heat Base: 15.5  Cool Base: 25.0  Method: Integration


Page updated 20/11/2018 17:26:21
© Sandaysoft 2009
powered by Sandy Software Cumulus software v1.9.2 by Steve Loft