NOAA-style Climate Reports for Audley UK


Report for 2021 Oct
                   Monthly Climatological Summary for Oct 2021

Name: Audley   City: Stoke-on-Trent   County: Staffordshire   Country: UK
Elevation: 140 m  Lat: N 53° 03' 19"   Lon: W 002° 18' 04"

                  Temperature (°C), Rain (mm), Wind Speed (mph)

                                      Heat  Cool        Avg
    Mean                              Deg   Deg         Wind                 Dom
Day Temp  High   Time   Low    Time   Days  Days  Rain  Speed High   Time    Dir
----------------------------------------------------------------------------------
 1  11.9  14.1   14:43   8.4   23:55   3.6   0.0   6.9   3.9  25.1   13:34   WSW
 2   9.6  11.7   17:28   7.3   02:26   5.9   0.0  11.6   1.7  12.1   19:27   SSE
 3   9.8  14.6   16:17   5.7   05:50   5.7   0.0   0.7   3.2  19.0   15:17   WSW
 4  10.2  14.1   14:06   7.6   06:13   5.3   0.0   7.3   1.5  18.3   14:21     S
 5  10.3  12.3   15:59   8.3   05:39   5.2   0.0  15.7   3.7  30.4   16:02     W
 6  11.6  14.9   15:54   8.1   07:38   3.9   0.0   0.4   2.2  19.7   00:50     W
 7  15.1  19.0   15:24  12.4   00:02   1.2   0.0   0.1   0.7   9.2   11:58    SE
 8  14.4  16.0   14:48  12.4   07:39   1.2   0.0   0.0   0.3   6.0   11:19    SE
 9  14.4  16.3   13:55  12.3   03:32   1.2   0.0   0.1   0.2   5.4   00:16    SW
10  12.6  14.8   14:39  10.2   23:49   2.9   0.0   0.3   1.0  13.6   14:36     W
11  11.1  14.7   15:31   8.7   06:26   4.4   0.0   0.0   0.9  11.4   15:57     W
12  11.6  13.9   17:11   8.9   00:21   3.9   0.0   2.3   1.5  10.7   12:56     W
13  12.1  13.4   13:38  10.9   02:00   3.4   0.0   1.1   0.8  12.1   12:29     W
14  12.4  14.4   14:43  10.8   06:36   3.1   0.0   0.0   2.8  16.8   15:47   WSW
15   9.5  12.6   00:43   6.8   08:34   6.0   0.0   0.4   0.7  13.0   02:20   WSW
16  10.0  14.6   15:02   5.9   03:27   5.5   0.0   0.0   0.4   6.9   18:24    SE
17  12.6  14.8   14:53  10.9   00:00   2.9   0.0   5.0   0.7  12.1   03:22   SSE
18  13.1  15.5   15:03  10.4   06:58   2.4   0.0   0.1   1.4  16.8   09:21    SE
19  15.9  18.3   14:06  14.1   00:57   0.4   0.0   3.8   1.7  16.8   13:52   SSW
20  11.6  15.2   00:00   7.6   21:52   3.9   0.0   2.4   1.9  25.9   14:29   WSW
----------------------------------------------------------------------------------
    12.0  19.0     7     5.7     3    72.0   0.0  58.2   1.6  30.4     5     WSW

Max >=  27.0:  0
Max <=   0.0:  0
Min <=   0.0:  0
Min <= -18.0:  0
Max Rain: 15.7 on day 5
Days of Rain: 13 (>= 0.2 mm)  8 (>= 2.0 mm)  0 (>= 20.0 mm)
Heat Base: 15.5  Cool Base: 25.0  Method: Integration


Page updated 20/11/2018 17:26:21
© Sandaysoft 2009
powered by Sandy Software Cumulus software v1.9.2 by Steve Loft