NOAA-style Climate Reports for Audley UK

Select a Year or Month report

Report for 2017 Jul
                   Monthly Climatological Summary for Jul 2017

Name: Audley   City: Stoke-on-Trent   County: Staffordshire   Country: UK
Elevation: 140 m  Lat: N 53 03' 19"   Lon: W 002 18' 04"

                  Temperature (C), Rain (mm), Wind Speed (mph)

                                      Heat  Cool        Avg
    Mean                              Deg   Deg         Wind                 Dom
Day Temp  High   Time   Low    Time   Days  Days  Rain  Speed High   Time    Dir
----------------------------------------------------------------------------------
 1  14.5  21.8   16:32  10.8   08:42   1.9   0.0   0.2   2.2  18.3   16:55   WNW
 2  14.7  21.9   17:53   9.2   05:11   1.9   0.0   0.0   2.0  15.9   00:10   WNW
 3  15.0  18.9   17:07  11.7   03:22   1.3   0.0   0.0   1.3  14.5   11:17    NW
 4  15.5  19.0   12:52  12.0   05:40   1.1   0.0   0.9   1.0  17.4   13:33   WNW
 5  18.2  26.5   16:58  12.9   06:08   0.7   0.0   0.0   0.5  10.7   13:08   NNW
 6  19.3  27.9   16:19  13.9   05:27   0.2   0.2   0.0   0.8  12.1   16:21     W
 7  16.7  20.5   14:05  13.4   05:15   0.4   0.0   0.0   1.2  12.1   15:44   WNW
 8  15.8  23.5   16:42  10.5   05:28   1.4   0.0   0.0   1.0  13.0   17:27   WNW
 9  18.2  24.9   16:49  14.0   00:25   0.3   0.0   0.0   0.8  14.5   14:37   WNW
10  13.7  16.1   13:42  11.9   03:39   1.9   0.0   1.9   0.6  10.7   14:09   WNW
11  12.8  14.7   12:40  11.0   02:46   2.7   0.0   9.7   0.2   9.8   23:39   ENE
12  14.6  22.7   17:41  10.3   02:39   2.0   0.0   0.1   0.8  11.4   08:41     N
13  15.7  20.5   14:08  11.6   04:10   1.2   0.0   0.0   0.6   9.8   12:34     W
14  13.6  16.5   18:03  11.4   05:25   2.0   0.0   2.0   3.0  19.0   12:24   WNW
15  16.2  20.8   17:21  12.1   00:00   1.2   0.0   0.3   0.9  11.4   13:37   WNW
16  15.9  20.2   17:53  11.1   23:58   0.5   0.0   3.3   1.3  13.0   15:20    NW
17  16.1  24.6   17:33   9.0   05:09   2.0   0.0   0.0   1.0  13.0   13:26    NW
18  18.2  24.3   14:21  11.5   05:09   0.9   0.0   0.0   1.6  15.2   15:00    SE
19  18.3  23.0   12:37  14.7   04:09   0.1   0.0   0.3   1.3  15.9   08:30    SE
20  14.0  19.4   17:42  10.4   06:48   2.0   0.0   3.1   2.2  16.8   12:51   WNW
21  13.9  17.2   14:22  11.6   01:35   1.8   0.0   9.6   1.2  15.2   11:02    SE
22  13.2  18.3   16:15  10.0   06:35   2.5   0.0   4.2   0.1   6.9   19:02   SSE
23  13.9  18.1   15:04  11.0   00:49   2.0   0.0   5.8   1.6  16.8   13:50   WNW
24  15.4  18.9   16:30  13.3   05:17   0.9   0.0   0.2   2.1  19.7   09:26    NW
25  16.5  22.3   17:33  12.8   05:26   0.8   0.0   0.0   0.5   7.6   13:02    NW
26  15.6  20.5   15:58  12.1   23:59   0.9   0.0  13.7   1.3  15.9   16:14     W
----------------------------------------------------------------------------------
    15.6  27.9     6     9.0    17    34.6   0.2  55.3   1.2  19.7    24     WNW

Max >=  27.0:  1
Max <=   0.0:  0
Min <=   0.0:  0
Min <= -18.0:  0
Max Rain: 13.7 on day 26
Days of Rain: 14 (>= 0.2 mm)  8 (>= 2.0 mm)  0 (>= 20.0 mm)
Heat Base: 15.5  Cool Base: 25.0  Method: Integration


Page updated 05/02/2012 13:36
© Sandaysoft 2008 
Cumulus software v1.9.2 by Steve Loft