NOAA-style Climate Reports for Audley UK


Report for 2024 May
                   Monthly Climatological Summary for May 2024

Name: Audley   City: Stoke-on-Trent   County: Staffordshire   Country: UK
Elevation: 140 m  Lat: N 53° 03' 19"   Lon: W 002° 18' 04"

                  Temperature (°C), Rain (mm), Wind Speed (mph)

                                      Heat  Cool        Avg
    Mean                              Deg   Deg         Wind                 Dom
Day Temp  High   Time   Low    Time   Days  Days  Rain  Speed High   Time    Dir
----------------------------------------------------------------------------------
 1  14.0  18.9   16:49  10.1   03:23   2.0   0.0   2.1   1.2   9.8   03:23   SSE
 2  14.6  21.6   15:21   9.0   05:23   2.6   0.0   0.0   1.0   9.2   02:51   ESE
 3  10.8  12.0   11:58   9.5   23:40   4.7   0.0   5.2   1.2   9.8   12:25   WNW
 4  11.0  16.1   17:52   8.7   04:14   4.5   0.0   0.4   0.9   9.8   01:42   WNW
 5  13.2  18.6   13:37   7.7   06:17   3.0   0.0   0.0   0.2   4.5   20:01    SW
 6  12.9  16.5   17:05   9.4   05:47   2.8   0.0   0.0   0.5   8.3   18:37    NW
 7  14.2  20.6   17:20  11.2   05:16   1.9   0.0   0.2   0.3   4.5   13:56   ESE
 8  15.7  23.1   16:56  11.2   06:23   1.5   0.0   0.0   0.8   7.6   14:02   WNW
 9  15.6  22.6   17:07  10.8   05:20   1.5   0.0   0.0   0.3   4.5   16:21    NW
10  17.9  24.8   17:28  12.2   03:16   0.9   0.0   0.0   0.1   3.8   12:08     S
11  18.0  22.9   16:43  12.7   05:55   0.4   0.0   0.0   0.7   4.5   12:25   SSE
12  17.7  26.5   16:53  13.0   05:22   0.5   0.0   0.8   1.1   6.0   14:15    SE
13  15.2  19.0   14:05  12.3   05:52   1.0   0.0   1.2   0.9   6.9   13:54     S
14  14.4  16.8   15:12  12.7   23:32   1.2   0.0   7.9   0.7   6.0   02:56   SSE
15  15.5  21.7   17:51  12.6   01:07   1.1   0.0   0.1   1.0   6.9   19:03   SSE
16  13.7  17.1   10:57  11.3   05:15   1.9   0.0  14.5   0.3   3.8   15:09     W
17  15.9  23.0   17:49  11.7   05:54   1.1   0.0   2.5   0.1   3.8   14:52     W
18  16.4  21.3   16:04  12.8   05:45   0.9   0.0   0.0   0.3   4.5   09:31    NW
19  16.6  26.2   17:34   9.9   06:02   1.5   0.0   0.0   0.5   5.4   21:45   ENE
20  13.6  20.0   17:09  10.5   05:54   2.2   0.0   0.0   0.6   4.5   00:50    SE
21  14.5  19.3   17:38   9.7   03:14   2.0   0.0   6.4   0.2   3.8   10:51     N
22  12.6  14.0   00:00  11.4   23:34   2.9   0.0  31.8   1.3  10.7   21:23   WNW
23  10.3  11.5   00:21   9.1   07:23   5.2   0.0   6.2   3.3  15.2   09:22   WNW
24  11.1  13.4   17:23   9.0   04:56   4.4   0.0   0.4   0.8   7.6   00:04   WNW
25  13.9  22.2   17:21   8.0   05:14   2.8   0.0   0.0   0.8   8.3   17:30   SSE
----------------------------------------------------------------------------------
    14.4  26.5    12     7.7     5    54.5   0.0  79.7   0.8  15.2    23     WSW

Max >=  27.0:  0
Max <=   0.0:  0
Min <=   0.0:  0
Min <= -18.0:  0
Max Rain: 31.8 on day 22
Days of Rain: 13 (>= 0.2 mm)  8 (>= 2.0 mm)  1 (>= 20.0 mm)
Heat Base: 15.5  Cool Base: 25.0  Method: Integration


Page updated 20/11/2018 17:26:21
© Sandaysoft 2009
powered by Sandy Software Cumulus software v1.9.2 by Steve Loft