NOAA-style Climate Reports for Audley UK

Select a Year or Month report

Report for 2020 May
                   Monthly Climatological Summary for May 2020

Name: Audley   City: Stoke-on-Trent   County: Staffordshire   Country: UK
Elevation: 140 m  Lat: N 53 03' 19"   Lon: W 002 18' 04"

                  Temperature (C), Rain (mm), Wind Speed (mph)

                                      Heat  Cool        Avg
    Mean                              Deg   Deg         Wind                 Dom
Day Temp  High   Time   Low    Time   Days  Days  Rain  Speed High   Time    Dir
----------------------------------------------------------------------------------
 1   8.2  10.9   12:52   5.9   03:26   7.3   0.0   5.8   1.4  12.1   15:48     W
 2   9.3  15.2   17:17   4.8   06:28   6.2   0.0   0.1   0.7   6.9   12:49     W
 3  10.8  16.5   17:43   6.2   04:52   4.7   0.0   0.0   0.1   4.5   17:05     S
 4  11.9  17.9   16:48   7.4   23:49   3.9   0.0   0.0   1.0   9.2   20:59   ESE
 5  10.4  18.1   17:25   5.6   05:42   5.3   0.0   0.0   1.6   8.3   07:00   ESE
 6  10.7  20.9   17:37   3.8   05:24   5.2   0.0   0.0   0.6   6.0   00:06    SE
 7  14.0  23.6   17:20   6.5   05:49   3.0   0.0   0.0   0.1   3.8   07:41   SSE
 8  15.2  22.8   17:48  10.5   05:41   1.7   0.0   0.0   0.3   5.4   13:44   WNW
 9  16.2  25.0   16:53   9.9   05:07   1.8   0.0  14.5   0.2   5.4   20:36    NW
10   8.9  13.1   01:21   3.4   23:29   6.6   0.0   0.1   1.6  11.4   13:32     E
11   5.8  11.0   17:43   0.9   04:42   9.7   0.0   0.0   1.1   9.8   08:47   NNE
12   7.2  11.7   15:12   2.4   05:41   8.3   0.0   0.0   0.5   7.6   10:37   WNW
13   7.4  11.0   15:49   3.5   23:52   8.1   0.0   0.0   0.6   7.6   18:32   ENE
14   7.7  16.2   16:51   1.2   04:51   7.8   0.0   0.0   0.3   6.0   17:20   NNW
15   8.8  13.3   15:15   5.1   05:37   6.7   0.0   0.0   0.4   7.6   12:33     W
16  10.6  15.8   17:42   5.9   01:31   4.9   0.0   0.0   0.5   8.3   12:14     W
17  12.5  17.4   15:39   8.2   04:21   3.2   0.0   0.0   1.2   9.2   16:14   WSW
18  13.3  16.7   15:10   9.0   05:57   2.4   0.0   0.0   1.9  10.7   18:34   WSW
19  16.4  21.6   14:44  12.1   05:33   1.1   0.0   0.0   1.1   7.6   00:42   WSW
20  17.9  29.4   17:21   9.6   05:37   1.6   0.3   0.0   0.0   3.1   10:52   SSW
21  16.9  24.1   17:32  11.8   05:37   0.9   0.0   0.0   0.3   6.9   09:18     W
22  14.9  18.1   14:51  11.2   23:54   1.2   0.0   2.2   3.3  14.5   15:12   WSW
23  12.5  15.5   12:26   9.9   04:24   3.0   0.0   0.3   3.8  15.2   14:18     W
24  14.1  20.3   16:58  11.4   00:00   1.9   0.0   0.0   2.0  13.0   04:28     W
25  14.8  23.4   17:27   6.7   05:36   2.7   0.0   0.0   0.7   7.6   16:34   WSW
26  15.0  19.8   17:42  11.0   01:59   1.6   0.0   0.0   0.2   4.5   10:48   WNW
27  15.8  24.7   17:36   9.1   05:24   2.1   0.0   0.0   0.2   4.5   12:41   NNE
28  17.3  26.4   17:31  10.9   05:36   1.3   0.1   0.0   0.2   3.8   00:52    SE
29  17.8  27.7   17:18  10.7   04:50   1.1   0.1   0.0   0.2   5.4   20:24    SE
30  17.3  27.0   17:32   9.7   05:30   1.4   0.1   0.0   0.5   7.6   23:09    SE
31  17.8  26.4   16:42  10.1   05:05   1.2   0.0   0.0   0.7   6.9   21:11   ESE
----------------------------------------------------------------------------------
    12.8  29.4    20     0.9    11   117.9   0.6  23.0   0.9  15.2    23     WSW

Max >=  27.0:  3
Max <=   0.0:  0
Min <=   0.0:  0
Min <= -18.0:  0
Max Rain: 14.5 on day 9
Days of Rain: 4 (>= 0.2 mm)  3 (>= 2.0 mm)  0 (>= 20.0 mm)
Heat Base: 15.5  Cool Base: 25.0  Method: Integration


Page updated 05/02/2012 13:36
© Sandaysoft 2008 
Cumulus software v1.9.2 by Steve Loft