Select a Year or Month report
Report for 2024 Mar
Monthly Climatological Summary for Mar 2024
Name: Audley City: Stoke-on-Trent County: Staffordshire Country: UK
Elevation: 140 m Lat: N 53° 03' 19" Lon: W 002° 18' 04"
Temperature (°C), Rain (mm), Wind Speed (mph)
Heat Cool Avg
Mean Deg Deg Wind Dom
Day Temp High Time Low Time Days Days Rain Speed High Time Dir
----------------------------------------------------------------------------------
1 3.1 6.9 14:45 1.3 04:47 12.4 0.0 4.1 6.1 23.5 08:10 SSE
2 3.4 6.3 13:06 2.0 23:59 12.1 0.0 3.7 2.4 13.6 14:57 E
3 3.3 8.3 16:06 -0.4 06:48 12.2 0.0 0.1 1.8 10.7 14:44 S
4 4.9 9.7 14:56 0.5 06:00 10.6 0.0 0.5 6.6 21.3 19:17 SE
5 6.7 10.7 16:04 4.5 23:56 8.8 0.0 0.0 2.3 10.7 07:09 SE
6 5.6 10.0 13:01 2.1 06:58 9.9 0.0 0.0 3.9 10.7 08:55 SE
7 5.4 8.1 15:44 3.6 05:36 10.1 0.0 0.0 7.1 19.7 19:08 SE
8 5.5 8.5 13:33 3.7 01:37 10.0 0.0 0.0 7.6 19.7 10:50 SE
9 7.0 10.9 14:21 4.9 00:00 8.5 0.0 0.0 8.4 20.6 18:08 SE
10 6.9 8.5 10:40 5.4 23:47 8.6 0.0 9.8 6.4 19.7 00:02 SE
11 6.2 7.5 16:07 5.3 00:38 9.3 0.0 0.0 1.3 13.0 00:12 NNE
12 9.4 12.9 14:07 5.7 00:41 6.1 0.0 10.3 5.3 17.4 22:16 WSW
13 11.7 13.2 15:21 10.7 05:54 3.8 0.0 0.0 3.4 17.4 20:35 W
14 11.5 13.6 13:12 10.2 04:18 4.0 0.0 0.5 3.4 15.2 00:04 S
15 9.7 14.3 12:59 6.4 23:50 5.8 0.0 2.1 5.8 22.1 18:33 WNW
16 7.1 10.1 11:21 3.3 05:31 8.4 0.0 2.5 3.3 14.5 15:16 SE
17 11.0 14.5 13:52 8.5 23:51 4.5 0.0 10.0 3.9 15.9 15:48 SW
18 9.9 14.0 14:01 5.7 05:47 5.6 0.0 0.0 2.6 13.6 23:52 SW
----------------------------------------------------------------------------------
7.1 14.5 17 -0.4 3 150.7 0.0 43.6 4.5 23.5 1 SSE
Max >= 27.0: 0
Max <= 0.0: 0
Min <= 0.0: 1
Min <= -18.0: 0
Max Rain: 10.3 on day 12
Days of Rain: 9 (>= 0.2 mm) 7 (>= 2.0 mm) 0 (>= 20.0 mm)
Heat Base: 15.5 Cool Base: 25.0 Method: Integration