NOAA-style Climate Reports for Audley UK

Select a Year or Month report

Report for 2020 Jan
                   Monthly Climatological Summary for Jan 2020

Name: Audley   City: Stoke-on-Trent   County: Staffordshire   Country: UK
Elevation: 140 m  Lat: N 53 03' 19"   Lon: W 002 18' 04"

                  Temperature (C), Rain (mm), Wind Speed (mph)

                                      Heat  Cool        Avg
    Mean                              Deg   Deg         Wind                 Dom
Day Temp  High   Time   Low    Time   Days  Days  Rain  Speed High   Time    Dir
----------------------------------------------------------------------------------
 1   5.2   6.6   23:26   3.7   09:18  10.3   0.0   0.0   1.4  10.7   11:14    SE
 2   7.1   9.4   21:11   4.7   07:57   8.4   0.0   0.4   2.7  16.8   15:22   SSE
 3   6.1   9.5   02:44   3.5   20:59   9.4   0.0   1.5   5.5  20.6   14:25   WNW
 4   6.1   8.1   13:38   4.9   00:00   9.4   0.0   0.0   4.7  19.0   04:32     W
 5   7.4   9.2   14:12   4.9   00:00   8.1   0.0   0.0   4.7  19.0   12:46   WSW
 6   6.9   8.3   15:29   5.4   22:42   8.6   0.0   0.1   3.8  23.5   12:28     S
 7   8.9  12.5   17:55   4.9   01:38   6.6   0.0   1.1   6.1  24.4   19:22   SSW
 8   8.5  11.6   00:00   5.6   23:58   7.0   0.0  10.7   3.1  17.4   00:11   WSW
 9   6.4  10.0   06:39   4.0   20:26   9.1   0.0   2.3   5.0  23.5   09:26   WSW
10   5.0   6.8   14:24   3.2   06:47  10.5   0.0   0.1   2.3  15.9   21:13   WSW
11   9.5  11.4   16:50   6.4   00:00   6.0   0.0   4.5   5.2  28.2   07:43    SW
12   6.9   9.0   00:00   4.4   23:59   8.6   0.0   4.9   3.1  27.3   08:38   WSW
13   5.3   7.7   15:58   3.4   05:59  10.2   0.0   8.5   6.2  28.9   17:23     S
14   6.8  12.3   16:28   4.3   04:49   8.7   0.0   5.0   6.6  33.6   16:26    SW
15   6.1   7.5   14:30   5.1   06:00   9.4   0.0   0.0   5.0  24.4   15:28    SW
16   7.4  10.2   18:03   4.7   03:00   8.1   0.0   2.7   6.6  28.9   14:24   SSE
17   5.0   7.5   01:56   2.2   23:23  10.5   0.0   5.3   4.1  22.1   11:20   WSW
18   2.9   6.1   13:57   1.2   08:34  12.6   0.0   2.2   3.4  22.8   01:01     W
19   1.3   3.2   13:36  -0.8   09:32  14.2   0.0   0.1   0.2   4.5   00:13   NNW
----------------------------------------------------------------------------------
     6.3  12.5     7    -0.8    19   175.7   0.0  49.4   4.2  33.6    14      SW

Max >=  27.0:  0
Max <=   0.0:  0
Min <=   0.0:  1
Min <= -18.0:  0
Max Rain: 10.7 on day 8
Days of Rain: 12 (>= 0.2 mm)  9 (>= 2.0 mm)  0 (>= 20.0 mm)
Heat Base: 15.5  Cool Base: 25.0  Method: Integration


Page updated 05/02/2012 13:36
© Sandaysoft 2008 
Cumulus software v1.9.2 by Steve Loft