NOAA-style Climate Reports for Audley UK


Report for 2022 May
                   Monthly Climatological Summary for May 2022

Name: Audley   City: Stoke-on-Trent   County: Staffordshire   Country: UK
Elevation: 140 m  Lat: N 53° 03' 19"   Lon: W 002° 18' 04"

                  Temperature (°C), Rain (mm), Wind Speed (mph)

                                      Heat  Cool        Avg
    Mean                              Deg   Deg         Wind                 Dom
Day Temp  High   Time   Low    Time   Days  Days  Rain  Speed High   Time    Dir
----------------------------------------------------------------------------------
 1  10.2  13.4   16:29   7.2   06:14   5.3   0.0   4.3   1.0   9.8   02:30    SW
 2  11.8  14.0   14:01   9.8   04:59   3.7   0.0   1.2   0.4   6.0   12:31   NNE
 3  10.8  14.2   15:01   7.5   06:05   4.7   0.0   1.4   1.0   8.3   13:13    SE
 4  10.8  12.6   11:25   9.1   23:42   4.7   0.0  10.2   2.2  14.5   14:50     W
 5  12.9  18.6   17:07   8.8   02:40   3.1   0.0   0.0   1.1  11.4   14:16    NW
 6  12.6  15.8   14:26   9.8   05:59   2.9   0.0   9.5   3.0  21.3   16:29   WSW
 7  12.8  17.4   15:40   9.4   05:52   2.9   0.0   0.1   2.1  11.4   20:22   NNE
 8  13.1  21.6   17:43   8.7   05:23   3.1   0.0   0.0   2.0  13.6   05:03    SE
 9  13.8  17.2   13:03   8.8   05:23   2.1   0.0   0.0   2.2  13.6   19:58   SSE
10  14.1  18.2   16:53  11.3   06:48   1.7   0.0   0.0   6.1  23.5   17:30   WSW
11  11.6  15.1   17:14   9.3   23:43   3.9   0.0  11.3   2.1  20.6   17:58     W
12  11.1  15.8   16:14   7.4   06:21   4.4   0.0   0.0   5.1  21.3   15:58   WSW
13  13.2  17.9   17:10  10.0   04:06   2.6   0.0   0.0   6.3  24.4   11:54   WSW
14  15.3  25.3   17:36   9.7   06:10   2.1   0.0   0.0   1.2   8.3   00:34   WSW
15  15.6  22.2   13:59  12.0   01:29   1.2   0.0   2.4   2.6  15.9   13:30   ESE
16  15.5  21.6   16:09  12.4   23:53   1.3   0.0   2.2   2.4  16.8   17:59   SSE
17  16.0  22.2   14:18  11.0   05:50   1.5   0.0   2.9   1.7  15.2   22:19    SE
18  14.6  19.9   16:15   9.4   05:30   2.2   0.0   1.4   1.4  13.0   14:26   SSE
19  14.0  21.4   16:58   9.5   05:13   2.4   0.0   0.0   1.9  14.5   16:25   WSW
20  12.9  15.7   14:27  10.5   05:52   2.6   0.0   0.7   2.6  19.0   17:24   WSW
21  13.6  19.6   16:24   9.2   05:15   2.4   0.0   0.0   3.4  16.8   18:26   WSW
----------------------------------------------------------------------------------
    13.2  25.3    14     7.2     1    60.8   0.0  47.6   2.5  24.4    13     WSW

Max >=  27.0:  0
Max <=   0.0:  0
Min <=   0.0:  0
Min <= -18.0:  0
Max Rain: 11.3 on day 11
Days of Rain: 11 (>= 0.2 mm)  7 (>= 2.0 mm)  0 (>= 20.0 mm)
Heat Base: 15.5  Cool Base: 25.0  Method: Integration


Page updated 20/11/2018 17:26:21
© Sandaysoft 2009
powered by Sandy Software Cumulus software v1.9.2 by Steve Loft