NOAA-style Climate Reports for Audley UK


Report for 2009 Jan
                   Monthly Climatological Summary for Jan 2009

Name: Audley   City: Stoke-on-Trent   County: Staffordshire   Country: UK
Elevation: 140 m  Lat: N 53 03' 19"   Lon: W 002 18' 04"

                  Temperature (C), Rain (mm), Wind Speed (mph)

                                      Heat  Cool        Avg
    Mean                              Deg   Deg         Wind                 Dom
Day Temp  High   Time   Low    Time   Days  Days  Rain  Speed High   Time    Dir
----------------------------------------------------------------------------------
 1  -1.4   0.8   16:28  -3.9   00:08  16.9   0.0   0.0   0.0   3.1   02:57    SW
 2   1.3   4.0   12:46  -1.3   02:57  14.2   0.0   0.0   0.1   6.9   13:35   SSW
 3  -0.1   3.0   13:08  -3.2   21:08  15.6   0.0   0.0   0.0   3.1   21:42     S
 4  -1.3   0.1   14:49  -3.0   19:17  16.8   0.0   0.0   0.2   7.6   06:36     S
 5  -1.2   1.5   14:14  -5.0   23:45  16.7   0.0   0.0   0.1   3.8   11:59    SW
 6  -3.8  -1.8   13:09  -6.0   08:59  19.3   0.0   0.0   0.0   2.2   19:52   ---
 7   0.4   2.1   12:29  -2.1   00:00  15.1   0.0   2.1   0.0   1.6   05:07   ---
 8   1.6   3.0   11:45   0.6   07:29  13.9   0.0   0.9   0.0   3.1   18:39    SW
 9   0.2   2.0   13:11  -3.3   23:53  15.3   0.0   0.0   0.0   2.2   11:42   SSW
10  -1.1   3.0   23:34  -4.0   05:25  16.6   0.0   0.3   0.0   9.2   21:56     W
11   5.6   8.8   13:53   2.4   02:33   9.9   0.0   0.3   0.9  11.4   13:49   WNW
12   7.6   8.7   13:49   6.2   23:26   7.9   0.0  10.8   0.7  10.7   01:45    SE
13   5.3   6.5   11:45   2.3   23:54  10.2   0.0   1.5   0.2   8.3   14:13   WSW
14   1.5   4.9   23:43  -2.5   00:38  14.0   0.0  15.9   0.9   8.3   21:40     S
15   6.4   7.2   12:27   4.9   00:00   9.1   0.0   0.9   1.7  10.7   15:22   SSE
16   6.8   8.2   13:28   5.1   03:06   8.7   0.0   0.6   1.2  11.4   17:47   SSE
17   6.3   8.0   02:30   4.6   22:43   9.2   0.0   9.6   1.3  15.2   19:03     S
18   3.6   5.3   15:08   1.7   08:37  11.9   0.0   0.0   0.8  14.5   14:27   SSW
19   2.6   4.8   11:52   1.1   20:40  12.9   0.0   3.0   1.1  18.3   12:15     S
20   2.2   4.3   14:48   1.0   08:40  13.3   0.0   0.3   0.4   8.3   00:13     S
21   2.9   5.4   23:25   0.6   08:04  12.6   0.0   3.6   0.9  11.4   18:02   SSE
22   5.7   8.4   07:58   3.5   22:03   9.8   0.0   6.6   1.1  14.5   00:00     S
23   3.1   4.8   14:52   1.6   07:22  12.4   0.0   6.0   1.2  22.1   13:06     W
24   2.5   5.1   14:45   0.9   05:20  13.0   0.0   2.1   0.4   8.3   23:37     S
25   5.2   6.8   12:53   3.4   00:00  10.3   0.0   1.2   1.7  10.7   00:08   SSE
26   4.4   6.1   15:23   2.5   23:58  11.1   0.0   0.0   0.4   6.0   00:09   SSW
27   3.6   6.3   22:24   0.7   07:48  11.9   0.0   4.8   0.6   9.2   17:28     S
28   5.4   6.2   00:00   4.0   19:06  10.1   0.0   9.6   0.2   5.4   09:04    NW
29   4.0   5.9   06:57   1.0   23:50  11.5   0.0   0.0   1.9  10.7   23:29     S
30   2.9   4.9   15:56   1.0   00:00  12.6   0.0   2.1   3.3  10.7   07:24     S
31   3.1   6.8   13:06   0.7   21:14  12.4   0.0   0.0   2.8  12.1   15:06     S
----------------------------------------------------------------------------------
     2.8   8.8    11    -6.0     6   395.2   0.0  82.2   0.8  22.1    23       S

Max >=  27.0:  0
Max <=   0.0:  1
Min <=   0.0: 10
Min <= -18.0:  0
Max Rain: 15.9 on day 14
Days of Rain: 20 (>= 0.2 mm)  12 (>= 2.0 mm)  0 (>= 20.0 mm)
Heat Base: 15.5  Cool Base: 25.0  Method: Integration


Page updated 20/11/2018 17:26:21
© Sandaysoft 2009
powered by Sandy Software Cumulus software v1.9.2 by Steve Loft