NOAA-style Climate Reports for Audley UK


Report for 2009 Feb
                   Monthly Climatological Summary for Feb 2009

Name: Audley   City: Stoke-on-Trent   County: Staffordshire   Country: UK
Elevation: 140 m  Lat: N 53 03' 19"   Lon: W 002 18' 04"

                  Temperature (C), Rain (mm), Wind Speed (mph)

                                      Heat  Cool        Avg
    Mean                              Deg   Deg         Wind                 Dom
Day Temp  High   Time   Low    Time   Days  Days  Rain  Speed High   Time    Dir
----------------------------------------------------------------------------------
 1   0.4   3.1   13:19  -1.5   20:08  15.1   0.0   0.0   3.0  19.7   09:39     E
 2  -0.7   0.7   23:59  -1.6   00:05  16.2   0.0   0.0   0.7  12.1   00:59     N
 3   0.0   1.1   16:11  -2.5   08:47  15.5   0.0   2.1   1.8  12.1   13:19     S
 4   1.1   5.0   13:40  -0.3   23:07  14.4   0.0   2.1   0.8   6.0   20:28    SW
 5   0.1   0.7   14:11  -0.8   06:11  15.4   0.0   0.0   0.4   6.0   02:25    NE
 6   0.0   2.5   13:56  -1.6   23:50  15.5   0.0   1.5   0.9   9.2   16:20   WNW
 7   0.3   3.9   13:52  -2.0   01:37  15.2   0.0   1.2   1.0  13.0   13:56   WNW
 8   0.0   2.5   13:15  -1.8   04:10  15.5   0.0   0.0   0.1   6.9   14:39     S
 9   1.1   1.9   13:27   0.0   06:20  14.4   0.0   6.0   0.6   9.8   23:43     E
10   2.0   5.8   13:33   0.5   06:58  13.5   0.0   0.3   2.4  15.9   02:41   WNW
11   1.8   5.0   13:08  -1.2   23:57  13.7   0.0   2.1   0.4  12.1   14:15   WNW
12   0.4   5.4   23:53  -2.5   05:50  15.1   0.0   0.0   0.3  14.5   22:57   WSW
13   3.9   6.4   13:33   1.9   08:58  11.6   0.0   1.5   0.5  12.1   00:22   WNW
14   2.8   4.4   14:51   1.0   05:12  12.7   0.0   0.0   0.1   5.4   12:38     S
15   5.5   6.8   14:58   3.6   00:06  10.0   0.0   0.6   0.9  12.1   16:21     W
16   6.8   9.8   13:10   5.4   06:59   8.7   0.0   0.0   1.3  19.0   13:21     W
17   7.1   8.4   14:19   6.5   01:29   8.4   0.0   0.0   2.7  15.2   06:48     W
18   7.3   8.9   14:19   6.4   06:27   8.2   0.0   0.0   0.7   7.6   15:25   WNW
19   6.4   9.1   14:20   3.8   23:57   9.1   0.0   0.0   0.2   9.8   18:51     W
20   5.1   7.7   13:43   2.9   03:51  10.4   0.0   0.3   0.6   8.3   14:53   WNW
21   6.2   8.6   13:43   4.7   07:25   9.3   0.0   0.0   1.5  17.4   16:16   WNW
22   7.3   8.3   10:04   6.1   00:00   8.2   0.0   0.9   2.6  16.8   10:21   WNW
23   7.3   8.2   11:47   6.5   07:12   8.2   0.0   0.0   2.6  15.9   11:05   WNW
24   7.6   9.3   14:39   6.7   08:09   7.9   0.0   0.0   0.8   5.4   07:30    NW
25   7.5  10.6   13:17   5.3   23:20   8.0   0.0   0.0   0.5  11.4   14:23   WSW
26   6.4   8.7   12:42   4.1   03:42   9.1   0.0   0.3   0.7  12.1   15:31   WSW
27   8.1  10.2   14:38   6.8   23:41   7.4   0.0   0.3   0.5   7.6   09:44   WSW
28   6.9   9.2   14:15   5.7   06:09   8.6   0.0   0.0   0.2   7.6   01:30    SW
----------------------------------------------------------------------------------
     3.9  10.6    25    -2.5     3   325.3   0.0  19.2   1.1  19.7     1       W

Max >=  27.0:  0
Max <=   0.0:  0
Min <=   0.0: 11
Min <= -18.0:  0
Max Rain: 6.0 on day 9
Days of Rain: 13 (>= 0.2 mm)  4 (>= 2.0 mm)  0 (>= 20.0 mm)
Heat Base: 15.5  Cool Base: 25.0  Method: Integration


Page updated 20/11/2018 17:26:21
© Sandaysoft 2009
powered by Sandy Software Cumulus software v1.9.2 by Steve Loft