NOAA-style Climate Reports for Audley UK


Report for 2009 Jul
                   Monthly Climatological Summary for Jul 2009

Name: Audley   City: Stoke-on-Trent   County: Staffordshire   Country: UK
Elevation: 140 m  Lat: N 53 03' 19"   Lon: W 002 18' 04"

                  Temperature (C), Rain (mm), Wind Speed (mph)

                                      Heat  Cool        Avg
    Mean                              Deg   Deg         Wind                 Dom
Day Temp  High   Time   Low    Time   Days  Days  Rain  Speed High   Time    Dir
----------------------------------------------------------------------------------
 1  23.5  30.0   12:35  18.8   05:08   0.0   0.0   2.7   0.2   6.9   17:11   ENE
 2  24.1  31.0   15:55  18.8   06:08   0.0   0.0   0.0   0.6   6.0   13:20     S
 3  18.5  23.4   18:04  15.2   23:51   0.0   0.0   3.0   0.5   5.4   01:01   WSW
 4  18.5  26.7   15:19  12.9   05:15   0.0   0.0   0.0   0.4   9.8   14:35   ESE
 5  18.9  25.9   15:15  15.2   23:47   0.0   0.0   4.2   0.3   8.3   15:08    SE
 6  16.0  21.0   14:21  13.3   23:52   0.0   0.0   0.3   0.5   9.8   16:43   WNW
 7  14.7  19.8   12:56  11.7   04:00   0.8   0.0  14.4   1.4  19.7   16:58   WNW
 8  15.4  21.1   14:09  11.9   23:56   0.1   0.0   3.0   1.5  16.8   15:24   WNW
 9  13.3  18.2   17:56   9.1   05:37   2.2   0.0   0.0   1.5  14.5   13:06   WNW
10  12.1  22.8   15:01   8.0   04:51   3.4   0.0   0.0   0.7   7.6   13:56    NW
11  17.2  24.1   14:44  13.3   05:42   0.0   0.0   5.7   0.3   7.6   23:13    SE
12  16.7  21.6   17:28  12.5   23:52   0.0   0.0   1.8   0.8  11.4   16:28     W
13  12.6  23.3   14:16  10.8   05:36   2.9   0.0   5.4   0.4   6.9   15:56   ESE
14  15.0  23.5   14:14  10.7   05:03   0.5   0.0   2.7   0.3   7.6   19:00   ESE
15  16.6  22.0   18:32  13.0   01:33   0.0   0.0   5.7   0.6   9.8   11:37     W
16  15.7  22.7   11:45  11.7   04:42   0.0   0.0   6.6   0.3   6.0   12:16   NNW
17  13.8  15.5   14:15  13.1   00:00   1.7   0.0   9.3   1.8  17.4   15:00   WNW
18  14.3  18.7   16:50  12.4   23:49   1.2   0.0   1.8   1.6  13.6   00:13   WNW
19  14.6  19.6   14:38  11.0   23:47   0.9   0.0  22.2   0.3   8.3   11:38     W
20  15.4  21.3   14:29   9.9   05:57   0.1   0.0   0.0   0.5   7.6   11:58     W
21  12.8  18.4   15:05  11.7   02:25   2.7   0.0  11.7   0.6   5.4   09:04   SSE
22  14.5  19.4   14:59  12.5   01:51   1.0   0.0   8.4   0.7   8.3   16:09   SSW
23  18.8  24.3   13:09  13.4   22:49   0.5   0.0   1.5   0.7   7.6   09:54     W
24  12.7  24.3   13:09  11.8   23:42   2.8   0.0  14.4   0.4   8.3   22:08   WNW
25  15.7  22.5   16:04  10.0   05:24   0.0   0.0   0.0   0.2   6.9   13:13   WNW
26  13.9  17.1   13:46  12.0   23:10   1.6   0.0  11.7   0.4   9.8   10:18   ESE
27  15.1  20.9   13:54  11.4   23:56   0.4   0.0   2.7   0.7  12.1   12:56     W
28  14.1  18.6   14:27  10.8   05:07   1.4   0.0   3.9   0.6  13.0   18:03   ESE
29  13.2  16.0   15:54  12.4   23:59   2.3   0.0  13.5   0.5   9.8   00:32    SE
30  12.4  17.6   18:09   9.4   05:44   3.1   0.0   9.0   0.5   6.0   13:29     W
31  14.5  21.6   14:19   8.5   05:54   1.0   0.0   0.6   0.4   9.8   20:23    SE
----------------------------------------------------------------------------------
    15.6  31.0     2     8.0    10    30.6   0.0 166.2   0.6  19.7     7       W

Max >=  27.0:  2
Max <=   0.0:  0
Min <=   0.0:  0
Min <= -18.0:  0
Max Rain: 22.2 on day 19
Days of Rain: 25 (>= 0.2 mm)  20 (>= 2.0 mm)  1 (>= 20.0 mm)
Heat Base: 15.5  Cool Base: 25.0  Method: Integration


Page updated 20/11/2018 17:26:21
© Sandaysoft 2009
powered by Sandy Software Cumulus software v1.9.2 by Steve Loft