NOAA-style Climate Reports for Audley UK


Report for 2009 Aug
                   Monthly Climatological Summary for Aug 2009

Name: Audley   City: Stoke-on-Trent   County: Staffordshire   Country: UK
Elevation: 140 m  Lat: N 53 03' 19"   Lon: W 002 18' 04"

                  Temperature (C), Rain (mm), Wind Speed (mph)

                                      Heat  Cool        Avg
    Mean                              Deg   Deg         Wind                 Dom
Day Temp  High   Time   Low    Time   Days  Days  Rain  Speed High   Time    Dir
----------------------------------------------------------------------------------
 1  14.3  17.6   18:00  11.9   02:55   1.2   0.0   4.8   0.5   5.4   01:32   SSW
 2  12.2  20.5   17:05   9.9   06:55   3.3   0.0   0.3   0.4   5.4   10:35   WNW
 3  13.3  21.2   13:05  11.5   02:55   2.2   0.0   0.3   0.5   6.9   14:55    SE
 4  15.7  22.6   18:10  15.5   00:45   0.0   0.0   3.3   0.7   8.3   06:50    SE
 5  17.7  25.4   14:10  15.3   05:50   0.0   0.0   0.0   0.1   4.5   14:20   WSW
 6  15.8  23.8   12:15  11.9   05:55   0.0   0.0   0.0   0.3   7.6   15:15    NW
 7  15.3  24.3   14:05  12.0   06:00   0.2   0.0   0.0   0.5   8.3   11:15    NW
 8  13.3  25.0   15:35   9.8   06:05   2.2   0.0   0.0   0.0   1.6   12:00   ---
 9  13.8  27.2   15:00  11.4   05:50   1.7   0.0   0.0   0.1   5.4   16:15     W
10  16.2  20.0   14:05  14.4   08:05   0.0   0.0   5.1   0.6  10.7   18:15    NW
11  15.6  28.5   15:00  14.9   05:05   0.0   0.0   0.0   0.8   9.8   11:05   WNW
12  17.2  21.4   15:30  14.9   23:50   0.0   0.0  10.8   0.5   8.3   16:55   WNW
13  14.9  22.4   16:00  11.2   05:30   0.6   0.0   0.0   0.6   9.8   15:25    NW
14  12.2  23.0   12:10  10.8   03:25   3.3   0.0   0.0   0.2   6.0   15:10     W
15  17.1  25.0   14:45  15.8   23:59   0.0   0.0   0.6   1.0   9.8   16:00     W
16  17.3  22.8   14:59  12.1   05:55   0.0   0.0   0.0   0.4   9.2   11:01     W
17  15.0  21.8   16:04  12.8   23:53   0.5   0.0   0.6   0.5   6.0   09:59     W
18  15.2  22.9   17:30  12.2   01:15   0.3   0.0   0.0   0.2   4.5   12:30   SSE
19  20.3  25.2   17:50  14.2   06:05   0.0   0.0   0.0   0.5   7.6   18:49    SE
20  15.1  23.0   14:54  13.1   23:55   0.4   0.0   1.2   0.9  12.1   06:24    SW
21  13.3  20.1   15:00  10.8   05:05   2.2   0.0   2.7   0.5   6.9   18:16     W
22  18.8  25.1   14:54  10.6   04:40   0.0   0.0   0.0   0.2   6.9   18:42    SW
23  17.5  22.4   12:49  13.9   04:22   0.0   0.0   0.0   0.5   9.2   12:09    SE
24  17.1  17.3   00:00  11.3   22:50   0.0   0.0   3.6   0.1   3.8   00:10   ENE
25  11.5  20.3   15:35  10.2   04:55   4.0   0.0   1.5   0.2   4.5   07:15   WSW
26  11.8  18.8   15:15  11.5   02:15   3.7   0.0   4.5   0.7   6.9   10:45   SSE
27  15.4  22.9   15:05  12.9   23:55   0.1   0.0   0.0   0.4   9.8   19:35     W
28  12.1  17.9   14:15   9.9   05:45   3.4   0.0   4.2   1.0  13.6   18:32     W
29  12.9  19.0   15:17   7.6   06:27   2.6   0.0   0.0   0.9  11.4   13:33     W
30  14.5  17.3   12:33  10.7   06:58   1.0   0.0   0.9   0.4   6.9   13:05    SE
31  18.3  22.4   12:42  14.2   23:56   0.0   0.0   1.2   0.6   9.2   13:23   ESE
----------------------------------------------------------------------------------
    15.2  28.5    11     7.6    29    32.9   0.0  45.6   0.5  13.6    28     WSW

Max >=  27.0:  2
Max <=   0.0:  0
Min <=   0.0:  0
Min <= -18.0:  0
Max Rain: 10.8 on day 12
Days of Rain: 16 (>= 0.2 mm)  8 (>= 2.0 mm)  0 (>= 20.0 mm)
Heat Base: 15.5  Cool Base: 25.0  Method: Integration


Page updated 20/11/2018 17:26:21
© Sandaysoft 2009
powered by Sandy Software Cumulus software v1.9.2 by Steve Loft