NOAA-style Climate Reports for Audley UK


Report for 2009 Nov
                   Monthly Climatological Summary for Nov 2009

Name: Audley   City: Stoke-on-Trent   County: Staffordshire   Country: UK
Elevation: 140 m  Lat: N 53 03' 19"   Lon: W 002 18' 04"

                  Temperature (C), Rain (mm), Wind Speed (mph)

                                      Heat  Cool        Avg
    Mean                              Deg   Deg         Wind                 Dom
Day Temp  High   Time   Low    Time   Days  Days  Rain  Speed High   Time    Dir
----------------------------------------------------------------------------------
 1  11.6  14.7   11:28   6.4   23:50   3.9   0.0  19.2   5.3  28.2   14:45    SW
 2   6.3  12.9   13:20   5.3   07:20   9.2   0.0   1.2   3.3  14.5   12:25    SW
 3   7.3  13.3   12:55   5.1   22:06   8.2   0.0   9.6   3.3  16.8   12:02   WSW
 4   5.5  12.1   12:41   5.0   07:21  10.0   0.0   4.8   3.3  13.6   13:06   WSW
 5   7.2  10.8   13:06   5.7   02:56   8.3   0.0  12.9   3.0  16.8   10:46   WNW
 6   6.1   9.2   12:46   4.7   05:21   9.4   0.0   4.8   1.8  11.4   18:33    SW
 7   5.5   9.4   13:09   2.6   06:26  10.0   0.0   0.9   2.8  14.5   16:46   SSW
 8   5.8   9.2   14:42   3.5   02:39   9.7   0.0   0.6   1.5   8.3   10:55     N
 9   4.4   6.4   14:00   1.6   07:29  11.1   0.0   0.3   0.7   8.3   23:41   SSE
10   5.0   7.5   14:20   4.4   00:00  10.5   0.0   3.6   0.9   8.3   00:31    SE
11   7.1   8.2   13:13   6.3   08:38   8.4   0.0   1.2   3.9  19.7   19:03    SE
12   7.4  11.6   15:23   6.1   06:48   8.1   0.0   3.3   3.2  15.9   16:08   SSE
13  11.2  12.9   22:10   6.6   07:51   4.3   0.0  11.4   3.9  25.9   21:41    SE
14   9.2  12.4   00:00   5.3   23:00   6.3   0.0   3.6   5.7  22.8   16:17     S
15   7.9  12.9   13:12   5.3   00:29   7.6   0.0   0.3   3.1  13.6   12:58   SSE
16   7.1  11.0   11:12   6.8   00:52   8.4   0.0   9.0   6.5  25.1   11:27   SSW
17   8.6  11.2   12:27   5.5   07:52   6.9   0.0   0.9   5.2  20.6   02:37   WSW
18   9.2  12.4   15:12   8.4   11:22   6.3   0.0   7.8   5.9  23.5   08:02   WSW
19  10.7  14.4   12:03  10.7   00:03   4.8   0.0   0.3   4.6  20.6   12:03    SW
20   7.0  13.0   01:03   6.4   21:33   8.5   0.0   0.9   3.7  18.3   01:33    SW
21  10.1  13.5   12:39   6.2   03:05   5.4   0.0   5.7   5.6  22.8   15:22    SE
22   7.4   8.7   20:48   5.7   06:54   8.1   0.0   5.7   4.5  25.1   14:45    SW
23   8.0   9.3   11:48   7.0   03:18   7.5   0.0  15.3   4.8  20.6   18:43     W
24   7.3  13.0   13:23   7.0   00:18   8.2   0.0   4.8   4.9  27.3   22:43   WSW
25   9.6   9.6   00:03   5.5   06:43   5.9   0.0   3.0   6.4  24.4   11:08   WSW
26   6.7   7.6   13:28   3.0   23:38   8.8   0.0   2.7   5.0  19.0   02:03   WSW
27   4.3   7.8   13:12   2.4   02:23  11.2   0.0   0.3   2.8  13.0   11:37   WSW
28   3.4   4.4   13:04   2.3   22:23  12.1   0.0   8.4   3.5  22.1   23:51    SE
29   5.0   7.5   12:06   3.0   00:00  10.5   0.0   2.1   7.3  29.8   01:45     E
30   4.4   4.7   00:02  -1.4   23:52  11.1   0.0   0.9   5.5  25.9   05:19   NNW
----------------------------------------------------------------------------------
     7.2  14.7     1    -1.4    30   248.7   0.0 145.5   4.1  29.8    29      SW

Max >=  27.0:  0
Max <=   0.0:  0
Min <=   0.0:  1
Min <= -18.0:  0
Max Rain: 19.2 on day 1
Days of Rain: 30 (>= 0.2 mm)  19 (>= 2.0 mm)  0 (>= 20.0 mm)
Heat Base: 15.5  Cool Base: 25.0  Method: Integration


Page updated 20/11/2018 17:26:21
© Sandaysoft 2009
powered by Sandy Software Cumulus software v1.9.2 by Steve Loft