NOAA-style Climate Reports for Audley UK


Report for 2009 Dec
                   Monthly Climatological Summary for Dec 2009

Name: Audley   City: Stoke-on-Trent   County: Staffordshire   Country: UK
Elevation: 140 m  Lat: N 53 03' 19"   Lon: W 002 18' 04"

                  Temperature (C), Rain (mm), Wind Speed (mph)

                                      Heat  Cool        Avg
    Mean                              Deg   Deg         Wind                 Dom
Day Temp  High   Time   Low    Time   Days  Days  Rain  Speed High   Time    Dir
----------------------------------------------------------------------------------
 1   3.5   4.5   23:56  -1.6   00:07  12.0   0.0   4.2   3.9  18.3   23:18    SE
 2   4.9   7.4   13:23   4.4   00:00  10.6   0.0   0.9   4.0  12.1   00:11    SE
 3   6.8   6.8   00:03   2.4   21:13   8.7   0.0   6.9   4.4  24.4   10:46   WNW
 4   5.1   5.5   13:43   1.5   06:43  10.4   0.0   0.6   3.2  14.5   22:01   SSW
 5   7.6  10.8   23:42   5.4   00:00   7.9   0.0   5.4   4.2  21.3   21:21   SSE
 6  10.2  11.5   03:20   5.6   23:53   5.3   0.0   5.1   4.5  17.4   00:11    SW
 7   5.8   9.5   13:07   3.8   20:57   9.7   0.0   7.2   4.8  20.6   14:37     S
 8   4.6   9.6   21:32   4.0   02:22  10.9   0.0   1.5   3.4  15.9   18:07     S
 9   8.8   9.5   12:47   6.6   08:32   6.7   0.0   4.8   2.5  11.4   06:42     S
10   8.4   8.4   00:02   3.5   23:27   7.1   0.0   0.6   2.2  11.4   00:57     W
11   3.4   4.6   23:50   1.8   03:24  12.1   0.0   0.0   2.1   9.8   04:54    SE
12   3.5   6.3   12:35   1.1   23:45  12.0   0.0   0.3   1.8  12.1   12:25   ENE
13   2.9   4.6   16:50   0.1   05:55  12.6   0.0   0.3   1.4   9.8   16:47     N
14   2.3   5.3   23:18   2.2   00:35  13.2   0.0   4.2   1.5  11.4   14:38    NW
15   2.8   5.5   02:13   2.4   23:36  12.7   0.0   0.9   1.9   9.8   06:48   ESE
16   2.4   4.9   13:23   2.2   03:03  13.1   0.0   2.1   2.0  13.6   13:33    NW
17   3.3   3.3   00:03  -2.2   23:48  12.2   0.0   0.0   3.5  16.8   22:33     N
18  -3.7   0.2   13:43  -4.9   23:29  19.2   0.0   0.0   4.2  15.2   02:48   NNW
19  -2.1   1.7   20:13  -5.7   03:23  17.6   0.0   0.3   2.1  19.0   22:43     W
20  -1.4   1.9   15:00  -5.0   04:32  16.9   0.0   0.0   3.2  17.4   14:13     W
21  -1.0   1.3   13:21  -3.0   22:15  16.5   0.0   0.0   2.5  12.1   06:09   SSE
22  -1.0   2.6   14:51  -3.7   06:20  16.5   0.0   0.0   2.9  12.1   20:57    SW
23  -0.1   0.8   19:08  -1.7   08:43  15.6   0.0   0.0   2.8  11.4   00:38   SSE
24   0.8   1.8   12:33   0.4   17:32  14.7   0.0   3.6   1.9   8.3   09:58    SE
25   1.3   3.5   23:11   0.1   02:52  14.2   0.0   0.3   2.1  14.5   20:21   SSW
26   3.8   5.3   13:08   2.6   06:01  11.7   0.0   0.6   2.3  15.2   20:42     S
27   2.8   4.4   12:35   0.9   23:01  12.7   0.0   7.5   4.1  32.0   13:27     W
28   0.5   3.0   14:09  -1.5   07:36  15.0   0.0   0.3   2.5  13.0   22:35    SE
29   2.0   3.1   11:26   0.6   00:00  13.5   0.0   5.1   8.5  23.5   15:28   ESE
30   2.5   3.2   11:23   1.4   01:09  13.0   0.0   2.4  12.9  37.4   15:56     E
31   0.5   2.7   00:00  -2.9   23:52  15.0   0.0   0.0   3.7  25.1   02:15   ENE
----------------------------------------------------------------------------------
     2.9  11.5     6    -5.7    19   389.3   0.0  65.1   3.4  37.4    30     SSE

Max >=  27.0:  0
Max <=   0.0:  0
Min <=   0.0: 10
Min <= -18.0:  0
Max Rain: 7.5 on day 27
Days of Rain: 23 (>= 0.2 mm)  12 (>= 2.0 mm)  0 (>= 20.0 mm)
Heat Base: 15.5  Cool Base: 25.0  Method: Integration


Page updated 20/11/2018 17:26:21
© Sandaysoft 2009
powered by Sandy Software Cumulus software v1.9.2 by Steve Loft