NOAA-style Climate Reports for Audley UK


Report for 2010 Apr
                   Monthly Climatological Summary for Apr 2010

Name: Audley   City: Stoke-on-Trent   County: Staffordshire   Country: UK
Elevation: 140 m  Lat: N 53 03' 19"   Lon: W 002 18' 04"

                  Temperature (C), Rain (mm), Wind Speed (mph)

                                      Heat  Cool        Avg
    Mean                              Deg   Deg         Wind                 Dom
Day Temp  High   Time   Low    Time   Days  Days  Rain  Speed High   Time    Dir
----------------------------------------------------------------------------------
 1   3.9   8.5   11:25   0.7   00:00  11.6   0.0   5.7   4.9  20.6   03:50     W
 2   5.4   8.7   13:05   2.9   03:34  10.1   0.0   3.9   4.1  20.6   14:08    SE
 3   6.8  12.1   12:36   3.4   07:27   8.7   0.0   0.9   1.5   8.3   11:55     S
 4   6.1  11.1   14:30   3.6   22:58   9.4   0.0   0.6   5.1  23.5   10:06   WNW
 5   8.3  12.6   14:55   3.7   00:00   7.2   0.0   1.2   4.7  23.5   11:27   SSW
 6   9.1  14.6   18:19   7.0   07:54   6.4   0.0   0.0   4.7  15.9   10:34   SSE
 7   9.0  12.7   15:16   3.9   23:56   6.5   0.0   0.6   4.4  19.7   18:51    NW
 8   3.9  17.2   15:06   2.7   07:01  11.6   0.0   0.0   2.6  14.5   11:36    NW
 9  11.9  18.4   14:51   5.0   03:36   3.6   0.0   0.0   1.1   6.0   13:31   SSW
10  13.4  20.6   12:10   7.1   07:15   2.1   0.0   0.0   1.9  12.1   23:38    SE
11  10.9  17.3   14:55   5.9   23:59   4.6   0.0   0.0   5.1  19.7   16:46   ESE
12   5.3  13.7   06:22   4.4   02:10  10.2   0.0   0.6   2.3  13.0   23:44   NNW
13  10.1  15.5   23:59   2.7   18:14   5.4   0.0   0.0   4.0  19.7   06:04    NW
14  15.5  17.2   02:19   5.0   14:49   0.0   0.0   0.0   2.1  14.5   01:04    NW
15  16.6  18.4   02:04   7.2   20:59   0.0   0.0   0.0   3.1  13.0   17:34     E
16   9.4  16.4   14:29   2.8   04:39   6.1   0.0   0.0   1.6  11.4   18:57     N
17  11.3  21.0   14:33   3.4   06:35   4.2   0.0   0.0   1.8  15.2   18:53   WNW
18  10.2  16.6   13:47   4.4   04:38   5.3   0.0   0.0   2.0  13.0   17:27     N
19   7.9  11.8   16:37   3.6   23:52   7.6   0.0   0.0   3.6  15.2   01:21   ESE
20   3.6  10.9   16:07   3.0   23:57  11.9   0.0   0.0   7.8  25.1   17:57    NW
21   3.0  14.0   14:32   2.9   00:02  12.5   0.0   0.0   4.3  15.2   16:12   NNW
22   3.4  17.2   14:22   2.6   01:02  12.1   0.0   0.0   2.3  12.1   16:32    NW
23  11.8  20.0   14:59   2.9   04:57   3.7   0.0   0.0   1.4   9.8   11:54   WSW
24  13.2  20.2   18:10   5.9   06:22   2.3   0.0   0.0   2.5  13.6   14:04    SE
25  13.7  20.9   12:59   9.7   05:33   1.8   0.0   0.9   2.8  11.4   11:39   SSW
26   9.8  17.4   13:49   8.8   23:59   5.7   0.0   0.0   2.8  13.0   14:54   WNW
27  12.9  20.7   16:54   6.4   05:24   2.6   0.0   0.0   1.5   9.8   14:29   SSE
28  11.2  18.9   14:09  10.3   05:34   4.3   0.0   0.0   2.2  11.4   14:19   SSE
29  14.1  16.8   10:19   8.3   23:44   1.4   0.0   3.6   2.0  10.7   18:44   WNW
30   9.0  16.3   12:26   6.8   03:14   6.5   0.0   8.7   1.8   9.8   13:06   WSW
----------------------------------------------------------------------------------
     9.4  21.0    17     0.7     1   185.4   0.0  26.7   3.0  25.1    20       W

Max >=  27.0:  0
Max <=   0.0:  0
Min <=   0.0:  0
Min <= -18.0:  0
Max Rain: 8.7 on day 30
Days of Rain: 10 (>= 0.2 mm)  4 (>= 2.0 mm)  0 (>= 20.0 mm)
Heat Base: 15.5  Cool Base: 25.0  Method: Integration


Page updated 20/11/2018 17:26:21
© Sandaysoft 2009
powered by Sandy Software Cumulus software v1.9.2 by Steve Loft