NOAA-style Climate Reports for Audley UK


Report for 2010 Jun
                   Monthly Climatological Summary for Jun 2010

Name: Audley   City: Stoke-on-Trent   County: Staffordshire   Country: UK
Elevation: 140 m  Lat: N 53 03' 19"   Lon: W 002 18' 04"

                  Temperature (C), Rain (mm), Wind Speed (mph)

                                      Heat  Cool        Avg
    Mean                              Deg   Deg         Wind                 Dom
Day Temp  High   Time   Low    Time   Days  Days  Rain  Speed High   Time    Dir
----------------------------------------------------------------------------------
 1  12.1  14.2   18:42  10.7   05:05   3.4   0.0   3.9   0.3   6.9   09:08    SE
 2  15.8  24.4   16:02  10.3   02:09   0.0   0.0   0.0   0.5   7.6   13:37    NW
 3  18.4  26.2   15:25  11.7   05:27   0.0   0.0   0.0   1.0  13.6   22:57    SE
 4  18.8  27.5   15:44  10.5   05:17   0.0   0.0   0.0   0.9  10.7   00:59    SE
 5  19.0  26.1   13:13  12.8   05:42   0.0   0.0   0.0   0.6  12.1   18:32   WNW
 6  14.8  20.8   14:13  12.8   23:52   0.7   0.0  12.0   2.0  15.9   14:34    NW
 7  15.0  19.8   11:03  12.0   05:15   0.5   0.0   1.2   0.7   9.8   00:00     W
 8  13.8  18.2   15:03  11.6   05:13   1.7   0.0   9.3   1.3   8.3   09:48   ESE
 9  14.6  18.8   15:28  12.2   02:28   0.9   0.0   0.6   2.3  13.6   18:37     E
10  13.2  15.2   14:47   9.9   23:46   2.3   0.0   0.0   2.7  15.2   11:38   NNE
11  13.6  21.0   15:50   8.8   01:23   1.9   0.0   0.0   2.5  16.8   20:45    NW
12  15.6  22.9   15:37  10.4   23:59   0.0   0.0   0.0   2.6  17.4   02:14    NW
13  13.5  21.7   12:26  10.1   05:47   2.0   0.0  13.2   0.7  10.7   16:09    NW
14  13.0  15.8   16:33  10.4   23:58   2.5   0.0   0.0   2.5  13.6   13:03   ENE
15  13.8  21.7   15:28   6.2   05:28   1.7   0.0   0.0   1.3   9.8   15:48    NE
16  16.7  25.9   15:43   8.8   05:13   0.0   0.0   0.0   0.9   9.2   15:08    NE
17  17.5  25.8   16:23   9.4   05:13   0.0   0.0   0.0   1.1   9.2   17:58    NE
18  14.0  18.2   11:15  10.4   23:31   1.5   0.0   1.2   0.8   9.8   08:13   NNE
19  12.9  18.3   14:39   9.7   00:58   2.6   0.0   0.0   2.2  16.8   15:50   NNW
20  14.8  24.4   15:28   6.4   05:29   0.7   0.0   0.0   1.7  14.5   16:13    NW
21  18.6  28.2   16:09   9.7   04:44   0.0   0.0   0.0   0.8  10.7   15:16    NW
22  19.3  28.6   15:03  11.6   05:06   0.0   0.0   0.0   0.8  10.7   17:28   WNW
23  18.6  26.7   14:53  11.5   05:09   0.0   0.0   0.0   0.8  10.7   16:43     W
24  17.8  24.5   16:48  12.8   23:59   0.0   0.0   1.8   1.4  15.2   13:57   WNW
25  18.2  27.2   16:17  10.6   05:42   0.0   0.0   0.0   0.7   8.3   15:07   ENE
26  21.2  29.0   16:35  14.1   03:51   0.0   0.0   0.0   0.8   8.3   14:12   SSE
27  21.1  29.6   15:54  15.4   05:21   0.0   0.0   0.0   1.0  13.0   17:58     W
28  19.4  28.8   15:24  12.3   04:53   0.0   0.0   0.6   0.9  13.6   20:19     W
29  19.3  27.3   14:57  14.3   23:44   0.0   0.0   0.3   2.1  17.4   09:53   WNW
30  19.5  28.1   14:13  12.5   06:14   0.0   0.0   0.0   0.4   7.6   13:14   WSW
----------------------------------------------------------------------------------
    16.5  29.6    27     6.2    15    22.4   0.0  44.1   1.3  17.4    12     NNW

Max >=  27.0:  9
Max <=   0.0:  0
Min <=   0.0:  0
Min <= -18.0:  0
Max Rain: 13.2 on day 13
Days of Rain: 10 (>= 0.2 mm)  4 (>= 2.0 mm)  0 (>= 20.0 mm)
Heat Base: 15.5  Cool Base: 25.0  Method: Integration


Page updated 20/11/2018 17:26:21
© Sandaysoft 2009
powered by Sandy Software Cumulus software v1.9.2 by Steve Loft