NOAA-style Climate Reports for Audley UK


Report for 2010 Aug
                   Monthly Climatological Summary for Aug 2010

Name: Audley   City: Stoke-on-Trent   County: Staffordshire   Country: UK
Elevation: 140 m  Lat: N 53 03' 19"   Lon: W 002 18' 04"

                  Temperature (C), Rain (mm), Wind Speed (mph)

                                      Heat  Cool        Avg
    Mean                              Deg   Deg         Wind                 Dom
Day Temp  High   Time   Low    Time   Days  Days  Rain  Speed High   Time    Dir
----------------------------------------------------------------------------------
 1  16.4  20.7   13:48  13.7   22:14   0.0   0.0   0.0   1.6  15.2   13:38   WNW
 2  16.0  22.1   15:57  11.7   23:59   0.0   0.0   0.0   1.8  13.6   18:07   WNW
 3  15.7  23.8   14:54   9.7   04:46   0.0   0.0   0.0   0.9  11.4   14:49   WNW
 4  14.2  17.8   14:57  12.5   06:21   1.3   0.0   9.3   2.8  23.5   17:18   WNW
 5  14.5  19.1   13:54  11.3   01:34   1.0   0.0   0.0   3.0  15.9   10:31   WNW
 6  15.0  20.1   14:15  11.8   02:26   0.5   0.0   0.6   0.8  13.6   11:13   SSW
 7  16.5  22.4   15:21  14.0   05:35   0.0   0.0   2.1   1.6  18.3   17:27   WNW
 8  16.5  20.6   14:16  13.7   23:56   0.0   0.0   0.0   1.0   9.2   01:42   WNW
 9  16.0  20.9   15:11  10.8   03:03   0.0   0.0   0.0   0.6  13.0   16:08   WSW
10  15.7  22.6   14:40  11.4   05:51   0.0   0.0   0.0   1.6  16.8   18:20   WNW
11  15.0  20.6   12:02   9.9   06:05   0.5   0.0   0.0   2.4  18.3   16:20   WNW
12  14.4  19.5   14:53  12.6   20:13   1.1   0.0  17.7   3.4  25.9   16:27   WNW
13  13.5  15.9   15:04  12.2   23:53   2.0   0.0   4.8   2.6  15.2   14:27    NW
14  14.6  19.5   14:38  11.6   06:13   0.9   0.0   7.2   2.7  19.7   15:13    NE
15  17.2  24.3   15:36  11.8   05:29   0.0   0.0   0.0   1.2  12.1   17:15   NNW
16  17.1  25.4   13:56  11.9   03:17   0.0   0.0   0.3   1.9  18.3   11:38    NW
17  15.4  20.5   15:42  11.7   23:50   0.1   0.0   3.3   1.7  15.9   16:33   WNW
18  14.8  20.8   15:09  10.2   02:05   0.7   0.0   0.6   1.1  15.2   15:05     W
19  15.2  21.5   12:37  12.0   06:08   0.3   0.0   6.0   0.8  17.4   23:05   SSE
20  18.5  22.8   16:10  14.6   00:00   0.0   0.0   1.2   1.2  13.6   03:41   SSE
21  17.4  23.3   12:04  13.0   23:53   0.0   0.0   3.0   0.5   9.8   09:39     W
22  16.9  24.3   16:03  11.6   07:02   0.0   0.0   0.3   0.5  10.7   14:39     W
23  14.0  16.6   14:34   9.9   23:45   1.5   0.0   8.4   1.9  19.0   19:18   WNW
24  12.6  17.5   15:56   9.0   04:53   2.9   0.0   0.9   2.5  21.3   15:54   WNW
25  13.3  16.8   14:23  10.2   06:38   2.2   0.0   2.4   0.5  10.7   00:59    SE
26  12.5  14.2   14:29  11.3   21:22   3.0   0.0   3.3   3.2  19.0   10:50     E
27  13.4  21.3   15:19   7.7   06:58   2.1   0.0   0.0   1.6  15.2   17:15    NW
28  13.1  19.3   14:49   9.0   06:31   2.4   0.0   5.4   3.4  24.4   16:00   WNW
29  12.7  18.0   14:48   9.1   23:58   2.8   0.0   3.3   4.7  28.9   13:32   WNW
30  12.1  21.5   14:19   5.8   06:23   3.4   0.0   0.0   1.1  11.4   10:49   NNW
31  13.9  23.6   14:50   7.7   06:16   1.6   0.0   0.0   0.5   8.3   13:55     W
----------------------------------------------------------------------------------
    15.0  25.4    16     5.8    30    30.3   0.0  80.1   1.8  28.9    29     WNW

Max >=  27.0:  0
Max <=   0.0:  0
Min <=   0.0:  0
Min <= -18.0:  0
Max Rain: 17.7 on day 12
Days of Rain: 19 (>= 0.2 mm)  13 (>= 2.0 mm)  0 (>= 20.0 mm)
Heat Base: 15.5  Cool Base: 25.0  Method: Integration


Page updated 20/11/2018 17:26:21
© Sandaysoft 2009
powered by Sandy Software Cumulus software v1.9.2 by Steve Loft