NOAA-style Climate Reports for Audley UK


Report for 2011 Feb
                   Monthly Climatological Summary for Feb 2011

Name: Audley   City: Stoke-on-Trent   County: Staffordshire   Country: UK
Elevation: 140 m  Lat: N 53 03' 19"   Lon: W 002 18' 04"

                  Temperature (C), Rain (mm), Wind Speed (mph)

                                      Heat  Cool        Avg
    Mean                              Deg   Deg         Wind                 Dom
Day Temp  High   Time   Low    Time   Days  Days  Rain  Speed High   Time    Dir
----------------------------------------------------------------------------------
 1   5.3   9.9   12:48   0.5   00:00  10.2   0.0   2.2  10.0  11.4   07:58   WSW
 2   7.0  10.5   15:33   3.1   01:28   8.5   0.0   0.0   6.6  19.7   15:18   WSW
 3   6.3  10.0   13:43   2.8   05:48   9.2   0.0   0.0   6.4  27.3   21:28   WSW
 4  11.0  12.3   22:08   9.1   00:03   4.5   0.0   0.1   9.9  29.8   13:03   WSW
 5  11.5  12.1   00:06  10.8   16:10   4.0   0.0   1.9   8.2  28.2   01:54   WSW
 6  10.5  12.0   12:27   9.4   18:54   5.0   0.0   0.3   9.1  28.9   13:47   WSW
 7   7.9  12.0   11:05   2.7   23:44   7.6   0.0   0.1   6.8  37.4   10:59   WSW
 8   4.0  11.7   13:34   0.4   06:27  11.5   0.0   1.2   2.8  13.0   23:32   SSE
 9   7.4  11.0   13:17   4.2   00:23   8.1   0.0   0.0   4.8  19.7   17:12    SE
10   7.4  11.0   13:17   4.2   00:23   8.1   0.0   0.0   3.8  19.7   17:12   ESE
11   7.4  11.0   13:17   4.2   00:23   8.1   0.0   0.0  ----  19.7   17:12   ---
12   7.4  11.0   13:17   4.2   00:23   8.1   0.0   0.0  ----  19.7   17:12   ---
13   7.4  11.0   13:17   4.2   00:23   8.1   0.0   0.0  ----  19.7   17:12   ---
14   7.4  11.0   13:17   4.2   00:23   8.1   0.0   0.0  ----  19.7   17:12   ---
15   7.4  11.0   13:17   4.2   00:23   8.1   0.0  11.5  ----  19.7   17:12   ---
16   7.4  11.0   13:17   4.2   00:23   8.1   0.0  11.5  ----  19.7   17:12   ---
17   7.4  11.0   13:17   4.2   00:23   8.1   0.0   5.0  ----  19.7   17:12   ---
18   7.4  11.0   13:17   4.2   00:23   8.1   0.0   0.0  ----  19.7   17:12   ---
19   7.4  11.0   13:17   4.2   00:23   8.1   0.0   0.0  ----  19.7   17:12   ---
20   7.4  11.0   13:17   4.2   00:23   8.1   0.0   0.0  ----  19.7   17:12   ---
21   7.4  11.0   13:17   4.2   00:23   8.1   0.0  11.0  ----  19.7   17:12   ---
22   7.4   9.1   15:00   5.4   20:51   8.1   0.0   0.2   2.6  15.2   20:00   SSE
23   8.5  12.0   14:38   5.7   00:01   7.0   0.0   3.8   3.8  15.2   15:04   SSW
24   9.5  13.3   13:37   7.9   00:32   6.0   0.0   0.0   3.9  13.6   11:57   WSW
25  10.1  12.3   11:32   7.7   02:22   5.4   0.0   5.0   3.0  15.2   10:12    SW
26   6.4   8.6   00:02   3.7   23:57   9.1   0.0  10.4   5.8  25.9   11:17    NW
27   4.6   7.1   15:02   2.3   07:17  10.9   0.0   1.4   4.4  22.1   15:17    NW
28   3.3   6.7   12:42   1.5   03:37  12.2   0.0   0.0   2.2  14.5   12:27   NNE
----------------------------------------------------------------------------------
     7.5  13.3    24     0.4     8   224.5   0.0  65.6   5.6  37.4     7     WSW

Max >=  27.0:  0
Max <=   0.0:  0
Min <=   0.0:  0
Min <= -18.0:  0
Max Rain: 11.5 on day 15
Days of Rain: 13 (>= 0.2 mm)  8 (>= 2.0 mm)  0 (>= 20.0 mm)
Heat Base: 15.5  Cool Base: 25.0  Method: Integration


Page updated 20/11/2018 17:26:21
© Sandaysoft 2009
powered by Sandy Software Cumulus software v1.9.2 by Steve Loft