NOAA-style Climate Reports for Audley UK


Report for 2011 Mar
                   Monthly Climatological Summary for Mar 2011

Name: Audley   City: Stoke-on-Trent   County: Staffordshire   Country: UK
Elevation: 140 m  Lat: N 53 03' 19"   Lon: W 002 18' 04"

                  Temperature (C), Rain (mm), Wind Speed (mph)

                                      Heat  Cool        Avg
    Mean                              Deg   Deg         Wind                 Dom
Day Temp  High   Time   Low    Time   Days  Days  Rain  Speed High   Time    Dir
----------------------------------------------------------------------------------
 1   4.3  10.3   13:43   1.3   07:38  11.2   0.0   0.0   2.1  11.4   12:58   ENE
 2   3.3   9.9   14:03   0.6   23:23  12.2   0.0   0.0   2.5  10.7   07:13   ESE
 3   2.2   8.9   13:58  -1.5   05:18  13.3   0.0   0.0   2.8   9.8   19:33   ESE
 4   2.8   5.2   14:18   0.5   23:18  12.7   0.0   0.0   1.4   9.8   00:53   ESE
 5   3.4   6.4   14:43   0.0   02:43  12.1   0.0   0.1   2.8  16.8   21:23     E
 6   3.2   8.4   13:49   0.1   23:59  12.3   0.0   0.0   3.3  13.0   09:19    SE
 7   3.0  11.7   13:34  -0.8   02:19  12.5   0.0   0.0   1.6   7.6   04:34   SSE
 8   4.4  11.8   13:39  -0.5   06:19  11.1   0.0   0.0   3.8  19.0   20:13    SW
 9   6.6   8.4   10:29   4.4   05:09   8.9   0.0   2.3   6.3  27.3   08:41     W
10   7.8  11.7   12:48   3.6   23:54   7.7   0.0   1.4   6.4  25.9   14:48     W
11   6.1   9.3   15:17   2.1   05:17   9.4   0.0   0.1   4.4  22.1   16:34   WSW
12   8.3  12.1   13:02   6.2   01:46   7.2   0.0   0.4   2.7  13.0   11:23   SSE
13   6.1  13.2   13:54   1.8   23:36   9.4   0.0   4.1   2.3  15.2   06:18     W
14   5.8  13.4   13:18   0.6   03:26   9.7   0.0   0.0   4.1  15.2   22:13    SE
15   7.3   9.5   16:15   5.3   03:06   8.2   0.0   0.0   4.9  18.3   02:23    SE
16   7.0   9.3   14:13   5.4   06:07   8.5   0.0   0.0   1.9   8.3   14:18    NE
17   6.2   9.7   11:42   2.5   23:57   9.3   0.0   0.0   3.2  18.3   14:49    NW
18   5.2  12.7   13:32   1.8   04:06  10.3   0.0   0.0   1.7  15.2   15:14    NW
19   6.5  13.0   13:35   1.0   04:47   9.0   0.0   0.0   1.5  11.4   15:29    SW
20   8.6  12.7   13:17   5.4   06:35   6.9   0.0   0.0   2.5  13.6   03:27   WSW
21  10.4  15.0   13:43   6.8   06:46   5.1   0.0   0.0   2.0   9.8   11:51     W
22   9.8  17.7   13:36   5.0   05:32   5.7   0.0   0.0   1.6  13.6   15:20   NNW
23  11.1  18.1   11:04   5.3   04:16   4.4   0.0   0.0   1.0   8.3   13:54   NNE
24  11.9  19.5   13:54   5.8   06:33   3.6   0.0   0.0   1.6   8.3   11:21    SE
25  10.9  19.6   13:22   5.6   22:59   4.6   0.0   0.0   2.2  12.1   17:02    NW
26   6.7   9.8   14:58   4.5   05:15   8.8   0.0   0.0   5.3  21.3   16:20   ESE
27   7.1  11.3   15:47   4.3   06:13   8.4   0.0   0.0   3.4  17.4   00:25    SE
28   8.1  15.7   14:30   3.2   03:00   7.4   0.0   0.0   1.3   9.8   14:12   SSE
29  10.5  17.5   14:11   5.8   07:24   5.0   0.0   0.0   2.0  11.4   14:29   SSE
30   9.9  12.0   17:43   8.4   23:35   5.6   0.0   2.3   2.3  10.7   12:21   SSW
31  11.8  17.1   14:33   8.3   01:59   3.7   0.0   4.4   5.5  28.2   13:11   WSW
----------------------------------------------------------------------------------
     7.0  19.6    25    -1.5     3   264.2   0.0  15.1   2.9  28.2    31       S

Max >=  27.0:  0
Max <=   0.0:  0
Min <=   0.0:  4
Min <= -18.0:  0
Max Rain: 4.4 on day 31
Days of Rain: 6 (>= 0.2 mm)  4 (>= 2.0 mm)  0 (>= 20.0 mm)
Heat Base: 15.5  Cool Base: 25.0  Method: Integration


Page updated 20/11/2018 17:26:21
© Sandaysoft 2009
powered by Sandy Software Cumulus software v1.9.2 by Steve Loft