NOAA-style Climate Reports for Audley UK


Report for 2011 May
                   Monthly Climatological Summary for May 2011

Name: Audley   City: Stoke-on-Trent   County: Staffordshire   Country: UK
Elevation: 140 m  Lat: N 53 03' 19"   Lon: W 002 18' 04"

                  Temperature (C), Rain (mm), Wind Speed (mph)

                                      Heat  Cool        Avg
    Mean                              Deg   Deg         Wind                 Dom
Day Temp  High   Time   Low    Time   Days  Days  Rain  Speed High   Time    Dir
----------------------------------------------------------------------------------
 1  13.7  23.1   14:16   7.2   05:34   1.8   0.0   0.0   9.0  32.0   17:34   ESE
 2  11.4  20.0   15:01   6.0   23:56   4.1   0.0   0.0   6.8  24.4   08:58   ESE
 3  10.9  22.1   15:45   3.5   05:48   4.6   0.0   0.0   4.5  16.8   00:20    SE
 4  12.0  23.6   15:36   3.4   05:59   3.5   0.0   0.0   2.5  13.0   00:08   SSE
 5  12.9  22.2   14:12   7.8   06:09   2.6   0.0   3.5   1.5  13.0   10:04   SSE
 6  16.2  25.3   14:43  10.2   06:16   0.0   0.0   1.7   0.7  19.7   22:04    SE
 7  15.3  20.8   15:29  12.1   04:53   0.2   0.0  13.5   1.6  14.5   14:27    SE
 8  15.5  23.9   15:38  11.5   23:59   0.0   0.0   3.0   1.5  13.6   08:06    SE
 9  12.6  20.8   13:57   8.9   05:12   2.9   0.0   9.3   1.3  15.2   13:53    SE
10  13.3  18.7   14:25   8.8   01:35   2.2   0.0   2.6   0.9  13.0   12:50     S
11  14.1  21.2   14:37  10.7   23:54   1.4   0.0   0.0   1.3  16.8   16:10     W
12  11.3  13.9   12:57   9.1   22:07   4.2   0.0   1.7   1.8  16.8   17:59     W
13  11.0  17.3   13:22   6.8   23:52   4.5   0.0   0.1   1.1  17.4   18:12     W
14   9.0  14.2   14:22   4.9   04:56   6.5   0.0   0.4   3.7  26.6   16:34   WNW
15  10.5  14.3   13:22   7.6   06:54   5.0   0.0   1.5   3.4  18.3   10:10   WNW
16  13.2  18.7   15:38  11.0   04:52   2.3   0.0   0.3   3.0  24.4   15:15   WNW
17  13.9  17.0   14:59  11.6   00:00   1.6   0.0   0.1   1.6  15.2   04:32     W
18  12.9  16.5   16:17   9.2   23:59   2.6   0.0   2.7   1.7  17.4   17:34     W
19  12.4  20.6   14:11   6.7   05:42   3.1   0.0   0.0   0.9   9.8   09:00     W
20  13.0  19.8   17:03   8.4   05:19   2.5   0.0   0.0   1.3  19.7   17:20     W
21  13.8  20.6   14:36   7.3   05:43   1.7   0.0   0.0   1.1  14.5   18:42   SSE
22  12.4  18.7   15:34   7.8   05:22   3.1   0.0   1.9   2.9  26.6   15:25     W
23  11.7  18.1   16:51   8.9   23:19   3.8   0.0   0.8   2.3  25.9   19:11     W
24  11.6  17.7   16:26   6.2   05:55   3.9   0.0   0.0   3.3  21.3   16:07   WNW
25  12.5  18.7   17:17   6.8   05:52   3.0   0.0   0.0   1.1  13.6   22:20   SSE
26  11.1  13.7   11:08   8.8   23:38   4.4   0.0   4.4   3.4  27.3   14:39   WNW
27  10.8  16.3   17:07   8.6   06:52   4.7   0.0   1.4   3.3  16.8   06:28   WNW
28  13.3  19.6   14:31  10.1   02:37   2.2   0.0   1.7   3.0  22.1   14:33     W
29  14.0  18.0   17:45  11.7   00:45   1.5   0.0   0.0   2.2  21.3   14:00     W
30  10.9  13.5   17:13   7.6   23:57   4.6   0.0   8.7   0.6  10.7   09:41    NW
31  11.7  19.6   14:13   6.7   05:21   3.8   0.0   0.4   1.9  16.8   17:08   WNW
----------------------------------------------------------------------------------
    12.5  25.3     6     3.4     4    92.3   0.0  59.7   2.4  32.0     1     WSW

Max >=  27.0:  0
Max <=   0.0:  0
Min <=   0.0:  0
Min <= -18.0:  0
Max Rain: 13.5 on day 7
Days of Rain: 18 (>= 0.2 mm)  8 (>= 2.0 mm)  0 (>= 20.0 mm)
Heat Base: 15.5  Cool Base: 25.0  Method: Integration


Page updated 20/11/2018 17:26:21
© Sandaysoft 2009
powered by Sandy Software Cumulus software v1.9.2 by Steve Loft