NOAA-style Climate Reports for Audley UK


Report for 2011 Sep
                   Monthly Climatological Summary for Sep 2011

Name: Audley   City: Stoke-on-Trent   County: Staffordshire   Country: UK
Elevation: 140 m  Lat: N 53 03' 19"   Lon: W 002 18' 04"

                  Temperature (C), Rain (mm), Wind Speed (mph)

                                      Heat  Cool        Avg
    Mean                              Deg   Deg         Wind                 Dom
Day Temp  High   Time   Low    Time   Days  Days  Rain  Speed High   Time    Dir
----------------------------------------------------------------------------------
 1  14.4  18.6   18:27   9.6   06:34   3.9   0.0   0.1   0.4  10.7   15:46    SE
 2  15.9  20.6   16:56  11.6   05:16   2.8   0.4   0.1   1.1  16.8   13:47   WSW
 3  16.7  20.6   14:07  14.2   04:47   1.9   0.3   0.1   0.8  12.1   13:31     S
 4  14.9  18.7   16:23  10.6   23:56   3.4   0.0   0.0   0.6  13.0   04:00     W
 5  12.3  16.3   16:22   9.7   02:57   6.0   0.0   3.1   2.1  24.4   12:43     W
 6  13.8  16.0   09:31  10.9   22:00   4.5   0.0   1.4   2.9  23.5   23:21     W
 7  13.1  16.3   12:02  10.8   23:08   5.2   0.0   1.7   3.2  23.5   00:02     W
 8  14.6  19.3   16:16  10.8   00:00   3.8   0.1   0.1   1.6  18.3   15:27     W
 9  16.6  20.6   16:19  12.6   01:25   2.0   0.4   1.4   1.0  14.5   12:49   WSW
10  18.4  22.5   14:17  13.4   23:59   0.9   1.0   0.2   1.5  15.9   13:31     S
11  14.4  17.7   16:24  11.7   07:21   3.9   0.0   0.8   1.9  19.0   19:44    SW
12  15.2  17.4   13:35  12.4   00:40   3.1   0.0   1.4   3.7  22.1   08:43   WSW
13  13.3  16.7   14:19  10.5   22:43   5.0   0.0   0.0   3.6  25.1   11:41     W
14  12.6  16.1   14:01  10.0   23:49   5.7   0.0   0.0   2.6  17.4   02:42     W
15  12.4  16.7   16:37   8.7   06:23   5.9   0.0   0.0   0.3   7.6   23:06   ESE
16  13.6  17.6   16:44  11.0   04:28   4.7   0.0   0.0   1.2  15.9   17:19   SSE
17  11.9  14.9   13:45   8.0   23:45   6.4   0.0   4.9   1.5  18.3   13:45     W
18  11.1  15.0   15:10   7.7   00:35   7.2   0.0   0.1   1.6  18.3   17:28   WNW
19  13.2  15.5   12:41   9.9   05:45   5.1   0.0   0.1   1.7  12.1   00:11     W
20  13.3  15.1   00:07  10.9   23:56   5.0   0.0   8.0   1.3  13.0   00:06     W
21  11.9  15.6   14:12   8.5   06:04   6.4   0.0   0.5   2.3  18.3   17:04   WSW
22  11.9  15.9   16:47   7.8   06:23   6.4   0.0   0.1   2.0  15.9   02:52     W
23  12.8  17.2   15:57   9.2   07:19   5.5   0.0   0.0   0.9  11.4   14:43    SW
24  13.6  17.4   13:43  10.3   07:17   4.7   0.0   0.0   0.8   9.8   08:45   SSE
25  14.6  17.4   16:33  12.4   04:30   3.7   0.0   0.8   1.2  15.9   16:40   SSE
26  13.4  16.5   15:19  10.7   08:20   4.9   0.0   0.4   0.8  13.6   00:36   WSW
27  18.1  24.4   15:26  14.2   06:48   1.6   1.4   0.0   0.7  13.0   13:57    SE
28  17.4  22.4   14:52  13.6   07:02   1.8   0.9   0.0   1.3   8.3   08:32    SE
29  16.4  22.7   17:02  15.2   00:00   2.3   0.4   0.0   0.6   4.5   17:37    SE
30  18.6  24.3   14:52  14.2   06:57   1.2   1.5   0.0   0.9   9.8   15:47    SE
----------------------------------------------------------------------------------
    14.3  24.4    27     7.7    18   124.9   6.4  25.3   1.5  25.1    13     WSW

Max >=  27.0:  0
Max <=   0.0:  0
Min <=   0.0:  0
Min <= -18.0:  0
Max Rain: 8.0 on day 20
Days of Rain: 12 (>= 0.2 mm)  3 (>= 2.0 mm)  0 (>= 20.0 mm)
Heat Base: 15.5  Cool Base: 25.0  Method: Integration


Page updated 20/11/2018 17:26:21
© Sandaysoft 2009
powered by Sandy Software Cumulus software v1.9.2 by Steve Loft