NOAA-style Climate Reports for Audley UK


Report for 2011 Nov
                   Monthly Climatological Summary for Nov 2011

Name: Audley   City: Stoke-on-Trent   County: Staffordshire   Country: UK
Elevation: 140 m  Lat: N 53 03' 19"   Lon: W 002 18' 04"

                  Temperature (C), Rain (mm), Wind Speed (mph)

                                      Heat  Cool        Avg
    Mean                              Deg   Deg         Wind                 Dom
Day Temp  High   Time   Low    Time   Days  Days  Rain  Speed High   Time    Dir
----------------------------------------------------------------------------------
 1   9.9  12.5   00:00   7.4   23:38   8.4   0.0   5.4   1.2   9.8   07:53    SW
 2  10.5  13.2   14:06   7.1   02:11   7.8   0.0   0.1   2.7  18.3   17:53    SE
 3  12.9  14.4   14:07  10.9   23:18   5.4   0.0   4.0   1.8  14.5   10:42    SE
 4  11.8  14.2   13:07  10.4   21:25   6.5   0.0   6.8   0.5  11.4   12:29   SSW
 5   9.4  11.4   13:28   6.0   23:19   8.9   0.0   0.4   2.3  16.8   14:49   NNW
 6   5.1   9.2   14:29   2.7   23:50  13.2   0.0   0.0   1.0  10.7   13:37     N
 7   5.1   9.2   23:10   0.9   06:00  13.2   0.0   0.1   1.3   9.2   21:00   ENE
 8   9.3  10.0   12:30   8.5   19:45   9.0   0.0   0.8   1.6  10.7   15:20    SE
 9  10.5  12.3   14:55   8.5   03:10   7.8   0.0   0.0   2.4   9.8   13:10    SE
10  11.0  12.2   14:05   9.8   20:15   7.2   0.0   0.9   3.2  13.6   23:51    SE
11   9.8  10.6   22:40   9.2   06:30   8.5   0.0   8.9   4.8  16.8   00:09    SE
12  10.3  11.9   15:00   9.0   02:14   8.0   0.0   0.2   1.2  10.7   11:25   SSE
13  11.4  12.8   13:03   8.1   23:57   6.9   0.0   0.0   0.0   0.0   00:00     E
14   8.0   9.6   12:48   5.7   03:35  10.3   0.0   0.0   0.0   0.7   02:41     E
15   7.9  10.0   12:48   6.3   19:47  10.4   0.0   0.0   0.0   0.7   07:21     E
16   5.8   7.3   00:05   4.7   04:15  12.5   0.0   0.0   0.0   2.2   17:50   NNE
17   8.7  10.6   13:17   6.9   08:33   9.6   0.0   0.0   0.0   6.0   20:57     E
18  11.3  13.2   13:49   9.3   23:59   7.0   0.0   0.0   0.0   0.7   11:45     E
19   7.5   8.9   10:00   6.9   08:00  10.9   0.0   0.0   0.1   3.8   16:05   NNE
20   7.8  12.0   13:10   4.7   13:00  10.8   0.0   0.4   0.0   2.2   12:55     N
21   8.3   9.1   11:56   7.4   03:36  10.0   0.0   0.4   0.0   1.6   04:24     E
22   7.8  10.1   11:46   2.8   23:50  10.5   0.0   0.4   0.0   0.0   00:00     E
23   7.4  10.6   18:39   2.9   00:00  10.9   0.0   0.0   0.0   0.0   00:00     E
24  10.9  12.8   23:23   9.8   09:57   7.4   0.0   0.1   0.0   0.0   00:00     E
25   7.3  11.6   00:00   5.3   21:04  11.0   0.0   2.9   0.0   0.0   00:00     E
26  10.1  12.3   22:12   5.6   01:43   8.1   0.0   0.1   3.8  25.9   12:42   WSW
27   8.9  12.7   00:36   4.1   23:28   9.4   0.0   0.0   6.4  32.7   07:05     W
28   7.0  11.9   23:56   4.0   00:22  11.3   0.0   0.0   3.0  18.3   20:15   SSE
29   9.1  12.5   12:25   4.3   22:09   9.3   0.0   7.1   4.0  25.1   14:29    SW
30   7.2   9.7   13:55   5.0   00:00  11.1   0.0   0.1   3.6  19.7   23:57   SSW
----------------------------------------------------------------------------------
     8.9  14.4     3     0.9     7   281.3   0.0  39.1   1.5  32.7    27       S

Max >=  27.0:  0
Max <=   0.0:  0
Min <=   0.0:  0
Min <= -18.0:  0
Max Rain: 8.9 on day 11
Days of Rain: 13 (>= 0.2 mm)  6 (>= 2.0 mm)  0 (>= 20.0 mm)
Heat Base: 15.5  Cool Base: 25.0  Method: Integration


Page updated 20/11/2018 17:26:21
© Sandaysoft 2009
powered by Sandy Software Cumulus software v1.9.2 by Steve Loft