NOAA-style Climate Reports for Audley UK


Report for 2012 Sep
                   Monthly Climatological Summary for Sep 2012

Name: Audley   City: Stoke-on-Trent   County: Staffordshire   Country: UK
Elevation: 140 m  Lat: N 53 03' 19"   Lon: W 002 18' 04"

                  Temperature (C), Rain (mm), Wind Speed (mph)

                                      Heat  Cool        Avg
    Mean                              Deg   Deg         Wind                 Dom
Day Temp  High   Time   Low    Time   Days  Days  Rain  Speed High   Time    Dir
----------------------------------------------------------------------------------
 1  15.4  20.2   17:59  12.0   00:04   1.2   0.0   0.0   0.9  11.4   19:04     W
 2  15.6  19.6   15:49  12.1   23:55   0.7   0.0   0.0   0.9   7.6   10:34     W
 3  15.1  20.8   18:05  12.3   00:03   1.7   0.0   0.0   0.3  10.7   13:20     W
 4  14.9  18.1   13:41  11.0   23:53   1.2   0.0   0.1   1.7  19.0   13:25   WNW
 5  13.1  17.5   18:08   9.0   06:13   2.7   0.0   0.0   1.4  17.4   11:12   WNW
 6  13.5  20.2   18:19   8.1   06:45   2.9   0.0   0.0   0.9  13.6   13:02   WSW
 7  15.8  20.6   15:20  11.6   00:58   1.3   0.0   0.0   0.7   9.2   10:45     W
 8  15.2  19.9   16:37  11.2   06:57   1.4   0.0   0.0   0.3   6.0   13:12    SE
 9  15.5  21.1   14:40   9.9   07:12   1.7   0.0   0.0   0.8  13.0   10:20   SSW
10  16.1  19.0   12:54  11.9   23:57   0.3   0.0   5.5   0.8  13.6   23:16   WSW
11  11.0  13.6   15:54   7.9   23:46   4.5   0.0   0.5   2.7  21.3   11:31   WNW
12  10.4  15.4   12:37   6.6   03:02   5.1   0.0   4.3   1.4  24.4   16:10     W
13  11.3  16.3   18:24   6.0   04:23   4.2   0.0   0.0   1.2  12.1   12:14   WSW
14  13.9  15.2   10:52  11.2   23:54   1.6   0.0   0.2   4.7  28.2   11:30   WNW
15  12.9  17.5   15:39   9.5   04:33   2.7   0.0   0.0   1.8  13.0   10:38     W
16  14.0  17.2   14:13  11.0   23:49   1.8   0.0   1.4   1.3  14.5   21:28   WSW
17  11.4  15.3   13:03   7.4   06:44   4.1   0.0   1.3   1.0  12.1   12:06   WSW
18   9.2  12.0   15:19   7.0   23:27   6.3   0.0   4.6   2.8  21.3   15:17     W
19   9.0  13.0   15:54   6.5   01:34   6.5   0.0   3.3   2.6  19.7   15:01     W
20  11.1  14.8   13:48   8.2   00:02   4.4   0.0   5.9   0.6  13.6   14:43   WSW
21  10.0  11.2   11:12   6.4   23:33   5.5   0.0   5.1   0.6   8.3   16:41   NNW
22   7.0  11.2   14:51   3.7   07:28   8.6   0.0   0.1   0.2   6.0   13:07   WNW
23   8.0  11.7   13:39   5.5   04:36   7.5   0.0   6.1   1.5  19.0   23:07   ESE
24  10.1  11.6   15:20   8.1   00:00   5.4   0.0  32.2   3.6  23.5   05:07   ESE
25   9.2  10.4   15:55   8.8   04:39   6.3   0.0  16.4   1.3  13.6   00:20    SW
26  10.2  12.9   13:12   8.8   00:01   5.3   0.0   8.8   1.3  17.4   17:26     E
27   9.2  12.5   15:36   6.2   07:12   6.3   0.0   1.1   0.9  15.9   14:15   WNW
28  10.3  13.8   15:23   7.0   01:34   5.2   0.0   3.6   1.6  16.8   14:34     W
29   9.1  12.5   14:18   6.0   07:17   6.4   0.0   0.1   2.6  22.1   13:00     W
30  11.8  14.8   14:50   7.2   00:00   3.7   0.0   6.1   0.9  14.5   15:58    SW
----------------------------------------------------------------------------------
    12.0  21.1     9     3.7    22   116.5   0.0 106.7   1.4  28.2    14       W

Max >=  27.0:  0
Max <=   0.0:  0
Min <=   0.0:  0
Min <= -18.0:  0
Max Rain: 32.2 on day 24
Days of Rain: 17 (>= 0.2 mm)  12 (>= 2.0 mm)  1 (>= 20.0 mm)
Heat Base: 15.5  Cool Base: 25.0  Method: Integration


Page updated 20/11/2018 17:26:21
© Sandaysoft 2009
powered by Sandy Software Cumulus software v1.9.2 by Steve Loft