NOAA-style Climate Reports for Audley UK


Report for 2012 Oct
                   Monthly Climatological Summary for Oct 2012

Name: Audley   City: Stoke-on-Trent   County: Staffordshire   Country: UK
Elevation: 140 m  Lat: N 53 03' 19"   Lon: W 002 18' 04"

                  Temperature (C), Rain (mm), Wind Speed (mph)

                                      Heat  Cool        Avg
    Mean                              Deg   Deg         Wind                 Dom
Day Temp  High   Time   Low    Time   Days  Days  Rain  Speed High   Time    Dir
----------------------------------------------------------------------------------
 1  11.5  13.8   13:19   9.8   23:56   4.0   0.0   2.5   0.7  10.7   11:37    SW
 2  10.5  13.5   11:41   8.2   01:19   5.0   0.0  10.0   0.7  11.4   11:51     S
 3   8.9  12.5   15:46   6.0   06:34   6.6   0.0   0.1   1.3  14.5   13:44   WSW
 4   8.5  12.8   13:45   5.4   04:17   7.0   0.0   2.2   0.4   9.2   12:04   WSW
 5   9.3  10.7   12:45   8.3   21:25   6.2   0.0   3.5   0.9  10.7   15:45     W
 6   8.6  12.7   14:50   5.2   07:15   6.9   0.0   1.6   0.8   9.2   10:35   WNW
 7   7.6  10.7   14:33   5.6   03:49   7.9   0.0   0.0   0.2   6.9   12:31    NW
 8   9.3  13.0   15:17   6.0   00:21   6.2   0.0   0.5   0.2   8.3   22:03    SE
 9   7.0  10.7   15:45   3.7   07:32   8.5   0.0   0.0   0.3   9.2   09:54    SE
10   9.1  11.5   15:22   6.7   00:00   6.4   0.0   0.0   0.3   9.2   09:09   SSE
11  10.4  12.2   16:31   7.7   06:09   5.1   0.0  16.9   1.1  13.0   13:43   SSE
12   8.9  11.6   00:00   5.2   21:47   6.7   0.0   5.8   4.0  25.1   03:49   WNW
13   6.3   9.6   14:42   4.2   04:45   9.2   0.0   1.2   0.3  13.0   14:58   WNW
14   5.1   9.5   16:38   2.1   07:27  10.4   0.0   0.0   0.4  10.7   13:40   WNW
15   7.3  10.2   14:51   4.5   00:18   8.2   0.0   1.2   0.3   8.3   12:44    SW
16   8.4  11.1   15:31   6.2   22:31   7.1   0.0   3.3   3.2  25.1   11:18     W
17   9.5  12.8   14:28   6.0   01:30   6.0   0.0   7.5   1.3  16.8   05:30    SE
18  10.2  12.5   14:55   8.6   07:25   5.3   0.0   3.5   0.8  14.5   10:01    SE
19   9.2  11.6   15:32   7.1   07:41   6.3   0.0   0.1   0.1   5.4   08:16    SE
20   9.3  12.8   14:35   6.5   06:14   6.2   0.0   0.0   0.2   8.3   13:19   SSW
21   8.9  11.7   15:32   6.3   05:47   6.6   0.0   0.0   0.8  11.4   23:53   ESE
22  11.2  12.4   15:13   9.9   00:00   4.3   0.0   0.6   0.9  12.1   06:31     E
23  12.4  14.2   15:49  11.2   06:07   3.1   0.0   0.0   0.1   8.3   23:19   ENE
24  12.4  13.5   15:16  10.7   23:58   3.1   0.0   0.0   3.0  17.4   11:34     E
25   9.5  10.7   00:00   7.0   23:53   6.0   0.0   0.0   3.3  19.0   19:55     E
26   4.8   7.0   00:00   0.4   23:55  10.7   0.0   0.0   3.0  16.8   02:06    NE
27   2.3   7.2   14:16  -1.6   05:42  13.2   0.0   0.0   2.3  20.6   13:24    NW
28   6.3   9.1   12:19   2.6   00:00   9.6   0.0   2.9   2.0  13.6   13:56   WSW
29   7.3  10.1   12:17   5.0   06:52   8.2   0.0   1.2   1.2  11.4   00:24     W
30   6.4   9.1   14:12   3.1   05:21   9.1   0.0   0.1   1.6  15.9   13:28   WSW
31   7.2  10.4   14:00   5.1   23:47   8.3   0.0   7.6   2.1  17.4   12:46   SSE
----------------------------------------------------------------------------------
     8.5  14.2    23    -1.6    27   217.4   0.0  72.3   1.2  25.1    12      SW

Max >=  27.0:  0
Max <=   0.0:  0
Min <=   0.0:  1
Min <= -18.0:  0
Max Rain: 16.9 on day 11
Days of Rain: 17 (>= 0.2 mm)  11 (>= 2.0 mm)  0 (>= 20.0 mm)
Heat Base: 15.5  Cool Base: 25.0  Method: Integration


Page updated 20/11/2018 17:26:21
© Sandaysoft 2009
powered by Sandy Software Cumulus software v1.9.2 by Steve Loft