NOAA-style Climate Reports for Audley UK


Report for 2013 Feb
                   Monthly Climatological Summary for Feb 2013

Name: Audley   City: Stoke-on-Trent   County: Staffordshire   Country: UK
Elevation: 140 m  Lat: N 53 03' 19"   Lon: W 002 18' 04"

                  Temperature (C), Rain (mm), Wind Speed (mph)

                                      Heat  Cool        Avg
    Mean                              Deg   Deg         Wind                 Dom
Day Temp  High   Time   Low    Time   Days  Days  Rain  Speed High   Time    Dir
----------------------------------------------------------------------------------
 1   4.9   7.1   14:36   3.0   23:46  10.6   0.0   3.6   2.9  19.7   22:56     W
 2   1.5   4.1   13:44  -0.5   22:16  14.0   0.0   0.0   3.7  19.7   12:35    NW
 3   5.9   9.7   13:45   0.5   00:00   9.6   0.0   0.2   4.1  20.6   13:51     W
 4   6.8   9.8   03:18   2.1   23:47   8.7   0.0   0.7   9.6  38.7   22:08     W
 5   2.4   5.5   21:57   0.3   04:27  13.1   0.0   5.1   7.6  31.1   23:53     W
 6   3.1   5.1   00:00   1.1   20:48  12.4   0.0   1.3   7.8  33.6   02:21   NNW
 7   1.4   2.6   11:53  -0.1   04:00  14.1   0.0   2.5   2.4  13.0   01:58   WNW
 8   2.8   5.8   13:42   1.2   03:24  12.7   0.0   0.2   2.6  18.3   15:52    NW
 9   2.4   4.0   12:52   0.7   05:46  13.1   0.0   6.0   1.5   9.8   20:37    SE
10   2.0   3.6   14:02   0.4   23:40  13.5   0.0  16.0   7.6  21.3   22:06    SE
11   0.8   2.0   12:54   0.1   06:14  14.7   0.0   0.4   6.3  22.1   08:43   ESE
12   0.6   1.8   12:23  -0.3   07:30  14.9   0.0   0.0   2.7  13.0   03:18   ESE
13   0.4   2.7   23:50  -0.7   04:42  15.1   0.0   4.3   5.5  24.4   18:56    SE
14   5.8   8.3   13:20   2.7   00:00   9.7   0.0  10.3   3.4  22.8   15:38     W
15   4.8   8.7   15:06   2.7   07:56  10.6   0.0   0.0   2.3  15.2   13:59   WNW
16   4.4   7.6   14:05   1.8   07:56  11.1   0.0   0.0   1.2   6.9   14:52    SE
17   3.9   7.7   13:13   0.9   06:46  11.6   0.0   0.0   3.4  15.9   13:06    SE
18   3.1   6.4   15:18   1.3   00:09  12.4   0.0   0.0   4.8  15.9   01:47    SE
19   2.6   7.2   15:31  -0.6   07:23  12.9   0.0   0.1   1.9  13.6   23:36    SE
20   1.9   3.1   08:10  -0.6   23:45  13.6   0.0   0.0   6.2  18.3   23:20    SE
21   0.4   2.6   13:44  -0.7   00:13  15.1   0.0   0.0   6.9  23.5   12:24    SE
22   0.2   1.3   14:11  -0.6   23:08  15.3   0.0   0.0   4.0  17.4   02:54   ESE
23   0.0   2.0   15:40  -1.9   07:42  15.5   0.0   0.0   1.3   9.8   14:51     N
24   0.9   3.2   14:05  -0.9   02:26  14.6   0.0   0.0   1.7  12.1   15:00     N
25   2.7   5.3   13:56  -0.5   00:53  12.8   0.0   0.0   3.1  17.4   23:16   NNE
26   3.3   4.8   14:26   2.3   23:01  12.2   0.0   0.0   3.4  15.9   01:36     E
27   3.5   6.8   15:15   1.1   23:53  12.0   0.0   0.0   2.3  12.1   15:27     E
28   3.6   9.4   15:06  -1.4   07:21  11.9   0.0   0.0   1.5  13.6   23:37   NNE
----------------------------------------------------------------------------------
     2.7   9.8     4    -1.9    23   357.8   0.0  50.7   4.0  38.7     4      SE

Max >=  27.0:  0
Max <=   0.0:  0
Min <=   0.0: 12
Min <= -18.0:  0
Max Rain: 16.0 on day 10
Days of Rain: 12 (>= 0.2 mm)  7 (>= 2.0 mm)  0 (>= 20.0 mm)
Heat Base: 15.5  Cool Base: 25.0  Method: Integration


Page updated 20/11/2018 17:26:21
© Sandaysoft 2009
powered by Sandy Software Cumulus software v1.9.2 by Steve Loft