NOAA-style Climate Reports for Audley UK


Report for 2013 Jun
                   Monthly Climatological Summary for Jun 2013

Name: Audley   City: Stoke-on-Trent   County: Staffordshire   Country: UK
Elevation: 140 m  Lat: N 53 03' 19"   Lon: W 002 18' 04"

                  Temperature (C), Rain (mm), Wind Speed (mph)

                                      Heat  Cool        Avg
    Mean                              Deg   Deg         Wind                 Dom
Day Temp  High   Time   Low    Time   Days  Days  Rain  Speed High   Time    Dir
----------------------------------------------------------------------------------
 1  11.1  15.8   17:16   6.5   04:11   4.4   0.0   0.0   3.0  19.7   09:47   WNW
 2  12.1  18.1   18:02   8.3   03:32   3.6   0.0   0.0   1.6  19.0   10:08   WNW
 3  13.9  22.9   17:45   7.0   04:01   2.9   0.0   0.0   0.6   7.6   12:49   NNE
 4  15.2  24.0   17:41   7.7   05:24   2.2   0.0   0.0   1.9  18.3   16:03     E
 5  13.4  20.1   17:49  10.1   03:20   2.6   0.0   0.0   1.1  11.4   17:18     E
 6  14.5  24.8   17:29   9.7   05:37   2.5   0.0   0.0   1.1  13.0   17:57   ESE
 7  15.7  25.8   17:11   8.2   04:43   2.3   0.0   0.0   1.5  13.0   12:50   ESE
 8  14.6  22.0   17:02   8.5   04:29   2.4   0.0   0.0   1.2  11.4   16:02   ESE
 9  13.9  21.6   17:43   8.2   02:58   2.8   0.0   0.0   1.0  10.7   11:33   ESE
10  12.8  20.1   16:32   7.6   04:30   3.6   0.0   0.0   0.5  12.1   12:22    SE
11  13.5  21.3   17:17   9.5   04:12   2.4   0.0   0.2   0.9  11.4   12:12   ESE
12  15.4  19.4   15:12  12.6   02:21   0.8   0.0   1.9   1.1  15.2   10:39     S
13  13.2  17.7   12:23  10.6   15:42   2.5   0.0  14.5   2.2  25.1   13:09     W
14  13.0  18.8   15:54   8.3   04:42   2.9   0.0   3.4   1.1  15.2   23:21   SSE
15  12.6  17.2   18:03   9.0   05:02   3.0   0.0   1.5   1.9  19.0   12:02   WSW
16  14.5  20.3   17:47  10.7   03:21   1.8   0.0   0.4   0.8  11.4   09:53   WSW
17  15.0  19.7   17:28  12.2   23:47   1.2   0.0   0.0   0.8  11.4   18:19   ESE
18  16.9  23.5   14:42  10.6   04:53   1.3   0.0   0.2   0.6  12.1   01:00    SE
19  17.0  22.6   16:46  11.1   23:59   0.5   0.0   0.1   1.4  13.6   10:14   WNW
20  14.7  20.0   15:27  10.1   02:56   1.9   0.0   1.2   0.3   8.3   08:47    SE
21  16.4  21.4   16:47  13.1   23:50   0.6   0.0   0.7   1.1  12.1   11:10     W
22  13.8  19.2   16:49  10.6   03:45   2.0   0.0   6.2   1.7  19.7   17:59   WSW
23  11.9  13.5   14:50  10.7   23:53   3.6   0.0   5.7   5.7  30.4   20:53   WNW
24  12.2  17.7   16:48  10.2   03:23   3.3   0.0   0.0   4.0  24.4   02:19   WNW
25  14.3  21.8   17:57   8.9   06:01   2.2   0.0   0.0   0.5   9.8   11:38    NW
26  13.9  18.4   16:04  10.0   05:20   2.2   0.0   0.0   1.8  19.0   14:56   WNW
27  12.1  15.2   12:08  10.4   03:49   3.4   0.0   9.2   1.7  15.2   11:34   WNW
28  14.3  17.2   14:25  11.4   23:59   1.4   0.0  10.4   3.5  20.6   19:44   WNW
29  14.2  19.4   15:27  10.3   02:24   2.0   0.0   0.0   1.8  15.2   00:13     W
30  16.3  20.4   13:31  13.5   05:00   0.6   0.0   0.0   1.7  19.0   18:03     W
----------------------------------------------------------------------------------
    14.1  25.8     7     6.5     1    68.9   0.0  55.6   1.6  30.4    23       W

Max >=  27.0:  0
Max <=   0.0:  0
Min <=   0.0:  0
Min <= -18.0:  0
Max Rain: 14.5 on day 13
Days of Rain: 13 (>= 0.2 mm)  6 (>= 2.0 mm)  0 (>= 20.0 mm)
Heat Base: 15.5  Cool Base: 25.0  Method: Integration


Page updated 20/11/2018 17:26:21
© Sandaysoft 2009
powered by Sandy Software Cumulus software v1.9.2 by Steve Loft