NOAA-style Climate Reports for Audley UK


Report for 2013 Aug
                   Monthly Climatological Summary for Aug 2013

Name: Audley   City: Stoke-on-Trent   County: Staffordshire   Country: UK
Elevation: 140 m  Lat: N 53 03' 19"   Lon: W 002 18' 04"

                  Temperature (C), Rain (mm), Wind Speed (mph)

                                      Heat  Cool        Avg
    Mean                              Deg   Deg         Wind                 Dom
Day Temp  High   Time   Low    Time   Days  Days  Rain  Speed High   Time    Dir
----------------------------------------------------------------------------------
 1  21.4  32.3   17:54  16.1   06:12   0.0   0.7   0.0   0.6  11.4   11:00   SSE
 2  20.2  27.0   17:30  16.1   05:42   0.0   0.1   0.0   0.8  14.5   13:44   SSW
 3  17.2  22.6   16:37  13.5   05:30   0.5   0.0   3.3   1.2  15.9   15:42   WSW
 4  16.3  19.1   17:26  13.3   05:59   0.5   0.0   0.2   0.8  12.1   14:16   SSE
 5  15.7  18.8   13:18  11.8   23:46   0.4   0.0  13.4   2.0  14.5   14:22    SW
 6  14.6  21.7   17:59  11.2   05:00   1.8   0.0   0.7   0.6   9.2   11:17     W
 7  16.2  22.6   17:24  10.8   05:43   1.3   0.0   0.2   0.5  10.7   16:39    NE
 8  16.9  23.1   15:57  10.8   05:09   1.2   0.0   0.1   0.2   9.2   19:25    SW
 9  15.7  17.5   12:21  13.8   23:51   0.4   0.0   1.2   2.6  19.0   13:22     W
10  15.6  20.2   17:15  12.8   03:38   1.0   0.0   0.0   1.4  14.5   12:15     W
11  15.3  18.2   14:04  12.9   02:13   0.9   0.0   0.0   2.2  16.8   12:51     W
12  14.4  19.2   17:21  11.6   23:57   1.6   0.0   0.1   3.3  22.1   13:29   WNW
13  13.9  19.7   17:37   9.8   03:46   2.2   0.0   0.0   1.3  18.3   14:36     W
14  16.0  20.5   17:52  10.9   05:31   1.4   0.0   0.2   0.3   9.8   12:51   SSE
15  18.7  23.9   15:56  15.8   04:20   0.0   0.0   6.9   0.9  14.5   12:54   WSW
16  16.7  22.3   18:06  12.9   23:50   0.1   0.0  18.8   1.0  11.4   08:08   WNW
17  15.3  18.5   16:10  12.2   02:32   1.0   0.0   3.2   0.9  15.2   11:50   SSE
18  15.7  19.3   16:29  12.2   06:12   0.8   0.0   0.1   2.0  18.3   14:19     W
19  15.0  19.0   15:40  11.7   04:28   1.3   0.0   0.0   1.4  14.5   10:08     W
20  16.5  21.7   16:06  11.9   06:27   1.0   0.0   0.0   0.5   9.8   12:32     W
21  16.7  22.1   16:16  12.2   03:13   0.9   0.0   0.0   0.5   9.8   13:17    SW
22  18.2  23.2   14:53  13.7   06:22   0.3   0.0   0.0   0.2   6.0   14:58   SSE
23  17.9  21.1   12:16  15.2   06:09   0.0   0.0   1.9   0.3   9.8   12:00    SE
24  15.0  16.5   16:10  12.0   23:49   0.7   0.0   4.9   1.7  18.3   16:08   WNW
25  16.2  21.6   16:32  11.8   01:13   1.2   0.0   0.0   1.0  13.6   12:57    NW
26  16.9  23.5   18:09  11.5   06:49   0.9   0.0   0.0   0.4   8.3   12:09     E
27  15.6  20.0   17:32  11.7   05:46   1.2   0.0   0.0   0.8  11.4   18:56   WNW
28  15.5  18.4   17:17  12.5   23:55   0.6   0.0   0.0   0.4   7.6   09:12   WNW
29  16.0  22.2   18:09  11.0   02:21   1.4   0.0   0.0   0.8  14.5   15:54     W
30  17.4  21.5   15:49  14.1   05:35   0.2   0.0   0.3   1.3  20.6   21:53     W
31  13.1  15.8   14:22  10.1   06:54   2.4   0.0   0.0   2.6  17.4   16:10   WNW
----------------------------------------------------------------------------------
    16.3  32.3     1     9.8    13    27.2   0.8  55.5   1.1  22.1    12       W

Max >=  27.0:  2
Max <=   0.0:  0
Min <=   0.0:  0
Min <= -18.0:  0
Max Rain: 18.8 on day 16
Days of Rain: 13 (>= 0.2 mm)  6 (>= 2.0 mm)  0 (>= 20.0 mm)
Heat Base: 15.5  Cool Base: 25.0  Method: Integration


Page updated 20/11/2018 17:26:21
© Sandaysoft 2009
powered by Sandy Software Cumulus software v1.9.2 by Steve Loft