NOAA-style Climate Reports for Audley UK


Report for 2014 Jun
                   Monthly Climatological Summary for Jun 2014

Name: Audley   City: Stoke-on-Trent   County: Staffordshire   Country: UK
Elevation: 140 m  Lat: N 53 03' 19"   Lon: W 002 18' 04"

                  Temperature (C), Rain (mm), Wind Speed (mph)

                                      Heat  Cool        Avg
    Mean                              Deg   Deg         Wind                 Dom
Day Temp  High   Time   Low    Time   Days  Days  Rain  Speed High   Time    Dir
----------------------------------------------------------------------------------
 1  15.5  21.4   17:05   9.3   05:20   1.8   0.0   0.2   0.5   9.2   19:17     W
 2  14.8  19.1   15:51  11.9   05:56   1.3   0.0  12.8   0.3   8.3   16:09   WSW
 3  12.9  15.6   13:45  10.8   23:51   2.6   0.0   0.4   0.5   9.8   15:38    NW
 4  11.1  13.2   14:35   9.8   04:37   4.4   0.0  19.7   1.4  17.4   21:55    NW
 5  12.1  17.1   16:54   9.0   06:23   3.5   0.0   0.5   3.6  15.2   01:19   WNW
 6  14.5  21.9   17:58   6.8   05:01   2.6   0.0   0.1   1.1  15.2   22:53    SE
 7  14.9  19.8   17:27  12.0   23:52   1.0   0.0  11.5   1.1  13.6   02:53    SE
 8  15.6  21.4   17:39  11.5   04:05   1.4   0.0   2.3   0.7  11.4   00:55   SSE
 9  15.6  21.1   17:16  12.4   04:18   1.0   0.0   8.8   0.3   9.2   10:53    SE
10  15.3  20.1   14:04  12.0   05:23   1.0   0.0   0.0   0.7  15.2   15:10   SSW
11  15.8  21.6   16:55  11.6   01:43   1.2   0.0   0.0   1.1  10.7   13:31     W
12  16.2  23.4   17:23  10.3   05:08   1.5   0.0   0.0   0.8   9.2   13:48   WNW
13  17.0  22.8   16:51  11.7   05:52   0.9   0.0   0.1   1.1   9.2   17:39    NW
14  16.4  21.2   13:28  12.3   04:50   0.8   0.0   0.2   1.2   9.8   18:23    NW
15  15.2  17.8   18:19  13.8   06:31   0.6   0.0   1.6   0.3   7.6   20:47   ESE
16  15.4  19.7   17:49  11.6   23:52   0.9   0.0   0.0   1.9  15.2   11:31    NE
17  15.2  20.7   16:09   9.1   05:44   1.8   0.0   0.0   1.7  15.9   15:21    NE
18  18.3  24.1   17:08  13.8   04:50   0.3   0.0   0.0   1.1  10.7   17:02    NW
19  16.1  20.5   17:44  13.5   06:57   0.7   0.0   0.2   1.5  11.4   04:17   WNW
20  15.9  21.1   15:56  11.9   23:52   1.2   0.0   0.0   1.4  13.6   18:06   WNW
21  15.2  20.4   16:58  10.9   01:20   1.5   0.0   0.0   2.1  15.2   16:19   WNW
22  17.2  24.3   17:17  12.2   03:32   1.0   0.0   0.0   1.0   7.6   08:02    NW
23  17.1  22.4   16:12  12.5   04:40   0.7   0.0   0.0   1.7  14.5   13:38   WNW
24  15.2  19.7   17:16  13.0   01:58   1.0   0.0   0.3   1.5  13.6   17:27   WNW
25  15.8  19.6   13:15  11.2   02:45   1.3   0.0   0.0   0.5   7.6   10:13   ESE
26  15.8  19.1   14:23  12.6   04:36   0.8   0.0   0.0   1.0  11.4   17:21    SE
27  13.0  14.7   14:21  10.2   23:53   2.5   0.0   3.4   0.9  10.7   05:13   ESE
28  11.8  14.1   15:29  10.3   00:00   3.7   0.0   6.6   1.0   9.2   10:21     E
29  13.2  17.7   17:34   9.9   05:47   2.5   0.0   0.1   1.4  12.1   08:48    NW
30  14.7  20.8   18:05   8.5   05:03   2.1   0.0   0.0   0.5   8.3   18:00   ESE
----------------------------------------------------------------------------------
    15.1  24.3    22     6.8     6    47.6   0.0  68.8   1.1  17.4     4      NW

Max >=  27.0:  0
Max <=   0.0:  0
Min <=   0.0:  0
Min <= -18.0:  0
Max Rain: 19.7 on day 4
Days of Rain: 14 (>= 0.2 mm)  7 (>= 2.0 mm)  0 (>= 20.0 mm)
Heat Base: 15.5  Cool Base: 25.0  Method: Integration


Page updated 20/11/2018 17:26:21
© Sandaysoft 2009
powered by Sandy Software Cumulus software v1.9.2 by Steve Loft