NOAA-style Climate Reports for Audley UK


Report for 2014 Sep
                   Monthly Climatological Summary for Sep 2014

Name: Audley   City: Stoke-on-Trent   County: Staffordshire   Country: UK
Elevation: 140 m  Lat: N 53 03' 19"   Lon: W 002 18' 04"

                  Temperature (C), Rain (mm), Wind Speed (mph)

                                      Heat  Cool        Avg
    Mean                              Deg   Deg         Wind                 Dom
Day Temp  High   Time   Low    Time   Days  Days  Rain  Speed High   Time    Dir
----------------------------------------------------------------------------------
 1  14.5  16.9   15:14  10.9   23:54   1.2   0.0   2.5   1.4  11.4   14:09   WNW
 2  14.1  19.6   15:42   9.6   06:01   2.3   0.0   0.0   0.4   8.3   16:15   ESE
 3  16.3  19.8   14:52  12.8   05:11   0.8   0.0   0.0   0.6   9.2   19:08    SE
 4  16.1  19.6   16:02  11.9   06:42   0.7   0.0   0.0   0.4   9.2   13:16   ESE
 5  16.5  19.3   12:57  14.4   06:36   0.2   0.0   0.0   0.5   9.2   17:12     W
 6  14.7  16.9   14:23  10.0   23:42   0.9   0.0   0.0   1.5   9.8   11:05   WNW
 7  12.2  17.7   16:01   8.2   06:13   3.6   0.0   0.0   0.9  10.7   11:09    NW
 8  12.0  16.7   15:32   7.9   06:23   3.6   0.0   0.0   0.9  11.4   12:42    NW
 9  13.1  17.6   18:24   9.2   07:57   2.8   0.0   0.0   0.7   6.9   13:16     N
10  14.3  20.2   14:48   9.9   06:53   2.2   0.0   0.0   0.3   6.0   14:44   ESE
11  13.8  18.3   14:33  10.1   05:27   2.2   0.0   0.0   0.7   7.6   13:29     E
12  13.8  17.8   14:53   9.7   03:47   2.2   0.0   0.0   0.6   9.2   21:25    SE
13  14.8  18.4   14:11  11.9   02:01   1.3   0.0   0.0   1.1  13.6   20:18   ESE
14  13.6  17.7   14:39   9.2   05:33   2.3   0.0   0.0   2.3  14.5   19:01   ESE
15  14.0  18.8   14:24  10.2   02:35   2.0   0.0   4.0   0.6   9.2   12:34   ENE
16  15.7  19.4   15:10  13.1   00:15   0.8   0.0   0.0   1.2  12.1   18:29    SE
17  14.9  18.9   13:43  11.5   06:47   1.4   0.0   0.0   1.4  12.1   01:17     E
18  17.2  21.1   14:18  14.8   00:00   0.1   0.0   0.0   1.6  12.1   22:00   ESE
19  15.5  16.7   14:06  14.6   01:38   0.2   0.0   0.7   0.8   9.2   00:00   ESE
20  15.4  17.4   15:31  12.3   23:49   0.4   0.0   2.1   0.7  10.7   18:08   NNE
21  11.8  16.0   14:39   8.7   07:28   3.7   0.0   0.1   0.8  11.4   12:37   NNE
22  11.6  17.4   14:46   7.1   04:50   4.2   0.0   0.0   0.7   9.8   13:06   WNW
23  12.5  17.0   14:13   9.3   01:14   3.1   0.0   5.6   0.9  13.0   18:54   WSW
24  12.0  15.4   14:47   8.2   23:31   3.5   0.0   1.8   2.6  16.8   11:49   WNW
25  13.5  17.7   15:24   8.2   00:40   2.5   0.0   0.0   1.1  10.7   11:38   WSW
26  14.8  17.5   15:35   9.5   23:54   1.1   0.0   0.2   2.2  14.5   15:52     W
27  12.4  17.0   17:05   7.7   05:59   3.3   0.0   0.0   0.5   8.3   14:19     S
28  15.4  19.2   14:04  13.1   23:27   1.0   0.0   0.0   0.3   6.0   11:36   NNE
29  14.1  16.1   15:38  11.9   07:50   1.5   0.0   0.9   0.3   4.5   15:39   NNE
30  15.0  18.6   15:03  12.4   04:15   1.1   0.0   0.8   0.8   9.8   22:55     S
----------------------------------------------------------------------------------
    14.2  21.1    18     7.1    22    56.2   0.0  18.7   1.0  16.8    24       N

Max >=  27.0:  0
Max <=   0.0:  0
Min <=   0.0:  0
Min <= -18.0:  0
Max Rain: 5.6 on day 23
Days of Rain: 9 (>= 0.2 mm)  4 (>= 2.0 mm)  0 (>= 20.0 mm)
Heat Base: 15.5  Cool Base: 25.0  Method: Integration


Page updated 20/11/2018 17:26:21
© Sandaysoft 2009
powered by Sandy Software Cumulus software v1.9.2 by Steve Loft