NOAA-style Climate Reports for Audley UK


Report for 2015 Feb
                   Monthly Climatological Summary for Feb 2015

Name: Audley   City: Stoke-on-Trent   County: Staffordshire   Country: UK
Elevation: 140 m  Lat: N 53 03' 19"   Lon: W 002 18' 04"

                  Temperature (C), Rain (mm), Wind Speed (mph)

                                      Heat  Cool        Avg
    Mean                              Deg   Deg         Wind                 Dom
Day Temp  High   Time   Low    Time   Days  Days  Rain  Speed High   Time    Dir
----------------------------------------------------------------------------------
 1   1.7   4.3   02:44  -1.5   23:05  14.0   0.0   0.0   9.7  29.8   05:30    NW
 2  -0.5   1.6   14:14  -1.9   04:44  16.0   0.0   0.0   2.1  12.1   14:36    NW
 3  -0.1   4.1   15:10  -2.9   07:27  15.6   0.0   0.0   2.6  11.4   13:58   NNW
 4   0.7   3.9   14:46  -2.5   08:07  14.8   0.0   0.0   3.9  19.7   12:25   NNW
 5   1.7   4.4   14:28  -0.8   23:58  13.9   0.0   0.0   1.7   8.3   18:13   NNE
 6   0.1   3.6   15:24  -2.5   07:34  15.4   0.0   0.1   1.8  11.4   13:34    NE
 7   1.7   3.9   12:43  -0.5   00:21  13.8   0.0   0.0   2.1  12.1   13:06   NNW
 8   1.4   4.1   20:54  -0.5   08:23  14.1   0.0   0.2   3.3  13.6   20:46    NW
 9   4.7   5.5   12:39   3.4   00:11  10.8   0.0   0.0   6.0  19.7   12:12    NW
10   3.3   4.7   00:07   2.2   18:03  12.2   0.0   0.0   1.8   9.8   00:19    NW
11   3.1   3.9   11:57   2.2   00:20  12.4   0.0   0.0   0.7   7.6   06:26   SSW
12   3.3   5.2   11:53   1.5   22:36  12.2   0.0   0.0   1.7  12.1   20:54   SSE
13   5.0   7.6   13:04   2.0   00:00  10.5   0.0   4.3   6.1  14.5   04:14    SE
14   5.9   7.8   14:57   3.9   05:15   9.6   0.0   0.3   4.6  15.2   08:14     E
15   4.8   6.6   12:38   2.3   08:30  10.7   0.0   0.1   3.0  10.7   06:29    SE
16   5.0   6.6   13:57   2.5   23:46  10.5   0.0   2.5   5.2  16.8   16:04   WNW
17   3.8   7.6   15:31   0.5   07:33  11.7   0.0   0.2   3.6  20.6   13:33     W
18   6.5   9.6   13:53   3.3   01:44   9.0   0.0   0.0   4.1  17.4   16:44    SW
19   6.1   7.6   14:58   4.2   23:29   9.4   0.0   4.9   3.2  19.0   01:40    SW
20   3.5   6.4   14:47   1.1   07:21  12.0   0.0   0.2   3.1  12.1   17:23   WSW
21   2.5   5.5   13:13   0.8   23:41  13.0   0.0   4.3   5.8  23.5   12:36   WNW
22   2.6   7.1   20:29   0.2   03:40  12.9   0.0   4.8   5.0  27.3   21:32   SSW
23   3.6   6.0   14:29   1.8   06:06  11.9   0.0   3.0   7.3  23.5   18:05   WSW
24   4.2   6.9   13:10   2.2   18:20  11.3   0.0   1.8   8.5  34.2   14:30     W
25   7.5  10.3   14:51   4.3   00:00   8.0   0.0   1.0   3.4  13.0   03:02   WSW
26   6.8  10.4   06:40   1.4   23:40   8.7   0.0   5.1   6.2  28.2   12:42   WNW
27   3.7   7.3   13:38   0.1   05:22  11.8   0.0   0.0   3.8  19.0   12:32   WSW
28   7.8  10.8   11:52   4.3   02:30   7.7   0.0   0.2   5.3  25.1   23:19   SSW
----------------------------------------------------------------------------------
     3.6  10.8    28    -2.9     3   333.9   0.0  33.0   4.1  34.2    24       W

Max >=  27.0:  0
Max <=   0.0:  0
Min <=   0.0:  8
Min <= -18.0:  0
Max Rain: 5.1 on day 26
Days of Rain: 14 (>= 0.2 mm)  7 (>= 2.0 mm)  0 (>= 20.0 mm)
Heat Base: 15.5  Cool Base: 25.0  Method: Integration


Page updated 20/11/2018 17:26:21
© Sandaysoft 2009
powered by Sandy Software Cumulus software v1.9.2 by Steve Loft