NOAA-style Climate Reports for Audley UK


Report for 2015 Apr
                   Monthly Climatological Summary for Apr 2015

Name: Audley   City: Stoke-on-Trent   County: Staffordshire   Country: UK
Elevation: 140 m  Lat: N 53 03' 19"   Lon: W 002 18' 04"

                  Temperature (C), Rain (mm), Wind Speed (mph)

                                      Heat  Cool        Avg
    Mean                              Deg   Deg         Wind                 Dom
Day Temp  High   Time   Low    Time   Days  Days  Rain  Speed High   Time    Dir
----------------------------------------------------------------------------------
 1   5.7   7.9   16:22   3.4   05:56   9.8   0.0   4.3   8.3  29.8   00:41   WNW
 2   6.3   8.5   13:46   4.2   07:26   9.2   0.0   2.9   3.4  15.2   01:51    NW
 3   8.0  10.7   13:16   5.8   00:01   7.5   0.0   5.1   4.6  22.1   17:41    NW
 4   8.3  11.7   15:08   6.3   23:18   7.2   0.0   0.1   4.1  17.4   00:17   NNW
 5   9.3  16.0   18:20   6.3   00:03   6.2   0.0   0.0   2.5   9.8   15:37   NNW
 6   8.2  15.6   17:46   4.9   05:59   7.3   0.0   0.1   3.4  12.1   15:18   NNW
 7   9.2  15.8   15:53   4.2   06:53   6.3   0.0   0.1   2.7  15.2   17:44   NNW
 8  10.7  15.7   15:45   5.2   04:59   4.8   0.0   0.0   2.3  11.4   22:42    SE
 9  11.8  18.8   18:22   6.3   07:10   4.0   0.0   0.0   2.6   9.8   00:02     S
10  13.0  19.1   16:26   7.1   07:11   3.3   0.0   0.0   3.5  17.4   13:25   SSE
11   8.7  11.1   00:01   4.2   08:25   6.8   0.0   1.6   7.4  28.2   11:07     W
12   6.5  12.6   14:09   2.4   23:54   9.0   0.0   2.3   5.6  36.5   14:48   WSW
13   7.9  14.1   18:24   1.0   06:02   7.6   0.0   0.2   2.9  13.6   19:22     S
14  12.0  17.7   17:49   8.3   06:53   3.7   0.0   0.0   4.3  16.8   17:50   WSW
15   9.1  14.3   12:58   6.0   06:25   6.4   0.0   0.0   4.1  16.8   13:06   WNW
16  10.3  15.5   18:25   6.0   07:03   5.2   0.0   0.0   2.3  13.0   23:48     E
17   9.5  12.7   16:37   6.2   23:59   6.0   0.0   0.0   7.7  16.8   06:33   ESE
18   8.8  16.2   17:56   3.2   04:03   6.7   0.0   0.0   5.8  18.3   16:39     E
19   6.4  12.0   16:00   1.5   06:20   9.1   0.0   0.0   3.2  15.2   16:48    NE
20   9.2  15.4   18:03   2.8   05:35   6.3   0.0   0.0   2.0   9.8   12:09   ESE
21  11.5  20.7   18:00   4.4   06:45   4.7   0.0   0.0   2.2  13.6   22:40     E
22  11.8  19.3   18:06   5.1   05:12   4.2   0.0   0.0   3.2  14.5   13:33    SE
23  12.7  20.9   18:07   7.0   05:32   3.5   0.0   0.0   1.4   9.2   12:39    SW
24  11.2  14.6   17:27   7.2   05:28   4.3   0.0   0.0   2.7  13.0   15:30   WSW
25   9.8  15.1   12:23   5.4   23:55   5.7   0.0   1.2   4.8  19.0   12:39   WNW
26   6.8  11.1   17:00   3.0   07:00   8.7   0.0   0.0   4.2  19.0   17:21    NW
27   5.6  11.7   15:43   0.5   06:03   9.9   0.0   0.1   2.9  22.8   20:19   WSW
28   6.5  11.7   16:05   1.7   05:52   9.0   0.0   0.0   6.2  25.1   11:02     W
29   7.8  11.9   17:48   4.7   08:13   7.7   0.0   3.1   5.5  22.8   14:10   WSW
30   7.3  12.4   18:10   3.7   05:24   8.2   0.0   0.6   4.5  19.0   10:06   WNW
----------------------------------------------------------------------------------
     9.0  20.9    23     0.5    27   198.3   0.0  21.7   4.0  36.5    12       W

Max >=  27.0:  0
Max <=   0.0:  0
Min <=   0.0:  0
Min <= -18.0:  0
Max Rain: 5.1 on day 3
Days of Rain: 9 (>= 0.2 mm)  5 (>= 2.0 mm)  0 (>= 20.0 mm)
Heat Base: 15.5  Cool Base: 25.0  Method: Integration


Page updated 20/11/2018 17:26:21
© Sandaysoft 2009
powered by Sandy Software Cumulus software v1.9.2 by Steve Loft