NOAA-style Climate Reports for Audley UK


Report for 2015 Aug
                   Monthly Climatological Summary for Aug 2015

Name: Audley   City: Stoke-on-Trent   County: Staffordshire   Country: UK
Elevation: 140 m  Lat: N 53 03' 19"   Lon: W 002 18' 04"

                  Temperature (C), Rain (mm), Wind Speed (mph)

                                      Heat  Cool        Avg
    Mean                              Deg   Deg         Wind                 Dom
Day Temp  High   Time   Low    Time   Days  Days  Rain  Speed High   Time    Dir
----------------------------------------------------------------------------------
 1  13.9  17.7   12:15  10.1   23:38   1.9   0.0   5.2   0.8   9.2   14:39   WSW
 2  15.8  22.2   18:11  10.2   00:00   1.7   0.0   0.1   0.9  13.0   13:35    SE
 3  17.6  21.1   16:45  13.3   23:58   0.2   0.0   0.0   1.6  12.1   14:06   SSW
 4  15.2  19.2   14:29  11.7   04:18   1.2   0.0   0.0   2.0  18.3   15:39    SW
 5  15.3  19.4   14:18  12.4   04:57   1.2   0.0   1.5   1.2  14.5   13:36    SE
 6  15.2  18.3   10:30  11.2   23:55   0.8   0.0   0.5   1.3  12.1   11:07   WNW
 7  14.3  18.8   13:10   8.6   06:00   2.2   0.0   0.0   0.4   7.6   19:36   NNW
 8  16.9  24.9   17:29  11.3   05:32   1.3   0.0   0.0   0.7  11.4   19:49     W
 9  17.6  24.1   17:01  13.5   04:19   0.5   0.0   0.0   0.8   9.8   13:01    SW
10  18.0  23.4   17:46  12.7   23:48   0.2   0.0   2.0   1.7  16.8   15:53     W
11  14.7  19.4   15:13  10.4   05:54   1.8   0.0   0.0   0.7   8.3   15:39    NW
12  15.9  24.4   17:47  10.1   07:42   1.8   0.0   0.0   0.8   8.3   19:12   ENE
13  15.7  18.9   18:12  12.0   03:27   0.9   0.0   1.1   1.5  13.0   13:27   ESE
14  14.2  15.3   16:58  13.2   06:12   1.3   0.0  49.4   1.8  13.6   15:31   WNW
15  13.0  15.9   16:42   9.9   23:51   2.5   0.0   0.0   2.0  13.0   09:39   WNW
16  13.2  17.5   17:11   7.7   06:37   2.8   0.0   0.0   0.2   6.0   11:38   ESE
17  15.4  19.2   18:11  11.6   23:59   1.2   0.0   0.0   0.5   9.8   16:30    NW
18  14.4  18.1   16:03   9.6   06:49   1.9   0.0   0.0   2.3  19.0   17:25   WNW
19  14.8  18.3   11:01  12.1   07:29   1.2   0.0   3.0   1.1  11.4   19:42   SSE
20  17.0  21.0   17:39  14.1   06:05   0.4   0.0   0.1   0.8  10.7   13:46   SSE
21  18.8  21.2   13:53  16.9   05:12   0.0   0.0   0.0   1.6  13.0   13:28   SSE
22  18.0  24.3   17:59  14.3   07:42   0.1   0.0  19.6   0.5   8.3   18:49     N
23  16.7  22.6   13:01  12.6   23:59   0.4   0.0   4.9   1.0  12.1   07:03   SSE
24  14.0  18.3   16:33  10.4   04:40   2.0   0.0   0.1   1.5  14.5   18:08    NW
25  13.5  16.5   12:25  10.4   07:13   2.0   0.0   0.9   0.9  10.7   11:59   SSW
26  15.0  19.1   18:09  12.8   23:56   1.1   0.0   7.0   1.3  13.6   09:29   SSW
27  14.4  20.5   17:55  11.0   02:53   1.9   0.0   0.1   1.5  13.6   18:55   WSW
28  14.0  19.3   17:53  10.1   05:20   2.0   0.0   0.2   1.1  14.5   13:26    SW
29  14.6  18.9   16:38  11.6   02:23   1.6   0.0   0.0   0.8   9.2   13:56     S
30  14.5  17.5   15:39  11.6   06:34   1.5   0.0   1.1   0.3   6.0   16:05   NNW
31  13.1  14.7   14:58  11.8   06:38   2.4   0.0  14.2   0.6   7.6   18:06    NW
----------------------------------------------------------------------------------
    15.3  24.9     8     7.7    16    42.0   0.0 111.0   1.1  19.0    18     WSW

Max >=  27.0:  0
Max <=   0.0:  0
Min <=   0.0:  0
Min <= -18.0:  0
Max Rain: 49.4 on day 14
Days of Rain: 14 (>= 0.2 mm)  8 (>= 2.0 mm)  1 (>= 20.0 mm)
Heat Base: 15.5  Cool Base: 25.0  Method: Integration


Page updated 20/11/2018 17:26:21
© Sandaysoft 2009
powered by Sandy Software Cumulus software v1.9.2 by Steve Loft