NOAA-style Climate Reports for Audley UK


Report for 2016 Jan
                   Monthly Climatological Summary for Jan 2016

Name: Audley   City: Stoke-on-Trent   County: Staffordshire   Country: UK
Elevation: 140 m  Lat: N 53 03' 19"   Lon: W 002 18' 04"

                  Temperature (C), Rain (mm), Wind Speed (mph)

                                      Heat  Cool        Avg
    Mean                              Deg   Deg         Wind                 Dom
Day Temp  High   Time   Low    Time   Days  Days  Rain  Speed High   Time    Dir
----------------------------------------------------------------------------------
 1   3.3   6.1   20:55   0.6   04:28  12.3   0.0   6.0   7.4  24.4   19:06    SE
 2   7.8   8.8   13:50   6.1   00:00   7.8   0.0   6.7   6.3  21.3   08:32    SE
 3   6.2   7.9   00:00   4.7   23:07   9.3   0.0  12.6   4.6  19.0   11:46   SSE
 4   6.0   6.9   13:30   4.9   00:00   9.5   0.0   2.9   4.1  13.0   23:22    SE
 5   6.6   7.4   13:18   5.6   22:52   8.9   0.0   2.0   2.5  10.7   00:28    SE
 6   5.5   6.7   14:51   4.9   06:31  10.0   0.0   0.1   2.3  15.2   23:40    SE
 7   4.8   6.4   09:19   2.4   21:48  10.7   0.0  11.1   8.4  32.0   11:42   WSW
 8   4.4   7.5   14:31   1.5   01:13  11.1   0.0   0.0   3.6  15.9   09:36   SSE
 9   6.2   8.1   13:19   4.9   04:10   9.3   0.0  11.0   4.7  15.9   21:28    SE
10   4.3   6.2   13:50   2.5   21:19  11.3   0.0   0.4   4.8  17.4   03:00    SW
11   3.6   4.6   13:34   2.4   03:56  11.9   0.0   1.5   2.7  22.8   23:27    SW
12   4.5   6.5   13:07   3.2   19:22  11.0   0.0  11.4   8.7  25.1   23:08   WNW
13   2.7   3.8   00:07   0.6   07:51  12.8   0.0   3.6   4.2  25.1   00:11    SW
14   1.7   2.9   14:57   0.4   04:47  13.9   0.0   3.9   7.1  26.6   13:31    NW
15   1.3   4.6   13:38  -0.3   23:23  14.2   0.0   1.5   3.9  19.0   14:51   WNW
16  -0.1   1.5   14:33  -1.8   08:07  15.7   0.0   0.1   1.7  14.5   22:20    SE
17   0.5   1.6   23:53  -0.2   02:21  15.0   0.0  11.2   7.5  19.7   00:40    SE
18   2.5   3.5   15:13   1.5   00:01  13.0   0.0   0.3   4.5  12.1   00:15    SE
19   2.4   4.8   13:47   0.6   07:13  13.1   0.0   0.0   1.2   6.0   14:17    SE
20   1.9   4.6   12:41  -0.2   23:25  13.6   0.0   0.0   1.7   8.3   20:53    SE
21   2.3   5.3   18:35  -0.5   04:01  13.2   0.0   0.4   5.1  15.9   20:27    SE
22   7.2  10.2   14:11   4.6   00:00   8.3   0.0   3.6   6.7  23.5   05:34     S
23   7.2   8.7   12:45   5.5   03:48   8.3   0.0   1.3   4.6  19.7   19:28   SSE
24  11.6  13.3   13:56   8.4   00:00   3.9   0.0   0.0   3.5  14.5   19:35     S
25  10.1  13.0   14:34   6.4   22:17   5.4   0.0   0.2   7.1  30.4   17:25     S
26   9.2  12.0   17:04   6.1   02:10   6.3   0.0   1.1   7.0  25.9   13:33    SW
27   9.6  13.6   09:42   2.8   23:57   5.9   0.0   2.9   7.1  30.4   13:36     W
28   5.7  10.6   23:58   1.9   04:24   9.8   0.0   0.4   7.0  23.5   14:25   WSW
29  10.1  11.7   10:33   7.1   23:53   5.4   0.0   1.8  10.0  31.1   00:49   WSW
30   4.3   7.3   02:16   2.4   23:54  11.2   0.0   0.9  10.4  28.9   12:18     W
31   7.1  12.6   22:35   2.4   00:00   8.4   0.0   5.8   5.9  32.0   23:29     W
----------------------------------------------------------------------------------
     5.2  13.6    27    -1.8    16   320.5   0.0 104.7   5.4  32.0     7     SSW

Max >=  27.0:  0
Max <=   0.0:  0
Min <=   0.0:  5
Min <= -18.0:  0
Max Rain: 12.6 on day 3
Days of Rain: 25 (>= 0.2 mm)  14 (>= 2.0 mm)  0 (>= 20.0 mm)
Heat Base: 15.5  Cool Base: 25.0  Method: Integration


Page updated 20/11/2018 17:26:21
© Sandaysoft 2009
powered by Sandy Software Cumulus software v1.9.2 by Steve Loft