NOAA-style Climate Reports for Audley UK


Report for 2016 Apr
                   Monthly Climatological Summary for Apr 2016

Name: Audley   City: Stoke-on-Trent   County: Staffordshire   Country: UK
Elevation: 140 m  Lat: N 53 03' 19"   Lon: W 002 18' 04"

                  Temperature (C), Rain (mm), Wind Speed (mph)

                                      Heat  Cool        Avg
    Mean                              Deg   Deg         Wind                 Dom
Day Temp  High   Time   Low    Time   Days  Days  Rain  Speed High   Time    Dir
----------------------------------------------------------------------------------
 1   6.4  10.0   16:29   2.1   04:19   9.1   0.0   0.0   3.6  19.0   16:30   SSE
 2   8.4  13.7   18:31   6.4   05:33   7.1   0.0   7.7   4.2  15.2   00:08   SSE
 3   9.3  14.1   15:25   5.5   08:00   6.2   0.0   2.5   3.3  19.0   09:58    SE
 4   9.5  12.2   18:13   7.1   22:19   6.0   0.0   0.4   2.7  16.8   16:42    SW
 5   8.3  11.6   17:00   6.3   06:44   7.2   0.0   0.0   5.1  19.0   14:21   WNW
 6   6.8   9.5   14:47   4.0   23:00   8.7   0.0   3.1   7.9  38.7   13:39     W
 7   6.6   9.6   18:42   3.7   08:31   8.9   0.0   8.4   8.5  25.9   01:48   WNW
 8   9.0  12.4   17:03   7.1   03:24   6.5   0.0   0.2   2.7  15.2   13:09     W
 9   5.7   9.9   14:07   2.3   23:54   9.8   0.0   4.4   2.6  15.2   15:59    SW
10   6.2  11.6   14:32   0.7   06:40   9.3   0.0   0.1   6.9  26.6   17:03    SE
11   9.6  15.4   14:40   6.2   03:37   5.9   0.0   6.7  10.1  25.1   13:31   ESE
12   9.0  13.0   15:28   6.1   23:26   6.5   0.0   0.2   1.8  13.0   15:04   WNW
13   9.4  14.4   16:18   4.4   05:25   6.1   0.0   0.0   1.7  10.7   15:03   NNW
14   9.8  13.8   18:13   7.3   05:40   5.7   0.0   0.2   3.4  18.3   20:57   ESE
15   6.5   8.2   00:00   4.6   22:15   9.0   0.0   4.9   2.5  12.1   00:01    NE
16   4.6   9.4   15:53   1.2   07:39  10.9   0.0   0.5   5.4  19.7   16:30   NNW
17   5.3  10.8   17:20   0.2   05:11  10.2   0.0   0.0   2.9  15.9   14:57   WNW
18   8.3  11.4   14:08   4.7   00:00   7.2   0.0   0.0   6.5  25.1   10:02   WNW
19   9.4  15.9   18:08   5.1   06:16   6.1   0.0   0.0   2.3  13.6   10:26    NW
20  10.2  18.8   18:07   3.3   06:39   5.4   0.0   0.0   4.1  15.9   12:59    SE
21  10.3  16.7   17:47   3.6   06:16   5.3   0.0   0.0   4.0  13.6   11:33   ESE
22   9.0  13.4   13:23   5.3   23:57   6.5   0.0   0.0   4.6  15.2   20:03     E
23   6.0  10.7   14:36   1.1   06:06   9.5   0.0   0.0   4.1  18.3   14:10    NW
24   6.0   8.0   15:40   2.5   05:50   9.5   0.0   4.7   3.7  19.7   16:23    NW
25   7.0  10.6   14:20   5.0   20:48   8.5   0.0   3.1   6.5  28.2   15:30    NW
26   4.0   8.0   14:38   1.3   23:41  11.5   0.0   0.8   5.9  22.1   08:43   NNW
27   3.6   8.8   17:58  -0.5   05:21  11.9   0.0   1.4   2.8  17.4   14:21    NW
28   3.6   7.9   11:11   0.5   03:09  11.9   0.0   8.3   3.5  20.6   16:36   WSW
29   4.0   9.3   17:02   0.7   02:48  11.5   0.0   3.1   6.9  25.9   13:54   WNW
30   5.4   9.5   16:46   1.7   03:53  10.1   0.0   1.4   3.2  25.1   13:50     W
----------------------------------------------------------------------------------
     7.2  18.8    20    -0.5    27   248.0   0.0  62.1   4.5  38.7     6     WNW

Max >=  27.0:  0
Max <=   0.0:  0
Min <=   0.0:  1
Min <= -18.0:  0
Max Rain: 8.4 on day 7
Days of Rain: 19 (>= 0.2 mm)  11 (>= 2.0 mm)  0 (>= 20.0 mm)
Heat Base: 15.5  Cool Base: 25.0  Method: Integration


Page updated 20/11/2018 17:26:21
© Sandaysoft 2009
powered by Sandy Software Cumulus software v1.9.2 by Steve Loft