NOAA-style Climate Reports for Audley UK


Report for 2016 Jun
                   Monthly Climatological Summary for Jun 2016

Name: Audley   City: Stoke-on-Trent   County: Staffordshire   Country: UK
Elevation: 140 m  Lat: N 53 03' 19"   Lon: W 002 18' 04"

                  Temperature (C), Rain (mm), Wind Speed (mph)

                                      Heat  Cool        Avg
    Mean                              Deg   Deg         Wind                 Dom
Day Temp  High   Time   Low    Time   Days  Days  Rain  Speed High   Time    Dir
----------------------------------------------------------------------------------
 1  12.8  16.1   13:48  10.0   23:59   2.7   0.0   0.0   3.9  19.7   11:41   NNW
 2  11.5  17.7   17:26   6.4   04:43   4.2   0.0   0.0   1.5  13.0   12:15     N
 3  13.4  21.3   16:33   6.1   05:16   3.3   0.0   0.0   1.1  13.0   13:10   NNE
 4  16.9  21.5   15:31  12.9   01:47   0.7   0.0   0.0   0.4   9.2   23:33   ENE
 5  17.9  25.7   17:44  12.4   05:29   0.8   0.0   0.0   0.5   9.2   22:38    SE
 6  18.5  26.4   16:59  11.7   05:09   0.8   0.1   0.0   0.5   9.2   06:22   ESE
 7  18.9  24.4   16:28  13.8   05:15   0.2   0.0   1.3   0.6  11.4   17:35    NW
 8  17.9  25.4   17:47  14.5   05:13   0.2   0.0   4.3   0.7   9.8   18:38     N
 9  17.9  25.0   17:37  12.3   04:41   0.9   0.0   0.7   0.6   9.8   00:30   SSE
10  17.2  20.8   14:23  15.3   23:58   0.0   0.0   6.6   0.3   9.2   15:41     N
11  16.5  20.6   13:30  14.7   01:30   0.2   0.0   6.6   0.2   8.3   16:44   WSW
12  15.3  17.9   17:16  13.8   04:47   0.5   0.0   1.0   0.7  10.7   20:50     W
13  14.1  15.6   16:40  13.3   11:31   1.4   0.0  27.0   1.2  10.7   11:00   WNW
14  14.3  18.0   14:31  12.7   18:42   1.6   0.0   8.1   0.6  10.7   12:09   ESE
15  14.0  16.7   15:52  12.2   03:10   1.6   0.0   6.2   0.4   7.6   16:46    NE
16  13.1  16.0   13:55  11.7   02:05   2.4   0.0  20.0   0.6   9.2   10:38     N
17  13.7  17.1   15:23  11.6   00:13   1.9   0.0   0.1   1.6  17.4   18:31    NW
18  13.8  17.9   16:42  10.8   05:42   2.0   0.0   0.0   1.2   9.8   00:49    NW
19  14.3  17.6   12:59  10.3   02:47   1.7   0.0   5.3   0.6  13.6   19:08   SSE
20  15.4  18.6   16:56  12.6   23:36   0.4   0.0   6.7   1.5  14.5   14:59   WNW
21  15.8  20.6   17:08  10.8   04:52   1.3   0.0   0.0   0.6  10.7   13:28   WSW
22  16.4  20.0   16:02  12.7   02:37   0.7   0.0   0.3   0.3   8.3   13:27   SSW
23  16.8  22.1   14:43  12.8   03:40   0.8   0.0   0.0   0.9  11.4   22:26   WNW
24  14.9  19.1   17:36  12.3   03:35   1.1   0.0   4.6   1.0  16.8   11:50     W
25  13.4  17.9   16:14  10.4   03:44   2.3   0.0   7.1   1.9  15.2   15:15   WNW
26  13.7  17.2   12:32  11.2   05:02   1.9   0.0   6.8   2.7  17.4   00:23   WNW
27  14.3  17.2   17:44  12.2   23:36   1.4   0.0   1.1   4.0  19.7   09:15   WNW
28  12.7  16.4   11:36  11.0   21:16   2.9   0.0   4.8   0.2   8.3   13:34   SSW
29  12.6  17.8   17:18   9.4   03:10   3.1   0.0  11.4   1.3  17.4   11:19   WSW
30  13.5  17.1   12:53  10.3   05:59   2.2   0.0   3.8   0.8  11.4   13:21   WSW
----------------------------------------------------------------------------------
    15.0  26.4     6     6.1     3    45.2   0.1 133.8   1.1  19.7     1     WNW

Max >=  27.0:  0
Max <=   0.0:  0
Min <=   0.0:  0
Min <= -18.0:  0
Max Rain: 27.0 on day 13
Days of Rain: 20 (>= 0.2 mm)  15 (>= 2.0 mm)  2 (>= 20.0 mm)
Heat Base: 15.5  Cool Base: 25.0  Method: Integration


Page updated 20/11/2018 17:26:21
© Sandaysoft 2009
powered by Sandy Software Cumulus software v1.9.2 by Steve Loft