NOAA-style Climate Reports for Audley UK


Report for 2016 Jul
                   Monthly Climatological Summary for Jul 2016

Name: Audley   City: Stoke-on-Trent   County: Staffordshire   Country: UK
Elevation: 140 m  Lat: N 53 03' 19"   Lon: W 002 18' 04"

                  Temperature (C), Rain (mm), Wind Speed (mph)

                                      Heat  Cool        Avg
    Mean                              Deg   Deg         Wind                 Dom
Day Temp  High   Time   Low    Time   Days  Days  Rain  Speed High   Time    Dir
----------------------------------------------------------------------------------
 1  13.8  18.0   14:21  10.2   23:57   2.0   0.0   1.1   2.5  22.1   19:06     W
 2  12.3  17.2   16:29   9.0   03:50   3.3   0.0   1.8   3.0  20.6   13:57     W
 3  14.1  18.8   17:29  10.1   05:18   2.1   0.0   0.1   1.4  13.6   14:12   WNW
 4  14.7  19.3   16:11   8.9   04:39   2.0   0.0   0.1   0.6   9.2   16:09   SSW
 5  14.2  16.2   17:50  11.7   23:54   1.3   0.0   0.1   4.2  22.1   10:20   WNW
 6  14.6  19.3   15:17   8.8   04:21   2.0   0.0   0.0   0.8   7.6   11:16     W
 7  16.4  19.9   16:24  13.9   05:09   0.4   0.0   0.7   0.5   9.8   16:02    SW
 8  16.4  18.9   12:25  14.4   05:44   0.2   0.0   7.8   3.0  22.1   12:33     W
 9  17.3  20.6   16:20  15.0   04:02   0.1   0.0  14.5   0.8  14.5   16:27   SSW
10  17.0  19.1   11:28  14.6   22:42   0.1   0.0   9.1   1.1  11.4   19:39    SW
11  15.0  16.6   14:41  13.1   23:57   0.6   0.0   3.0   2.9  16.8   11:49     W
12  12.9  14.6   15:08   9.5   23:57   2.6   0.0   2.3   1.5  12.1   10:22   WNW
13  12.9  18.2   16:55   9.0   01:03   2.9   0.0   2.1   2.7  19.7   16:10   WNW
14  13.9  19.2   17:14   9.9   03:59   2.2   0.0   0.0   2.3  13.6   19:10   WNW
15  14.9  19.2   16:06  10.8   02:44   1.5   0.0   4.7   0.9  12.1   22:32   WSW
16  16.4  18.0   20:02  14.8   23:18   0.0   0.0   3.8   1.2  10.7   20:00     W
17  17.6  24.6   17:33  14.1   04:07   0.5   0.0   0.0   1.5  14.5   16:21   WNW
18  20.4  27.9   17:50  14.5   01:55   0.1   0.3   0.0   0.2   7.6   16:41   WSW
19  23.7  30.1   17:00  17.7   05:16   0.0   1.1   0.0   0.6  11.4   18:07    SE
20  22.0  26.3   14:43  17.3   23:58   0.0   0.1   0.1   2.0  15.2   08:28   WNW
21  17.5  21.4   15:26  13.7   05:11   0.3   0.0   3.7   0.4   8.3   15:03   WNW
22  19.1  24.6   16:13  15.3   05:40   0.0   0.0   0.9   0.6  10.7   12:33     W
23  18.5  24.0   17:19  14.7   05:58   0.1   0.0   0.1   0.7   6.9   11:43   WNW
24  17.9  21.2   15:18  15.0   23:51   0.0   0.0   0.8   0.6  10.7   20:03   WSW
25  15.7  18.6   15:39  13.6   05:43   0.5   0.0   0.0   1.6  13.0   14:16     W
26  16.7  19.6   15:05  14.2   05:32   0.4   0.0   0.3   0.9  12.1   12:34   WSW
27  16.1  19.2   16:24  12.4   23:28   0.3   0.0   5.1   2.4  16.8   12:23   WNW
28  15.0  19.6   17:36  11.1   03:00   1.4   0.0   1.5   0.8  11.4   12:07   WSW
29  16.2  18.0   11:19  12.9   23:58   0.2   0.0   0.4   1.7  13.0   13:50   WNW
30  14.6  18.0   16:12  11.7   04:08   1.4   0.0   0.0   2.0  15.2   11:21   WNW
31  14.3  18.3   13:34  11.3   04:38   1.7   0.0   0.0   1.9  15.9   13:17   WNW
----------------------------------------------------------------------------------
    16.2  30.1    19     8.8     6    30.2   1.5  64.1   1.5  22.1     1       W

Max >=  27.0:  2
Max <=   0.0:  0
Min <=   0.0:  0
Min <= -18.0:  0
Max Rain: 14.5 on day 9
Days of Rain: 18 (>= 0.2 mm)  10 (>= 2.0 mm)  0 (>= 20.0 mm)
Heat Base: 15.5  Cool Base: 25.0  Method: Integration


Page updated 20/11/2018 17:26:21
© Sandaysoft 2009
powered by Sandy Software Cumulus software v1.9.2 by Steve Loft