NOAA-style Climate Reports for Audley UK


Report for 2017 Aug
                   Monthly Climatological Summary for Aug 2017

Name: Audley   City: Stoke-on-Trent   County: Staffordshire   Country: UK
Elevation: 140 m  Lat: N 53 03' 19"   Lon: W 002 18' 04"

                  Temperature (C), Rain (mm), Wind Speed (mph)

                                      Heat  Cool        Avg
    Mean                              Deg   Deg         Wind                 Dom
Day Temp  High   Time   Low    Time   Days  Days  Rain  Speed High   Time    Dir
----------------------------------------------------------------------------------
 1  13.7  18.9   18:06  10.4   05:19   2.1   0.0   3.4   0.3  10.7   16:06   WSW
 2  15.2  21.6   17:22  11.9   00:28   1.4   0.0   3.2   0.8  15.9   14:42    SE
 3  14.8  17.9   15:08  12.6   04:44   1.1   0.0   1.2   1.4  18.3   13:50     W
 4  14.4  17.1   16:49  12.1   23:42   1.4   0.0   0.9   2.1  17.4   14:50   WNW
 5  13.2  16.4   13:23  10.4   06:24   2.4   0.0   5.7   1.8  15.9   13:09   WNW
 6  12.8  16.7   13:16   8.8   04:25   2.8   0.0   5.7   0.4  12.1   17:49   WSW
 7  13.8  18.0   16:12  11.6   03:43   2.0   0.0   4.5   0.7  25.1   07:10   WNW
 8  12.4  16.2   15:49  10.5   23:57   3.1   0.0   5.3   1.0  14.5   16:52    NW
 9  12.8  18.2   18:10  10.2   02:48   2.9   0.0   4.1   1.4  19.0   12:14    NW
10  13.3  19.5   17:57   9.0   03:20   2.8   0.0   0.0   0.7  11.4   13:17   WNW
11  13.2  16.6   16:04   8.2   05:22   2.4   0.0   1.1   0.3  10.7   12:23     W
12  14.4  18.3   17:36  10.5   23:52   1.4   0.0   0.3   2.9  21.3   13:28   WNW
13  13.1  17.6   15:42   8.1   06:21   2.8   0.0   0.0   0.4   8.3   12:43   WNW
14  13.9  17.8   15:44  11.4   01:36   2.0   0.0   3.9   0.4  11.4   14:35   SSE
15  14.7  20.3   17:57  11.2   06:38   1.8   0.0   0.1   2.0  14.5   17:11   WNW
16  14.0  19.0   15:08   9.3   05:46   2.2   0.0   3.4   0.5  12.1   21:11    SE
17  15.8  20.6   17:18  12.4   23:36   1.0   0.0  11.3   0.9  16.8   15:40   WNW
18  12.7  16.4   14:38   9.2   23:49   2.8   0.0   3.6   1.4  17.4   12:24   WNW
19  12.0  14.4   16:56   9.3   00:00   3.5   0.0   4.2   3.0  21.3   11:12   WNW
20  12.9  16.9   14:57   9.7   03:23   2.7   0.0   3.2   0.7  12.1   12:13   WNW
21  14.5  17.9   14:41  12.2   06:15   1.4   0.0   0.0   0.1   8.3   14:45    SE
22  17.4  21.3   16:01  14.6   02:30   0.2   0.0   0.0   0.2   7.6   14:01    SE
23  16.4  20.0   17:44  12.3   23:38   0.3   0.0   0.0   1.2  15.9   15:13   WNW
24  14.2  19.0   17:56  10.7   04:21   1.8   0.0   0.5   0.8  10.7   16:03   WNW
25  14.6  18.8   15:12  10.5   06:42   1.7   0.0   0.1   0.2   7.6   13:11     W
26  15.5  19.9   18:05  11.2   23:58   1.0   0.0   0.0   0.4   9.2   16:53    NW
27  15.3  21.5   16:20   9.4   05:58   2.0   0.0   0.0   0.2   6.9   12:40     W
28  17.0  23.4   17:49  13.4   06:57   0.4   0.0   0.0   0.7  13.0   18:30     W
29  13.5  15.3   13:27  11.0   23:51   2.0   0.0   0.4   0.8  11.4   06:04   WNW
30  12.1  16.6   18:00   9.2   23:51   3.4   0.0   0.0   0.7  11.4   12:00   WNW
31  11.2  17.4   18:25   7.2   06:44   4.3   0.0   0.5   0.2   7.6   15:20    NW
----------------------------------------------------------------------------------
    14.0  23.4    28     7.2    31    63.1   0.0  66.6   0.9  25.1     7     WNW

Max >=  27.0:  0
Max <=   0.0:  0
Min <=   0.0:  0
Min <= -18.0:  0
Max Rain: 11.3 on day 17
Days of Rain: 20 (>= 0.2 mm)  13 (>= 2.0 mm)  0 (>= 20.0 mm)
Heat Base: 15.5  Cool Base: 25.0  Method: Integration


Page updated 20/11/2018 17:26:21
© Sandaysoft 2009
powered by Sandy Software Cumulus software v1.9.2 by Steve Loft