NOAA-style Climate Reports for Audley UK


Report for 2017 Oct
                   Monthly Climatological Summary for Oct 2017

Name: Audley   City: Stoke-on-Trent   County: Staffordshire   Country: UK
Elevation: 140 m  Lat: N 53 03' 19"   Lon: W 002 18' 04"

                  Temperature (C), Rain (mm), Wind Speed (mph)

                                      Heat  Cool        Avg
    Mean                              Deg   Deg         Wind                 Dom
Day Temp  High   Time   Low    Time   Days  Days  Rain  Speed High   Time    Dir
----------------------------------------------------------------------------------
 1  13.5  15.4   17:36  11.5   00:06   2.0   0.0   0.9   1.1  14.5   21:19   SSW
 2  11.8  13.7   00:02   9.3   21:39   3.7   0.0   0.2   6.8  27.3   15:24   WSW
 3   9.7  12.1   13:37   8.4   23:12   5.8   0.0   2.2   4.5  22.1   06:42   WSW
 4  10.1  12.3   15:31   8.1   05:46   5.4   0.0   8.9   2.4  19.7   12:49   WSW
 5  10.5  13.1   04:30   8.0   08:03   5.0   0.0   3.7   4.7  35.8   04:38     W
 6   9.3  11.9   14:42   6.5   07:06   6.2   0.0   0.1   0.9  11.4   12:56     W
 7  11.2  12.7   10:47   9.7   00:54   4.3   0.0   3.7   3.2  17.4   10:28   WSW
 8  11.1  12.7   14:54   9.9   05:22   4.4   0.0   1.3   1.0  10.7   14:32     W
 9  11.7  14.3   16:00  10.2   07:56   3.8   0.0   0.1   0.5   9.2   21:01   SSW
10  13.1  16.2   14:16  11.8   22:08   2.4   0.0   0.0   2.3  19.0   14:25   WSW
11  12.7  14.1   11:24   9.7   23:55   2.8   0.0   2.2   3.5  20.6   06:11   WSW
12  10.1  13.9   15:41   6.9   07:34   5.4   0.0   0.1   1.3  15.2   00:29   WSW
13  15.0  18.1   14:55  11.1   00:00   1.1   0.0   0.1   1.6  13.6   13:56    SW
14  15.5  18.2   13:45  12.1   23:54   0.6   0.0   0.0   1.0  11.4   01:45    SW
15  13.5  16.1   15:14  11.8   03:04   2.0   0.0   0.0   1.0  11.4   02:26   WSW
16  14.0  17.4   14:01  11.8   04:16   1.7   0.0   0.9   3.4  25.9   20:22    SW
17  10.9  13.1   14:49   8.1   22:23   4.6   0.0   0.0   3.8  27.3   00:50   WSW
18   9.0  11.2   13:53   5.4   07:19   6.5   0.0   0.0   0.3  11.4   18:31     S
19  10.7  12.7   16:29   9.0   06:42   4.8   0.0  13.4   0.9  13.0   23:03   NNE
20  10.1  11.7   14:25   8.3   18:43   5.4   0.0   3.1   2.4  22.1   10:05   WSW
21  10.3  11.1   01:59   9.0   07:04   5.2   0.0   2.5   4.5  32.0   23:19    SW
22   9.0  10.7   14:56   7.6   08:31   6.5   0.0   0.0   9.0  30.4   08:01   WSW
23  11.1  14.0   15:33   8.3   00:54   4.4   0.0   0.5   0.8  13.6   13:16    SW
24  13.1  16.2   14:03   9.9   03:04   2.4   0.0   0.9   2.4  20.6   13:45   WSW
25  11.3  14.1   01:21   8.8   08:46   4.2   0.0   3.5   2.7  17.4   12:01   WSW
26  10.4  13.0   15:03   8.8   04:03   5.1   0.0   0.0   0.3   6.9   21:20   WNW
27   7.6  10.5   15:00   5.3   08:20   7.9   0.0   0.0   1.0   9.8   15:21   WNW
28  10.1  14.0   14:06   4.5   02:58   5.4   0.0   0.0   5.9  24.4   21:01   WSW
29   8.4  13.2   00:14   2.1   23:49   7.1   0.0   1.1   3.7  22.1   00:14   WSW
30   4.4   8.1   14:22   0.9   07:26  11.1   0.0   0.0   0.1   7.6   14:09    SW
31   9.0  12.3   12:08   6.4   01:11   6.5   0.0   0.2   1.3  11.4   11:55    SW
----------------------------------------------------------------------------------
    10.9  18.2    14     0.9    30   143.7   0.0  49.6   2.6  35.8     5     WSW

Max >=  27.0:  0
Max <=   0.0:  0
Min <=   0.0:  0
Min <= -18.0:  0
Max Rain: 13.4 on day 19
Days of Rain: 17 (>= 0.2 mm)  9 (>= 2.0 mm)  0 (>= 20.0 mm)
Heat Base: 15.5  Cool Base: 25.0  Method: Integration


Page updated 20/11/2018 17:26:21
© Sandaysoft 2009
powered by Sandy Software Cumulus software v1.9.2 by Steve Loft