NOAA-style Climate Reports for Audley UK


Report for 2017 Nov
                   Monthly Climatological Summary for Nov 2017

Name: Audley   City: Stoke-on-Trent   County: Staffordshire   Country: UK
Elevation: 140 m  Lat: N 53 03' 19"   Lon: W 002 18' 04"

                  Temperature (C), Rain (mm), Wind Speed (mph)

                                      Heat  Cool        Avg
    Mean                              Deg   Deg         Wind                 Dom
Day Temp  High   Time   Low    Time   Days  Days  Rain  Speed High   Time    Dir
----------------------------------------------------------------------------------
 1   8.0  10.6   14:25   5.4   22:42   7.5   0.0   0.2   0.4   6.0   06:03    SW
 2   8.5  10.4   12:50   6.1   00:01   7.0   0.0   0.0   0.2  13.6   05:50   WSW
 3   8.8  10.4   14:31   7.3   06:21   6.7   0.0   2.4   0.5  11.4   00:54   WSW
 4   7.2   8.8   03:47   3.9   21:32   8.3   0.0   3.5   2.9  18.3   12:34   WSW
 5   4.1   7.5   14:34   1.6   23:37  11.4   0.0  10.2   2.2  17.4   01:01     W
 6   4.7   8.0   13:18   0.9   07:46  10.8   0.0   0.1   1.4  16.8   19:17     S
 7   6.9   9.3   10:44   2.7   23:54   8.6   0.0   4.8   3.3  19.7   02:07   WSW
 8   3.6   7.1   15:27   0.2   08:07  11.9   0.0   0.2   0.6   8.3   23:42   WSW
 9   8.1  11.0   09:59   5.6   22:49   7.4   0.0   0.0   4.0  22.1   09:52   WSW
10   7.1  10.1   04:47   5.2   23:58   8.4   0.0   1.8   6.3  28.2   11:33   WSW
11   5.7   7.3   13:31   4.6   20:26   9.8   0.0   3.2   0.8   9.2   12:34     W
12   3.6   5.4   12:51   0.8   23:54  11.9   0.0   3.0   3.9  22.1   10:57   WNW
13   2.4   5.8   23:53  -0.9   07:55  13.1   0.0   0.0   1.3  12.1   22:19   WSW
14   8.9  11.3   14:01   5.7   00:00   6.6   0.0   0.4   1.6  13.0   01:02    SW
15   8.7   9.8   14:03   7.7   22:51   6.8   0.0   0.1   0.4   6.9   03:49   SSW
16   6.6   9.3   10:17   1.5   23:33   8.9   0.0   1.8   2.7  19.7   10:51     W
17   3.5   6.7   12:48   0.6   04:03  12.0   0.0   0.0   2.7  15.9   13:23   WSW
18   5.5   7.7   12:41   4.0   00:01  10.0   0.0   0.1   3.8  14.5   11:12   WSW
19   3.7   6.3   14:44   0.5   07:56  11.8   0.0   0.0   0.8   8.3   23:20   WSW
20   9.8  13.3   13:29   5.3   00:00   5.7   0.0   2.4   4.5  25.9   14:17    SW
21  11.2  12.3   23:48  10.0   16:25   4.3   0.0   3.5   4.5  16.8   11:58    SW
22  12.0  13.2   10:47  10.6   23:58   3.5   0.0   4.6   4.0  21.3   13:03   WSW
23   5.5  10.7   00:00   3.0   21:43  10.0   0.0   4.7   5.5  28.9   13:08   WSW
24   2.7   5.9   13:33   0.0   08:05  12.8   0.0   0.0   1.9  15.2   13:36   WSW
25   1.2   3.0   12:47  -0.1   06:58  14.3   0.0  10.5   5.5  28.9   15:36     W
26   3.2   6.4   23:53   1.5   00:01  12.2   0.0   7.4   5.6  28.2   02:14   WSW
27   5.0   8.0   03:00   1.7   20:56  10.5   0.0   6.5   6.5  28.2   13:46   WSW
28   1.8   3.7   13:00   0.2   22:23  13.7   0.0   0.2   2.9  17.4   13:00    NW
29   1.2   3.6   14:36  -1.5   23:58  14.3   0.0   0.1   4.4  17.4   14:58   NNW
30  -0.7   1.3   12:42  -2.6   04:34  16.2   0.0   0.0   4.7  21.3   13:51   NNW
----------------------------------------------------------------------------------
     5.6  13.3    20    -2.6    30   296.4   0.0  71.7   3.0  28.9    23     WSW

Max >=  27.0:  0
Max <=   0.0:  0
Min <=   0.0:  5
Min <= -18.0:  0
Max Rain: 10.5 on day 25
Days of Rain: 19 (>= 0.2 mm)  13 (>= 2.0 mm)  0 (>= 20.0 mm)
Heat Base: 15.5  Cool Base: 25.0  Method: Integration


Page updated 20/11/2018 17:26:21
© Sandaysoft 2009
powered by Sandy Software Cumulus software v1.9.2 by Steve Loft