NOAA-style Climate Reports for Audley UK


Report for 2017 Dec
                   Monthly Climatological Summary for Dec 2017

Name: Audley   City: Stoke-on-Trent   County: Staffordshire   Country: UK
Elevation: 140 m  Lat: N 53 03' 19"   Lon: W 002 18' 04"

                  Temperature (C), Rain (mm), Wind Speed (mph)

                                      Heat  Cool        Avg
    Mean                              Deg   Deg         Wind                 Dom
Day Temp  High   Time   Low    Time   Days  Days  Rain  Speed High   Time    Dir
----------------------------------------------------------------------------------
 1   0.8   3.0   14:29  -1.2   05:08  14.7   0.0   0.0   2.9  14.5   00:58   NNW
 2   4.4   6.6   14:02   1.0   00:40  11.1   0.0   1.8   1.9  13.6   14:14   WNW
 3   6.4   7.6   13:11   4.7   18:46   9.1   0.0   0.8   4.4  15.9   04:49    NW
 4   6.1   7.4   13:27   4.7   01:30   9.4   0.0   0.7   3.5  15.2   07:15     W
 5   5.8   6.6   13:42   5.3   00:30   9.7   0.0   0.1   3.2  15.2   09:14   WSW
 6   7.9   9.8   14:07   6.0   00:00   7.6   0.0   0.2   3.3  17.4   14:40   SSW
 7   6.2  10.7   06:40   1.4   23:29   9.3   0.0   4.9   7.4  33.6   07:39     W
 8  -0.2   1.8   00:02  -1.2   21:16  15.7   0.0   1.1   6.5  27.3   00:51     W
 9  -0.8  -0.3   12:55  -1.5   04:45  16.3   0.0   0.5   1.5  15.2   00:28   WSW
10  -1.3  -0.5   13:04  -2.2   02:29  16.8   0.0   0.0   2.9  17.4   09:00   ESE
11  -3.2  -1.7   00:00  -4.6   09:52  18.7   0.0   0.0   0.0   0.7   12:52   ---
12  -2.0   1.5   23:50  -4.4   03:37  17.5   0.0   0.0   1.3  15.2   21:35   SSE
13   2.0   4.5   12:00  -0.6   20:17  13.5   0.0  12.8   3.1  29.8   12:53   WSW
14   1.8   3.7   13:56   0.4   00:00  13.7   0.0   9.2   4.4  25.1   21:19   WSW
15   0.6   3.1   15:01  -1.2   23:50  14.9   0.0  10.6   2.3  16.8   12:27   NNW
16   0.4   2.8   14:03  -1.7   05:11  15.1   0.0   0.4   0.6   7.6   12:41     W
17   3.5   8.2   17:29  -0.2   01:06  12.0   0.0   3.9   2.9  25.9   18:29     W
18   3.0   4.7   13:37   1.3   21:38  12.5   0.0   0.1   0.4   7.6   01:56    NW
19   4.1   7.3   23:52   0.4   02:33  11.4   0.0   0.1   0.6   7.6   23:55     S
20   8.5  10.5   13:50   6.4   05:30   7.0   0.0   0.2   1.6  10.7   12:40   WSW
21   8.7   9.6   13:16   7.7   22:05   6.8   0.0   0.2   1.7  10.7   10:54    SW
22   8.2   9.3   14:02   6.5   22:21   7.3   0.0   1.0   0.6   8.3   20:52   WSW
23   6.5   7.8   14:29   5.5   09:23   9.0   0.0   0.2   2.4  14.5   21:15   WSW
24   8.5   9.9   11:28   6.9   00:04   7.0   0.0   0.2   5.7  19.7   13:39   WSW
25   7.1   9.0   02:35   2.7   23:31   8.4   0.0  11.8   4.8  21.3   22:18    SW
26   2.0   4.0   13:27   1.0   06:09  13.5   0.0   1.3   3.7  18.3   21:21    SW
27   0.4   2.0   14:48  -1.2   21:24  15.1   0.0   1.0   5.4  23.5   01:50    NW
28   0.0   2.4   14:06  -1.7   23:35  15.5   0.0   0.1   3.4  17.4   14:01     W
29   1.3   4.2   16:43  -2.3   01:09  14.2   0.0   9.8   5.0  25.1   14:17    SW
30   7.1  10.0   12:31   1.3   01:53   8.4   0.0   6.0   6.1  32.7   13:56   WSW
31   7.5  11.0   04:08   3.6   23:47   8.0   0.0   4.9   6.4  25.1   19:59   WSW
----------------------------------------------------------------------------------
     3.6  11.0    31    -4.6    11   369.2   0.0  83.9   3.2  33.6     7     WSW

Max >=  27.0:  0
Max <=   0.0:  3
Min <=   0.0: 13
Min <= -18.0:  0
Max Rain: 12.8 on day 13
Days of Rain: 23 (>= 0.2 mm)  9 (>= 2.0 mm)  0 (>= 20.0 mm)
Heat Base: 15.5  Cool Base: 25.0  Method: Integration


Page updated 20/11/2018 17:26:21
© Sandaysoft 2009
powered by Sandy Software Cumulus software v1.9.2 by Steve Loft