NOAA-style Climate Reports for Audley UK


Report for 2018 Apr
                   Monthly Climatological Summary for Apr 2018

Name: Audley   City: Stoke-on-Trent   County: Staffordshire   Country: UK
Elevation: 140 m  Lat: N 53 03' 19"   Lon: W 002 18' 04"

                  Temperature (C), Rain (mm), Wind Speed (mph)

                                      Heat  Cool        Avg
    Mean                              Deg   Deg         Wind                 Dom
Day Temp  High   Time   Low    Time   Days  Days  Rain  Speed High   Time    Dir
----------------------------------------------------------------------------------
 1   4.2   7.1   12:17   1.8   06:47  11.3   0.0   0.4   4.0  16.8   21:31     E
 2   5.0   9.6   18:32   0.9   05:16  10.5   0.0  14.9   7.3  25.9   06:57    SE
 3   9.7  13.5   13:36   7.0   23:46   5.8   0.0   0.2   3.7  19.0   15:07   SSW
 4   7.2  11.2   14:38   2.6   23:34   8.3   0.0  12.6   4.5  28.2   20:21    SW
 5   5.5  10.8   16:55   0.7   06:31  10.0   0.0   0.1   3.2  18.3   02:17   WNW
 6   8.9  14.6   15:58   4.4   03:43   6.6   0.0   0.0   6.1  22.8   14:39    SE
 7   9.0  10.8   14:18   7.4   23:33   6.5   0.0   4.3   1.4  12.1   21:21    NW
 8   8.3  12.1   16:14   5.0   06:38   7.2   0.0   0.0   1.0   9.2   16:41   NNW
 9   8.2  13.9   12:40   3.7   06:49   7.3   0.0   4.4   3.0  17.4   20:18    SE
10   7.3   8.4   18:04   6.3   10:35   8.2   0.0   8.0   3.9  18.3   01:08   ESE
11   7.5   8.1   15:40   6.6   22:34   8.0   0.0   0.0   2.6  15.2   21:15     E
12   7.1   9.2   15:54   6.0   01:49   8.4   0.0   0.2   1.6  11.4   00:36     E
13   7.1   9.2   18:03   5.5   03:32   8.5   0.0   9.1   0.9   9.2   21:16   WSW
14  11.1  18.1   18:23   7.2   05:36   4.5   0.0   0.0   1.6  10.7   23:36     S
15  10.5  13.8   14:57   8.7   04:41   5.0   0.0   2.2   5.4  15.9   15:51    SE
16  10.7  14.5   18:05   7.3   07:09   4.8   0.0   0.0   3.1  19.0   23:25    SW
17  11.7  12.9   17:34   9.7   04:06   3.8   0.0   0.7   5.1  21.3   01:20   SSE
18  16.4  23.4   17:47  12.5   00:18   1.0   0.0   0.0   4.2  19.0   16:24    SE
19  17.0  25.3   18:06  11.0   23:55   1.1   0.0   0.0   3.0  11.4   15:10     W
20  12.6  18.6   17:58   9.7   02:44   3.2   0.0   0.0   3.0  13.0   13:45   NNW
21  15.5  23.0   17:53   8.2   03:06   2.4   0.0   0.0   2.8  14.5   16:57    SE
22  13.9  16.9   00:00   9.5   23:06   1.7   0.0   0.7   4.4  19.0   18:32   WSW
23  10.9  14.5   16:09   9.1   06:48   4.6   0.0   0.0   5.5  19.0   18:42   WSW
24   9.7  12.0   10:29   6.1   23:51   5.8   0.0  14.8   3.0  15.2   19:51   WSW
25   8.6  12.9   14:33   5.8   04:53   6.9   0.0   1.8   4.8  21.3   16:14     W
26   9.1  13.5   17:41   6.4   23:57   6.4   0.0   0.0   5.5  27.3   10:38     W
27   6.4   7.6   15:23   4.7   03:48   9.1   0.0   6.5   0.7   9.8   20:46   ESE
28   7.3  12.2   17:27   4.7   00:37   8.2   0.0   0.0   1.6  10.7   18:11     N
29   6.7  10.4   15:54   3.1   02:48   8.8   0.0   0.0   2.0  15.2   15:52   NNE
30   6.4  12.4   17:10   1.8   04:39   9.1   0.0   0.0   4.8  22.1   10:16    NW
----------------------------------------------------------------------------------
     9.3  25.3    19     0.7     5   193.0   0.0  80.9   3.5  28.2     4       S

Max >=  27.0:  0
Max <=   0.0:  0
Min <=   0.0:  0
Min <= -18.0:  0
Max Rain: 14.9 on day 2
Days of Rain: 15 (>= 0.2 mm)  9 (>= 2.0 mm)  0 (>= 20.0 mm)
Heat Base: 15.5  Cool Base: 25.0  Method: Integration


Page updated 20/11/2018 17:26:21
© Sandaysoft 2009
powered by Sandy Software Cumulus software v1.9.2 by Steve Loft