NOAA-style Climate Reports for Audley UK


Report for 2018 Jun
                   Monthly Climatological Summary for Jun 2018

Name: Audley   City: Stoke-on-Trent   County: Staffordshire   Country: UK
Elevation: 140 m  Lat: N 53 03' 19"   Lon: W 002 18' 04"

                  Temperature (C), Rain (mm), Wind Speed (mph)

                                      Heat  Cool        Avg
    Mean                              Deg   Deg         Wind                 Dom
Day Temp  High   Time   Low    Time   Days  Days  Rain  Speed High   Time    Dir
----------------------------------------------------------------------------------
 1  18.6  23.5   17:26  15.4   04:28   0.0   0.0   0.0   0.1   7.6   18:31    SE
 2  16.4  18.8   16:54  14.0   23:59   0.1   0.0   1.5   0.4   8.3   17:22    NW
 3  17.8  25.1   17:57  12.2   05:21   0.9   0.0   0.0   0.5  11.4   19:03    NW
 4  16.9  21.4   15:51  12.8   05:28   0.5   0.0   0.0   1.0  13.6   13:51     E
 5  15.1  21.8   17:40  11.7   06:18   1.5   0.0   0.0   0.9   9.8   01:34   ESE
 6  14.9  23.4   17:44   8.2   05:21   2.3   0.0   0.0   0.7   9.8   15:38   NNE
 7  16.1  23.7   16:26   9.6   05:14   1.8   0.0   0.0   0.6   9.8   09:02     E
 8  14.8  17.0   16:37  12.4   23:48   0.9   0.0   4.5   0.1   6.0   14:32   ESE
 9  16.6  21.9   16:04  12.3   00:02   1.1   0.0   0.0   0.3   9.2   13:21   ESE
10  17.5  25.7   17:40  11.3   04:27   1.0   0.0   0.0   0.3   8.3   13:40   ESE
11  16.9  22.2   16:28  12.1   04:59   0.8   0.0   0.0   1.4  17.4   14:11   WNW
12  15.7  20.1   14:54  12.4   02:41   0.9   0.0   0.0   0.8  10.7   12:56    NE
13  16.0  22.4   17:31  10.6   04:01   1.4   0.0   0.2   1.1  13.6   14:00     W
14  15.7  20.2   17:43  12.3   23:59   0.7   0.0   0.2   3.9  24.4   12:09     W
15  14.1  18.6   17:47  10.0   04:32   1.8   0.0   0.1   1.4  15.2   16:26     W
16  14.2  20.0   15:49  11.2   04:46   2.0   0.0   3.1   1.4  19.7   17:58     W
17  14.7  16.9   14:59  11.9   03:33   1.2   0.0   0.1   0.7  12.1   09:16     W
18  16.4  20.0   16:13  13.5   05:52   0.4   0.0   0.2   2.3  15.9   15:47     W
19  17.1  21.2   16:27  12.6   05:41   0.6   0.0   1.1   1.4  14.5   17:13     W
20  16.1  20.7   11:05  10.6   23:59   0.7   0.0   0.0   2.7  19.7   13:29     W
21  12.7  16.7   15:21   9.4   05:04   2.9   0.0   0.0   3.9  23.5   15:26   WNW
22  14.0  20.6   16:06   8.1   04:28   2.6   0.0   0.0   1.8  13.0   19:22   WNW
23  14.4  19.8   17:20   8.8   05:32   2.2   0.0   0.0   1.8  14.5   15:17   WNW
24  16.8  25.5   17:49   9.6   04:47   1.8   0.0   0.0   0.8  11.4   16:09   WNW
25  19.8  29.6   17:12  12.0   05:57   0.8   0.6   0.0   0.9  12.1   18:20    NW
26  21.9  31.4   17:26  14.4   05:33   0.1   1.2   0.0   0.3   8.3   16:25    SE
27  20.7  29.6   17:32  13.5   05:33   0.3   0.5   0.0   0.8  10.7   10:36    SE
28  20.0  30.2   17:49  11.7   05:55   0.7   0.7   0.0   1.1  10.7   17:16   ESE
29  20.3  29.8   17:40  11.7   05:43   0.6   0.6   0.0   1.7  15.2   15:51   ESE
30  19.6  28.2   17:23  11.8   04:59   0.7   0.4   0.0   1.8  17.4   13:59    SE
----------------------------------------------------------------------------------
    16.7  31.4    26     8.1    22    33.3   4.0  11.0   1.2  24.4    14     WNW

Max >=  27.0:  6
Max <=   0.0:  0
Min <=   0.0:  0
Min <= -18.0:  0
Max Rain: 4.5 on day 8
Days of Rain: 7 (>= 0.2 mm)  2 (>= 2.0 mm)  0 (>= 20.0 mm)
Heat Base: 15.5  Cool Base: 25.0  Method: Integration


Page updated 20/11/2018 17:26:21
© Sandaysoft 2009
powered by Sandy Software Cumulus software v1.9.2 by Steve Loft