NOAA-style Climate Reports for Audley UK


Report for 2018 Aug
                   Monthly Climatological Summary for Aug 2018

Name: Audley   City: Stoke-on-Trent   County: Staffordshire   Country: UK
Elevation: 140 m  Lat: N 53 03' 19"   Lon: W 002 18' 04"

                  Temperature (C), Rain (mm), Wind Speed (mph)

                                      Heat  Cool        Avg
    Mean                              Deg   Deg         Wind                 Dom
Day Temp  High   Time   Low    Time   Days  Days  Rain  Speed High   Time    Dir
----------------------------------------------------------------------------------
 1  18.0  23.2   17:52  13.1   01:11   0.5   0.0   0.0   0.3  13.0   17:49    SW
 2  21.1  27.9   16:52  16.2   06:20   0.0   0.3   0.0   1.0  12.1   11:19     W
 3  20.3  24.9   15:32  16.2   05:57   0.0   0.0   0.0   1.0  13.0   17:35     W
 4  18.6  24.1   16:55  14.9   23:57   0.0   0.0   0.0   1.3  13.0   15:42   WNW
 5  20.0  30.2   17:54  13.4   02:51   0.6   0.5   0.0   0.4   9.2   12:45     W
 6  19.9  25.7   16:47  15.7   05:47   0.0   0.0   0.0   0.6   9.2   14:08   WNW
 7  18.0  23.5   13:16  15.3   07:04   0.0   0.0   0.0   1.0  12.1   14:49   WNW
 8  15.9  20.3   12:13  11.6   04:46   0.9   0.0   0.5   0.8  13.0   13:47     W
 9  14.6  19.4   17:59  11.2   05:58   1.8   0.0   0.0   0.6  13.0   18:49   WNW
10  12.9  18.7   17:32  10.1   03:53   2.7   0.0   6.2   1.6  17.4   19:05     W
11  14.6  20.9   13:34   8.4   04:47   2.3   0.0   2.8   0.4  11.4   19:51     S
12  16.9  20.1   16:54  15.4   02:53   0.0   0.0   6.1   0.3  10.7   00:11   SSE
13  16.2  18.7   18:14  13.4   23:58   0.1   0.0   0.0   1.9  17.4   16:39     W
14  16.9  20.6   14:49  12.8   01:10   0.7   0.0   0.0   1.5  13.6   14:56     W
15  18.5  22.4   15:02  15.3   04:09   0.0   0.0   0.0   0.9  13.0   20:15   WSW
16  15.9  19.0   16:05  13.0   08:48   0.7   0.0   7.0   2.1  18.3   17:24     W
17  14.4  16.9   12:45  11.1   05:23   1.4   0.0   0.2   0.8  14.5   15:22     W
18  18.4  22.3   15:24  15.3   00:00   0.0   0.0   0.0   1.5  13.6   15:36     W
19  18.3  20.6   14:43  16.8   07:07   0.0   0.0   0.8   1.7  16.8   13:38     W
20  19.0  22.5   15:04  16.2   07:16   0.0   0.0   0.1   0.3   7.6   15:11     W
21  19.3  27.1   18:08  16.4   23:59   0.0   0.1   0.0   0.4   7.6   16:12     W
22  18.2  22.8   13:19  13.6   23:38   0.2   0.0   5.1   1.3  13.6   15:46     W
23  13.9  17.3   13:07  10.6   23:47   1.8   0.0   1.1   1.7  14.5   19:46     W
24  11.1  15.5   14:14   8.5   23:31   4.4   0.0   6.1   3.1  21.3   17:22     W
25  11.6  17.3   18:07   7.9   03:31   4.0   0.0   6.4   2.2  21.3   12:48     W
26  12.0  16.3   18:36   9.3   04:07   3.6   0.0   8.0   1.0  13.0   11:28    SW
27  14.5  16.5   15:23  12.4   03:00   1.2   0.0   0.0   3.1  14.5   03:55     W
28  14.6  16.9   12:32  12.1   06:21   1.2   0.0   0.0   0.1   7.6   12:16    SW
29  13.4  16.9   18:09  10.1   23:50   2.2   0.0   0.1   1.5  15.9   18:45     W
30  12.7  18.9   18:13   8.6   06:28   3.1   0.0   0.0   0.3   9.2   13:00   NNW
31  13.8  20.5   18:09   8.9   06:03   2.5   0.0   0.0   0.2   7.6   09:58   SSE
----------------------------------------------------------------------------------
    16.2  30.2     5     7.9    25    35.9   0.9  50.5   1.1  21.3    24       W

Max >=  27.0:  3
Max <=   0.0:  0
Min <=   0.0:  0
Min <= -18.0:  0
Max Rain: 8.0 on day 26
Days of Rain: 12 (>= 0.2 mm)  8 (>= 2.0 mm)  0 (>= 20.0 mm)
Heat Base: 15.5  Cool Base: 25.0  Method: Integration


Page updated 20/11/2018 17:26:21
© Sandaysoft 2009
powered by Sandy Software Cumulus software v1.9.2 by Steve Loft