NOAA-style Climate Reports for Audley UK


Report for 2019 Jan
                   Monthly Climatological Summary for Jan 2019

Name: Audley   City: Stoke-on-Trent   County: Staffordshire   Country: UK
Elevation: 140 m  Lat: N 53 03' 19"   Lon: W 002 18' 04"

                  Temperature (C), Rain (mm), Wind Speed (mph)

                                      Heat  Cool        Avg
    Mean                              Deg   Deg         Wind                 Dom
Day Temp  High   Time   Low    Time   Days  Days  Rain  Speed High   Time    Dir
----------------------------------------------------------------------------------
 1   6.3   8.7   09:36   0.9   23:55   9.2   0.0   1.2   4.0  16.8   12:04    NW
 2   1.4   2.8   14:24  -0.4   04:29  14.1   0.0   0.0   0.2   9.2   09:37   NNW
 3   1.0   2.6   12:44  -0.3   08:34  14.5   0.0   0.1   1.2   6.9   14:36   SSE
 4   1.2   3.4   23:25  -1.0   04:40  14.3   0.0   0.0   0.9   6.9   11:43   WSW
 5   4.5   5.8   15:25   3.0   02:54  11.0   0.0   0.0   2.3   9.8   15:18     W
 6   6.9   8.7   14:07   5.2   01:46   8.6   0.0   0.0   0.9   7.6   23:48   WNW
 7   8.5  11.3   12:41   6.8   03:45   7.0   0.0   0.8   6.9  25.9   14:29   WNW
 8   5.9   7.7   00:27   2.2   23:55   9.6   0.0   0.0   6.4  26.6   03:57    NW
 9   1.2   3.7   14:35  -0.6   08:07  14.3   0.0   0.0   1.0   9.8   09:51   NNW
10   2.9   5.9   20:17  -0.6   00:24  12.6   0.0   0.3   0.5   5.4   19:31    NW
11   6.2   7.3   23:24   5.0   06:59   9.3   0.0   0.3   2.7  13.0   22:30    NW
12   8.7  10.5   19:49   7.1   00:12   6.8   0.0   0.5   8.5  33.6   23:30   WNW
13   9.1  10.8   13:51   6.8   22:40   6.4   0.0   1.2  10.3  33.6   12:52   WNW
14   6.4   7.5   13:33   5.0   21:17   9.1   0.0   0.1   6.6  25.1   01:32   WNW
15   7.6   9.3   12:07   5.5   00:01   7.9   0.0   0.0   5.5  17.4   11:28   WNW
16   5.8   8.4   01:16   2.4   23:53   9.7   0.0   4.2   4.9  19.0   02:04   WNW
17   1.4   3.4   14:23  -0.5   08:23  14.1   0.0   1.2   3.9  24.4   05:01    NW
18   0.7   3.0   13:22  -1.1   03:01  14.9   0.0   8.3   5.4  19.0   14:52    SE
19   2.5   3.6   14:37   1.2   00:00  13.0   0.0   0.8   6.3  13.6   12:23    SE
20   3.3   4.4   15:38   2.3   20:23  12.2   0.0   0.1   1.4   7.6   00:19    SE
21   3.8   4.8   14:30   2.4   23:58  11.7   0.0   2.4   2.8  19.0   23:13   SSE
22   1.0   3.0   12:25  -0.4   18:44  14.5   0.0   3.5   2.6  13.0   18:21     W
23  -0.7   0.3   00:00  -1.6   10:59  16.2   0.0   1.3   0.1   4.5   00:03   NNW
24   3.0   4.9   20:50   0.1   00:00  12.5   0.0   4.5   0.8   7.6   05:06     W
25   8.4  10.4   14:50   4.8   00:00   7.1   0.0   2.7   5.6  21.3   12:20   WNW
26   7.4   9.6   14:38   6.0   22:38   8.1   0.0   4.2   5.5  22.8   13:13     W
27   4.2   6.0   00:00   2.1   23:59  11.3   0.0   3.8  12.9  38.0   12:08   WNW
28   1.4   3.9   14:28  -0.9   08:15  14.1   0.0   0.1   3.0  15.9   12:49    NW
29   1.0   2.3   11:48  -0.1   23:19  14.5   0.0   5.9   2.7  13.0   08:21   WSW
30  -0.1   2.4   15:35  -1.4   05:08  15.6   0.0   1.1   1.5  10.7   14:11     W
31  -1.5   0.3   15:14  -3.9   08:40  17.0   0.0   0.1   5.5  22.1   20:52    SE
----------------------------------------------------------------------------------
     3.9  11.3     7    -3.9    31   361.2   0.0  48.7   4.0  38.0    27     WNW

Max >=  27.0:  0
Max <=   0.0:  0
Min <=   0.0: 13
Min <= -18.0:  0
Max Rain: 8.3 on day 18
Days of Rain: 19 (>= 0.2 mm)  9 (>= 2.0 mm)  0 (>= 20.0 mm)
Heat Base: 15.5  Cool Base: 25.0  Method: Integration


Page updated 20/11/2018 17:26:21
© Sandaysoft 2009
powered by Sandy Software Cumulus software v1.9.2 by Steve Loft