NOAA-style Climate Reports for Audley UK


Report for 2019 May
                   Monthly Climatological Summary for May 2019

Name: Audley   City: Stoke-on-Trent   County: Staffordshire   Country: UK
Elevation: 140 m  Lat: N 53 03' 19"   Lon: W 002 18' 04"

                  Temperature (C), Rain (mm), Wind Speed (mph)

                                      Heat  Cool        Avg
    Mean                              Deg   Deg         Wind                 Dom
Day Temp  High   Time   Low    Time   Days  Days  Rain  Speed High   Time    Dir
----------------------------------------------------------------------------------
 1  11.5  14.4   14:41   8.6   23:47   4.0   0.0   2.2   0.6   8.3   20:17   WNW
 2   9.4  12.8   14:22   6.1   03:58   6.1   0.0   1.4   1.8  14.5   13:45   WNW
 3   8.4  11.2   11:27   4.8   23:57   7.1   0.0   1.2   1.3  19.0   16:12    NW
 4   6.6  11.2   17:08   2.9   06:12   8.9   0.0   0.3   2.4  23.5   11:46   NNW
 5   7.1  11.2   17:21   3.4   03:10   8.4   0.0   0.0   1.1  15.9   15:39   WNW
 6   7.6  11.3   15:20   4.8   06:23   7.9   0.0   0.0   1.3  13.0   17:33   WNW
 7   8.8  14.5   15:24   5.0   04:16   6.7   0.0   0.0   0.7  10.7   23:58    SE
 8   8.4  11.3   17:35   6.5   07:30   7.1   0.0   9.2   2.6  21.3   08:49   ESE
 9   7.2   8.4   15:03   5.9   23:40   8.3   0.0   9.3   0.5   8.3   08:09   ENE
10   8.0  12.8   12:51   4.5   06:13   7.5   0.0   2.0   0.8  15.2   13:06    SE
11   9.1  14.2   16:51   4.9   06:01   6.4   0.0   0.8   1.9  15.9   17:02   WNW
12  10.1  17.8   17:46   3.5   05:27   5.6   0.0   0.0   0.7   8.3   14:39   WNW
13  12.9  21.2   17:32   6.5   05:47   3.5   0.0   0.0   1.0   8.3   07:59   SSE
14  14.1  22.2   17:45   7.4   05:20   2.8   0.0   0.0   1.1  12.1   13:23    SE
15  14.2  20.5   16:45   8.0   05:37   2.5   0.0   0.0   1.1   9.2   22:43    SE
16  12.7  18.2   13:44   7.0   05:22   3.3   0.0   0.0   2.7  15.2   14:27   ESE
17  12.9  19.4   16:41   8.2   02:20   3.2   0.0   0.1   2.4  16.8   13:55   ENE
18  12.0  14.2   15:58   9.9   05:12   3.5   0.0   0.0   0.5   6.9   13:55    NW
19  12.2  15.9   17:41  10.0   05:55   3.3   0.0   0.4   0.9   9.8   17:45    NW
20  12.6  17.8   16:08   9.1   23:57   3.1   0.0   0.0   1.4  14.5   17:31   WNW
21  11.8  17.1   17:04   7.2   04:26   3.8   0.0   0.0   1.7  15.9   11:10   WNW
22  13.1  18.9   17:18   9.0   05:06   3.0   0.0   0.0   1.0  15.9   11:33     W
23  14.0  21.4   16:17   8.4   05:21   2.7   0.0   0.0   0.9   9.8   18:22     W
24  13.3  18.2   14:11   8.9   04:38   2.6   0.0   0.0   1.4  15.2   11:48     W
25  14.7  18.5   13:34  10.9   06:29   1.5   0.0   0.1   1.0  10.7   02:56     W
26  14.8  16.5   15:14  11.8   23:56   0.8   0.0   4.3   3.0  20.6   14:33     W
27  11.1  14.7   16:17   8.7   23:56   4.4   0.0  24.2   1.9  19.7   13:08     W
28  10.5  15.5   16:43   7.4   23:58   5.0   0.0   9.0   1.2  15.2   14:25   WNW
29  10.2  13.8   20:29   5.4   04:32   5.3   0.0   4.4   1.6  13.6   23:29     S
30  16.2  21.6   16:49  13.1   00:02   0.8   0.0   0.1   3.5  23.5   16:54   WSW
31  16.0  21.3   17:22  12.4   04:00   0.8   0.0   0.0   2.2  18.3   17:24   WSW
----------------------------------------------------------------------------------
    11.3  22.2    14     2.9     4   139.9   0.0  69.0   1.5  23.5     4       W

Max >=  27.0:  0
Max <=   0.0:  0
Min <=   0.0:  0
Min <= -18.0:  0
Max Rain: 24.2 on day 27
Days of Rain: 13 (>= 0.2 mm)  8 (>= 2.0 mm)  1 (>= 20.0 mm)
Heat Base: 15.5  Cool Base: 25.0  Method: Integration


Page updated 20/11/2018 17:26:21
© Sandaysoft 2009
powered by Sandy Software Cumulus software v1.9.2 by Steve Loft