NOAA-style Climate Reports for Audley UK


Report for 2019 Jun
                   Monthly Climatological Summary for Jun 2019

Name: Audley   City: Stoke-on-Trent   County: Staffordshire   Country: UK
Elevation: 140 m  Lat: N 53 03' 19"   Lon: W 002 18' 04"

                  Temperature (C), Rain (mm), Wind Speed (mph)

                                      Heat  Cool        Avg
    Mean                              Deg   Deg         Wind                 Dom
Day Temp  High   Time   Low    Time   Days  Days  Rain  Speed High   Time    Dir
----------------------------------------------------------------------------------
 1  16.9  21.2   15:03  13.2   01:10   0.7   0.0   0.0   0.8   9.2   11:47   SSW
 2  16.7  20.7   12:22  13.1   23:51   0.4   0.0   0.7   2.2  21.3   17:25   SSW
 3  14.2  18.5   14:33  10.3   05:43   1.9   0.0   0.0   2.6  20.6   13:38   WSW
 4  12.3  15.8   11:38  10.3   05:31   3.2   0.0   9.7   0.7  10.7   17:35    SE
 5  11.8  15.1   16:03   8.9   02:29   3.7   0.0   0.0   1.6  21.3   12:20   WSW
 6  12.1  18.6   16:56   7.7   04:57   3.5   0.0   0.7   1.0  16.8   15:17    SW
 7  11.4  14.5   10:58   8.5   04:22   4.1   0.0  12.3   1.7  18.3   15:55     E
 8  10.6  11.6   16:12   9.5   10:30   4.9   0.0  14.0   2.9  22.1   10:34     W
 9  11.6  17.0   14:55   7.7   04:28   4.0   0.0   3.4   1.1  13.6   13:06    SW
10  10.6  15.1   14:30   7.0   04:47   4.9   0.0  12.0   1.3  11.4   16:35   ENE
11   9.3  10.2   00:05   8.4   23:20   6.2   0.0  45.7   2.7  15.9   04:40     N
12  10.3  12.5   17:45   8.0   05:45   5.2   0.0  20.9   0.9   7.6   12:55   NNW
13  10.4  11.5   00:00   9.2   22:35   5.1   0.0   5.9   0.7   7.6   13:10    NW
14  12.0  16.2   15:35   9.3   00:00   3.5   0.0  13.0   0.5  11.4   10:30    SW
15  12.5  15.8   13:10   9.3   23:56   2.8   0.0   2.1   1.2  17.4   18:19     S
16  12.9  18.0   17:00   8.0   04:22   2.9   0.0   3.7   1.6  19.7   14:06   SSW
17  14.2  18.8   17:09  11.4   06:41   1.7   0.0   2.8   2.6  16.8   09:48    SW
18  15.0  19.3   16:21  10.6   05:25   1.4   0.0   0.1   1.0  12.1   10:54   WSW
19  14.5  18.4   15:38  11.7   07:23   1.4   0.0   1.1   0.5  10.7   12:59   WNW
20  12.8  16.5   15:17  10.2   02:38   2.8   0.0   1.6   1.7  15.2   16:33   WSW
21  13.4  18.7   16:59   9.3   04:24   2.5   0.0   0.0   1.2  12.1   12:42     W
22  16.4  24.1   16:59   9.3   05:28   1.7   0.0   0.0   0.6   7.6   10:59    SE
23  16.2  20.8   13:30  12.6   05:41   0.7   0.0   1.5   2.2  19.0   23:48   ESE
24  17.5  21.7   16:18  14.4   03:57   0.2   0.0   0.2   0.5  10.7   00:11   SSE
25  15.8  17.7   15:57  13.9   23:56   0.2   0.0   9.6   0.9   9.8   16:19     N
26  15.0  19.4   15:41  12.5   23:57   1.2   0.0   0.1   0.8  10.7   17:02   ESE
27  16.3  24.3   17:21   9.7   05:06   1.7   0.0   0.0   1.7  14.5   15:05   ESE
28  17.4  25.2   17:05  10.7   05:01   1.3   0.0   0.0   1.8  12.1   08:15    SE
29  20.6  28.6   15:33  15.0   05:49   0.0   0.6   0.1   1.1  10.7   19:43     S
30  17.0  21.1   15:23  13.2   03:40   0.4   0.0   0.0   5.7  24.4   13:35   WSW
----------------------------------------------------------------------------------
    13.9  28.6    29     7.0    10    74.2   0.6 161.2   1.5  24.4    30      SW

Max >=  27.0:  1
Max <=   0.0:  0
Min <=   0.0:  0
Min <= -18.0:  0
Max Rain: 45.7 on day 11
Days of Rain: 19 (>= 0.2 mm)  13 (>= 2.0 mm)  2 (>= 20.0 mm)
Heat Base: 15.5  Cool Base: 25.0  Method: Integration


Page updated 20/11/2018 17:26:21
© Sandaysoft 2009
powered by Sandy Software Cumulus software v1.9.2 by Steve Loft