NOAA-style Climate Reports for Audley UK


Report for 2019 Sep
                   Monthly Climatological Summary for Sep 2019

Name: Audley   City: Stoke-on-Trent   County: Staffordshire   Country: UK
Elevation: 140 m  Lat: N 53 03' 19"   Lon: W 002 18' 04"

                  Temperature (C), Rain (mm), Wind Speed (mph)

                                      Heat  Cool        Avg
    Mean                              Deg   Deg         Wind                 Dom
Day Temp  High   Time   Low    Time   Days  Days  Rain  Speed High   Time    Dir
----------------------------------------------------------------------------------
 1  12.7  17.2   17:56   9.2   06:59   2.9   0.0   0.0   3.0  21.3   17:51     W
 2  13.7  18.2   14:31   9.9   06:44   2.1   0.0   0.2   3.4  19.7   14:47   WSW
 3  15.6  18.9   14:52  12.3   06:17   0.9   0.0   1.5   3.3  18.3   13:00   WSW
 4  14.0  16.2   14:41  11.7   07:36   1.6   0.0   6.7   5.4  31.1   17:06     W
 5  12.4  16.1   17:22   8.7   07:06   3.1   0.0   0.2   2.1  16.8   12:44     W
 6  13.2  15.9   15:15  11.3   00:58   2.3   0.0   6.4   3.4  22.1   14:27     W
 7  12.9  16.0   16:31   9.2   23:51   2.6   0.0   0.4   1.1  11.4   14:25   NNW
 8  11.4  16.4   15:50   6.8   05:50   4.2   0.0   0.0   0.6   9.2   15:37   WSW
 9  12.4  15.0   16:35  10.3   07:11   3.1   0.0  13.7   0.8   9.8   11:29   SSE
10  13.3  17.0   17:47  11.3   05:18   2.3   0.0   0.5   1.3  13.0   13:06     W
11  15.6  18.6   16:44  12.1   00:00   0.8   0.0   1.5   3.1  18.3   09:55   WSW
12  15.6  20.8   14:31  11.5   03:51   1.4   0.0   0.2   3.4  25.9   13:26   WSW
13  12.6  18.2   18:04   9.5   06:52   3.2   0.0   0.1   0.5   9.2   13:44   WNW
14  13.4  20.9   17:46   7.9   07:07   3.1   0.0   0.1   1.8  13.6   16:12   WSW
15  13.6  16.2   11:06  12.6   02:15   1.9   0.0   5.9   1.6  14.5   10:47   WSW
16  12.6  15.9   18:01   9.6   23:54   2.9   0.0   2.3   0.2   8.3   18:01   NNW
17  12.1  16.5   18:04   9.1   01:23   3.5   0.0   0.1   0.6  14.5   11:25   NNW
18  11.6  16.5   15:45   7.3   05:19   4.0   0.0   0.0   0.3  10.7   17:26     W
19  13.0  18.5   18:04   9.4   05:54   2.9   0.0   0.0   0.2   6.0   14:01     N
20  14.1  19.9   18:08   9.7   07:02   2.2   0.0   0.0   1.0  13.0   16:15    SE
21  15.4  21.3   17:39  10.8   07:05   1.7   0.0   0.0   2.1  13.0   12:37    SE
22  15.8  17.9   15:42  14.2   06:53   0.3   0.0  18.2   1.1   9.8   05:52    SE
23  14.2  16.8   14:14  12.0   07:19   1.4   0.0   4.5   1.5  15.9   19:12   SSE
24  15.1  15.8   16:43  13.9   23:43   0.4   0.0  12.7   0.9   8.3   01:01     S
25  14.5  16.7   15:55  13.4   02:15   1.1   0.0   0.3   0.2   6.9   14:09   SSE
26  14.3  16.1   13:57  12.5   22:55   1.3   0.0   5.5   3.2  20.6   13:48    SW
27  12.6  15.0   12:34  11.4   21:29   2.9   0.0   9.7   3.0  24.4   13:43    SW
28  13.3  16.2   15:12  10.9   02:05   2.3   0.0   9.5   4.4  21.3   13:11   WSW
29  13.4  16.3   12:00  10.9   22:06   2.1   0.0  10.0   2.4  24.4   15:54   WSW
30  11.9  14.9   12:46   9.5   06:58   3.6   0.0  11.1   0.6  10.7   23:06     S
----------------------------------------------------------------------------------
    13.5  21.3    21     6.8     8    68.1   0.0 121.3   1.9  31.1     4     WSW

Max >=  27.0:  0
Max <=   0.0:  0
Min <=   0.0:  0
Min <= -18.0:  0
Max Rain: 18.2 on day 22
Days of Rain: 21 (>= 0.2 mm)  13 (>= 2.0 mm)  0 (>= 20.0 mm)
Heat Base: 15.5  Cool Base: 25.0  Method: Integration


Page updated 20/11/2018 17:26:21
© Sandaysoft 2009
powered by Sandy Software Cumulus software v1.9.2 by Steve Loft