NOAA-style Climate Reports for Audley UK


Report for 2020 Mar
                   Monthly Climatological Summary for Mar 2020

Name: Audley   City: Stoke-on-Trent   County: Staffordshire   Country: UK
Elevation: 140 m  Lat: N 53 03' 19"   Lon: W 002 18' 04"

                  Temperature (C), Rain (mm), Wind Speed (mph)

                                      Heat  Cool        Avg
    Mean                              Deg   Deg         Wind                 Dom
Day Temp  High   Time   Low    Time   Days  Days  Rain  Speed High   Time    Dir
----------------------------------------------------------------------------------
 1   4.8   7.2   12:49   1.7   23:52  10.7   0.0   0.1   3.9  15.2   13:26   WSW
 2   3.3   7.1   13:25   0.5   06:42  12.2   0.0   0.0   2.0  13.0   13:33   WSW
 3   4.0   7.7   15:24   2.0   04:46  11.5   0.0   2.4   2.4  14.5   13:25     W
 4   3.7   7.1   12:50   1.3   06:54  11.8   0.0   0.0   0.5   5.4   00:02   SSE
 5   3.5   7.6   15:57   0.5   06:14  12.0   0.0   0.0   0.8   8.3   14:50   NNE
 6   3.7   8.8   15:45  -0.6   05:19  11.8   0.0   0.0   0.5   6.9   15:21   WSW
 7   8.0  12.3   14:38   3.0   02:47   7.5   0.0   0.8   1.9  13.0   16:20    SW
 8   7.7  10.3   15:14   4.4   22:30   7.8   0.0   7.0   3.7  14.5   13:02   WSW
 9   6.7  10.3   23:58   4.6   00:18   8.8   0.0  10.4   3.1  11.4   02:36   WSW
10  10.6  12.6   11:33   6.9   23:58   4.9   0.0   3.8   4.4  15.9   15:01   WSW
11   8.1  11.6   14:47   4.2   23:37   7.4   0.0   1.6   4.0  22.8   22:47   WSW
12   5.0   8.6   12:47   2.3   06:46  10.5   0.0   2.5   5.2  16.8   20:40   WSW
13   6.1   9.2   12:36   4.3   22:02   9.4   0.0   3.8   2.3  11.4   04:27    SW
14   8.2  11.2   13:55   4.5   00:00   7.3   0.0   0.8   1.7   8.3   15:46     S
15   7.4   9.6   00:58   4.5   23:29   8.1   0.0   9.1   2.0   9.2   04:01   WSW
16   6.8  10.4   14:27   4.2   00:47   8.7   0.0   0.0   1.8   9.2   13:35   WSW
17  10.8  14.7   15:13   7.2   00:18   4.7   0.0   0.0   4.0  13.0   18:16    SW
18   6.8  11.4   00:47   4.9   23:54   8.7   0.0  15.9   1.6  11.4   00:52     W
19   5.7   7.7   13:05   4.2   06:26   9.8   0.0   0.0   0.1   3.8   13:19    NW
20   5.3   9.3   14:21   2.0   06:33  10.2   0.0   0.1   2.6  10.7   13:08     E
21   4.9   9.2   12:19   2.5   23:55  10.6   0.0   0.0   4.1  12.1   08:40   ESE
22   5.2  12.0   17:19   1.3   04:55  10.3   0.0   0.0   2.5   9.8   23:03   ESE
23   5.9  11.8   17:06   0.5   05:00   9.6   0.0   0.0   2.4   7.6   01:16    SE
24   9.1  16.6   16:30   1.8   03:01   6.5   0.0   0.0   1.7   7.6   15:13    SE
25   9.5  17.1   17:32   4.1   06:17   6.1   0.0   0.0   0.7   5.4   00:46    SE
26   8.0  15.4   17:25   2.4   06:52   7.5   0.0   0.0   0.8   5.4   09:45   ESE
27   5.7  12.5   17:14   0.0   06:25   9.8   0.0   0.0   1.2   7.6   15:45     E
28   5.4  10.0   13:37   1.0   02:52  10.1   0.0   0.0   2.2  11.4   18:25   ENE
29   3.9   7.1   16:24   0.9   23:38  11.1   0.0   0.0   2.2  13.6   12:10    NE
30   4.7   8.3   17:59   0.6   04:51  10.8   0.0   0.0   0.9   7.6   12:34     N
31   5.7   8.7   17:23   2.5   07:29   9.8   0.0   0.3   0.5   6.0   11:40    NE
----------------------------------------------------------------------------------
     6.3  17.1    25    -0.6     6   286.0   0.0  58.6   2.2  22.8    11      SW

Max >=  27.0:  0
Max <=   0.0:  0
Min <=   0.0:  2
Min <= -18.0:  0
Max Rain: 15.9 on day 18
Days of Rain: 12 (>= 0.2 mm)  8 (>= 2.0 mm)  0 (>= 20.0 mm)
Heat Base: 15.5  Cool Base: 25.0  Method: Integration


Page updated 20/11/2018 17:26:21
© Sandaysoft 2009
powered by Sandy Software Cumulus software v1.9.2 by Steve Loft