NOAA-style Climate Reports for Audley UK


Report for 2020 Apr
                   Monthly Climatological Summary for Apr 2020

Name: Audley   City: Stoke-on-Trent   County: Staffordshire   Country: UK
Elevation: 140 m  Lat: N 53 03' 19"   Lon: W 002 18' 04"

                  Temperature (C), Rain (mm), Wind Speed (mph)

                                      Heat  Cool        Avg
    Mean                              Deg   Deg         Wind                 Dom
Day Temp  High   Time   Low    Time   Days  Days  Rain  Speed High   Time    Dir
----------------------------------------------------------------------------------
 1   6.1   8.0   16:07   5.0   03:58   9.4   0.0   0.1   1.5   9.2   17:12    NW
 2   8.0  11.4   16:26   6.1   05:51   7.5   0.0   0.3   3.0  13.6   13:38   WNW
 3   8.0  12.1   18:43   5.3   06:00   7.5   0.0   0.0   1.2   9.2   15:23     W
 4   8.8  14.2   17:35   4.5   07:14   6.7   0.0   0.0   1.1   9.8   15:00   SSE
 5  12.9  20.9   18:22   6.3   06:55   3.6   0.0   0.0   3.4   9.8   12:43    SE
 6  11.9  15.5   18:16   7.0   23:52   3.6   0.0   1.0   2.5  11.4   04:11    SW
 7  10.5  18.9   18:00   3.8   05:34   5.3   0.0   0.0   0.5   5.4   12:53   SSE
 8  14.5  21.7   18:04  10.4   07:46   2.2   0.0   0.0   0.4   5.4   12:05     W
 9  13.0  18.3   13:22   8.2   05:28   3.0   0.0   0.0   2.2   9.2   23:36    SE
10  14.3  22.4   17:36   7.8   06:04   2.7   0.0   0.0   2.0   8.3   01:01    SE
11  15.2  20.2   17:48  11.2   23:46   1.6   0.0   0.0   0.9   5.4   13:41   NNW
12  13.5  19.6   16:23   8.8   23:46   2.8   0.0   0.0   0.9  11.4   20:39     E
13   7.2  12.7   18:07   3.1   23:49   8.3   0.0   1.8   2.1  10.7   06:40     E
14   6.5  15.3   18:17   0.5   06:38   9.0   0.0   0.0   0.3   4.5   13:33   SSW
15  10.4  20.0   18:13   3.5   06:02   5.6   0.0   0.0   0.2   4.5   10:26   WNW
16  12.6  20.0   17:53   6.8   05:16   3.7   0.0   0.0   1.1   8.3   20:34   ESE
17  10.2  15.2   15:21   5.4   23:45   5.3   0.0   0.9   3.9  11.4   02:58   ESE
18   6.5   8.0   15:45   4.4   04:53   9.0   0.0   3.5   0.9   6.9   02:29   ESE
19  10.0  18.5   17:57   4.8   06:28   5.7   0.0   0.0   1.8   8.3   18:17   ESE
20   9.7  16.4   17:37   4.4   03:44   5.8   0.0   0.0   2.4  12.1   19:09     E
21  11.1  18.9   17:52   5.7   04:20   4.8   0.0   0.0   2.4  11.4   12:05     E
22  11.8  21.3   17:49   4.5   05:47   4.7   0.0   0.0   1.1   7.6   12:58     E
23  12.8  20.4   17:10   5.3   05:42   4.0   0.0   0.0   0.6   5.4   20:39   ESE
24  13.3  23.0   17:55   6.3   06:58   3.4   0.0   0.0   0.6   6.0   23:31    SE
25  12.0  20.9   17:46   5.0   05:57   4.1   0.0   0.0   0.8   6.0   00:00    SE
26  12.4  19.1   15:26   8.1   23:51   3.5   0.0   0.8   0.3   9.2   16:22     W
27  10.4  15.9   17:23   7.4   05:56   5.1   0.0   0.0   0.2   5.4   17:08    NW
28   7.9   9.5   00:00   5.7   23:43   7.6   0.0   7.0   0.3   5.4   08:35   ESE
29   7.8  13.2   17:23   5.2   03:35   7.7   0.0   8.8   0.7   7.6   17:23    SE
30   8.2  12.7   14:16   5.1   05:59   7.3   0.0   3.0   1.4  11.4   14:26    SW
----------------------------------------------------------------------------------
    10.6  23.0    24     0.5    14   160.5   0.0  27.2   1.4  13.6     2      SE

Max >=  27.0:  0
Max <=   0.0:  0
Min <=   0.0:  0
Min <= -18.0:  0
Max Rain: 8.8 on day 29
Days of Rain: 9 (>= 0.2 mm)  4 (>= 2.0 mm)  0 (>= 20.0 mm)
Heat Base: 15.5  Cool Base: 25.0  Method: Integration


Page updated 20/11/2018 17:26:21
© Sandaysoft 2009
powered by Sandy Software Cumulus software v1.9.2 by Steve Loft