NOAA-style Climate Reports for Audley UK


Report for 2020 Jun
                   Monthly Climatological Summary for Jun 2020

Name: Audley   City: Stoke-on-Trent   County: Staffordshire   Country: UK
Elevation: 140 m  Lat: N 53 03' 19"   Lon: W 002 18' 04"

                  Temperature (C), Rain (mm), Wind Speed (mph)

                                      Heat  Cool        Avg
    Mean                              Deg   Deg         Wind                 Dom
Day Temp  High   Time   Low    Time   Days  Days  Rain  Speed High   Time    Dir
----------------------------------------------------------------------------------
 1  17.5  26.9   17:31  10.1   05:40   1.2   0.1   0.0   0.6   6.0   11:08     E
 2  17.5  25.9   17:09  10.7   05:43   1.2   0.0   0.0   0.2   5.4   17:48    NW
 3  12.2  16.2   00:00   9.2   22:53   3.3   0.0   3.5   0.4   7.6   15:55    NE
 4  10.2  13.1   15:42   7.5   04:21   5.3   0.0   1.5   0.4   6.9   16:22     W
 5   9.8  13.6   16:29   7.6   09:09   5.7   0.0   5.3   1.8  13.0   15:07     W
 6  10.2  15.0   15:04   6.4   02:12   5.3   0.0   6.6   2.3  13.6   02:18     W
 7  11.4  15.8   17:32   8.4   23:55   4.1   0.0   6.7   0.5   7.6   02:27     W
 8  11.3  16.7   16:56   7.3   01:24   4.2   0.0   0.0   0.1   3.8   13:57    NE
 9  12.9  17.8   16:59   9.0   05:00   2.9   0.0   0.0   0.1   4.5   03:36    SW
10  12.6  15.9   15:40  10.1   05:38   2.9   0.0   2.3   0.1   5.4   22:06    SE
11  12.0  15.9   15:22  10.1   05:02   3.5   0.0  10.2   1.8  12.1   10:59     E
12  14.1  17.3   10:53  10.7   00:00   1.7   0.0   0.2   1.6   9.8   15:38     E
13  17.4  23.8   17:42  13.2   01:35   0.6   0.0   3.1   0.4   6.0   02:03   ESE
14  16.3  23.6   16:41  12.3   04:54   0.9   0.0   1.2   0.2   6.0   17:50   SSE
15  16.6  25.5   17:28  12.9   04:09   0.8   0.0  29.6   0.1   3.8   13:13   WSW
16  15.5  19.0   16:11  13.5   04:02   0.6   0.0  37.6   0.1   5.4   17:22   NNW
17  15.6  20.4   13:46  12.4   03:21   1.1   0.0   3.5   0.0   4.5   18:50    NW
18  13.4  14.3   00:55  12.7   15:11   2.1   0.0  21.6   0.1   3.8   10:51     N
19  13.3  14.9   11:19  12.4   22:14   2.2   0.0   1.3   0.9   9.8   15:24   WSW
20  15.5  22.7   16:32   9.5   04:49   1.7   0.0   0.0   0.2   5.4   13:19    SE
21  15.0  19.4   16:03  11.6   23:40   1.2   0.0   8.4   1.8   9.2   17:03   WSW
22  15.9  22.2   16:19   9.0   05:03   1.8   0.0   0.0   0.3   5.4   11:19     S
23  19.3  27.4   17:33  14.2   06:29   0.2   0.1   0.0   0.1   4.5   00:19    SE
24  22.4  30.6   17:27  15.6   05:13   0.0   0.8   0.0   0.1   3.8   23:48    SE
25  23.7  31.2   17:36  17.7   05:06   0.0   1.2   0.0   0.1   4.5   21:57    SE
26  21.8  29.5   16:27  17.4   23:57   0.0   0.4   1.6   0.3  11.4   20:23   WSW
27  15.7  19.2   15:00  11.7   23:44   0.6   0.0  13.4   2.3  25.1   19:06     W
28  13.5  16.6   15:09  10.9   02:20   2.1   0.0   0.0   7.1  41.8   12:50     W
29  12.3  13.0   11:09  11.3   02:08   3.2   0.0   1.1   7.1  22.8   07:14     W
30  14.5  18.4   15:01  11.9   00:00   1.5   0.0   2.5   2.5  14.5   09:32     W
----------------------------------------------------------------------------------
    15.0  31.2    25     6.4     6    61.9   2.6 161.2   1.1  41.8    28       W

Max >=  27.0:  4
Max <=   0.0:  0
Min <=   0.0:  0
Min <= -18.0:  0
Max Rain: 37.6 on day 16
Days of Rain: 20 (>= 0.2 mm)  14 (>= 2.0 mm)  3 (>= 20.0 mm)
Heat Base: 15.5  Cool Base: 25.0  Method: Integration


Page updated 20/11/2018 17:26:21
© Sandaysoft 2009
powered by Sandy Software Cumulus software v1.9.2 by Steve Loft