NOAA-style Climate Reports for Audley UK


Report for 2020 Jul
                   Monthly Climatological Summary for Jul 2020

Name: Audley   City: Stoke-on-Trent   County: Staffordshire   Country: UK
Elevation: 140 m  Lat: N 53 03' 19"   Lon: W 002 18' 04"

                  Temperature (C), Rain (mm), Wind Speed (mph)

                                      Heat  Cool        Avg
    Mean                              Deg   Deg         Wind                 Dom
Day Temp  High   Time   Low    Time   Days  Days  Rain  Speed High   Time    Dir
----------------------------------------------------------------------------------
 1  15.0  19.2   16:18  12.9   03:29   1.1   0.0   1.1   1.1  10.7   00:01     W
 2  14.8  20.6   17:33  12.5   04:39   1.3   0.0   1.4   0.7  12.1   14:47   WNW
 3  13.7  16.0   15:09  11.6   04:33   1.8   0.0   4.2   2.0  18.3   17:20   WSW
 4  16.6  18.2   17:11  15.2   01:18   0.0   0.0   0.3   4.8  22.1   22:54     W
 5  14.9  16.3   13:05  12.4   23:54   0.7   0.0   1.3   8.3  31.1   19:14     W
 6  13.5  17.4   16:47  10.6   04:52   2.2   0.0   0.3   3.7  26.6   08:26     W
 7  12.3  14.0   09:42  11.3   04:54   3.2   0.0  12.2   1.1   9.2   10:17     W
 8  14.1  16.5   14:47  12.8   00:00   1.4   0.0   9.5   0.7  10.7   13:11   SSW
 9  13.6  14.9   07:56  12.1   23:35   1.9   0.0   5.1   1.2  11.4   09:01   WNW
10  12.5  17.0   17:23   9.1   06:23   3.0   0.0   1.2   2.1  19.7   14:52   WNW
11  12.9  17.2   15:28   9.5   05:32   2.7   0.0   0.0   1.1  13.0   18:41   WNW
12  14.7  22.1   17:10   8.3   05:13   2.4   0.0   0.0   1.4  12.1   18:53     W
13  16.0  18.6   14:01  14.0   05:39   0.4   0.0   0.1   2.5  18.3   15:15     W
14  14.3  16.7   16:58  12.6   23:54   1.3   0.0   0.0   0.9  13.0   13:17   WNW
15  13.4  15.5   17:19  11.9   03:55   2.0   0.0   3.0   2.6  15.9   14:51     W
16  15.8  18.6   17:27  13.5   00:32   0.7   0.0   0.1   1.3  15.9   03:07   WNW
17  18.2  22.9   16:46  14.4   06:23   0.1   0.0   0.0   4.2  18.3   15:32     W
18  15.6  17.3   15:37  13.0   23:51   0.4   0.0  11.5   2.7  13.6   08:54     W
19  13.7  17.4   15:56  10.4   05:47   2.1   0.0   0.2   0.9  13.6   14:56   WNW
20  13.0  18.3   17:54   8.7   05:04   2.8   0.0   0.0   1.1  13.0   12:44   WNW
21  13.4  17.5   13:33   8.6   04:00   2.5   0.0   0.0   0.5   9.8   12:44   WNW
22  15.3  20.1   15:52  11.6   05:43   1.2   0.0   0.0   2.8  19.7   17:30     W
23  15.8  19.0   12:51  13.0   05:46   0.5   0.0   2.0   2.3  15.9   12:56     W
24  17.4  22.4   16:59  14.3   05:09   0.3   0.0   3.0   1.4  14.5   15:22     W
25  16.6  21.0   11:45  13.5   23:09   0.2   0.0   6.9   1.6  16.8   11:04     W
26  15.6  20.1   15:11  11.9   04:47   1.0   0.0   0.1   4.4  19.0   13:46     W
27  14.9  19.3   15:33  12.1   22:45   1.1   0.0  12.7   3.1  28.2   14:55   WSW
28  13.8  17.0   15:43  11.6   06:29   1.8   0.0   0.3   4.9  25.9   06:28     W
29  14.9  19.8   17:24  11.3   05:43   1.4   0.0   0.0   2.6  13.6   11:10     W
30  18.8  26.7   18:08  13.2   01:08   0.6   0.1   0.0   0.5   8.3   11:53   SSE
31  22.0  31.3   15:31  15.8   03:52   0.0   1.1   0.0   2.2  16.8   12:41   SSW
----------------------------------------------------------------------------------
    15.1  31.3    31     8.3    12    42.1   1.2  76.5   2.3  31.1     5       W

Max >=  27.0:  1
Max <=   0.0:  0
Min <=   0.0:  0
Min <= -18.0:  0
Max Rain: 12.7 on day 27
Days of Rain: 18 (>= 0.2 mm)  10 (>= 2.0 mm)  0 (>= 20.0 mm)
Heat Base: 15.5  Cool Base: 25.0  Method: Integration


Page updated 20/11/2018 17:26:21
© Sandaysoft 2009
powered by Sandy Software Cumulus software v1.9.2 by Steve Loft