NOAA-style Climate Reports for Audley UK


Report for 2020 Sep
                   Monthly Climatological Summary for Sep 2020

Name: Audley   City: Stoke-on-Trent   County: Staffordshire   Country: UK
Elevation: 140 m  Lat: N 53 03' 19"   Lon: W 002 18' 04"

                  Temperature (C), Rain (mm), Wind Speed (mph)

                                      Heat  Cool        Avg
    Mean                              Deg   Deg         Wind                 Dom
Day Temp  High   Time   Low    Time   Days  Days  Rain  Speed High   Time    Dir
----------------------------------------------------------------------------------
 1  13.6  18.9   18:01   9.9   00:09   2.5   0.0   0.0   0.5   9.8   15:04   WSW
 2  13.6  17.1   11:40  11.1   06:22   2.0   0.0   9.4   1.0  12.1   15:07     S
 3  16.2  19.2   17:46  13.8   21:37   0.2   0.0   5.5   4.1  21.3   12:03     W
 4  13.8  16.4   16:00  11.3   06:17   1.8   0.0   0.0   3.8  21.3   12:56     W
 5  12.5  15.6   14:49   9.7   05:39   3.0   0.0   0.2   3.2  15.9   12:14     W
 6  13.1  16.8   13:50   9.7   06:49   2.5   0.0   1.6   1.4   9.8   11:51     W
 7  14.0  17.1   17:50  11.1   04:10   1.7   0.0   0.4   2.7  18.3   12:46     W
 8  18.3  22.9   15:56  15.6   01:13   0.0   0.0   0.0   4.4  19.7   19:54     W
 9  15.4  17.7   00:00  11.7   23:52   0.7   0.0   0.7   2.8  18.3   00:14     W
10  12.5  14.7   15:58  11.2   01:56   3.0   0.0   0.0   0.6   9.8   18:01     W
11  13.9  17.5   16:04  10.7   06:58   1.9   0.0   0.0   3.6  22.8   15:20     W
12  14.4  18.0   16:13  11.2   05:57   1.5   0.0   0.0   4.0  21.3   12:14     W
13  17.3  23.5   17:57  13.1   01:47   0.5   0.0   0.0   3.2  19.7   12:10     W
14  17.1  23.6   18:03  12.4   06:47   0.8   0.0   0.0   0.3   5.4   09:45   SSE
15  18.8  24.5   15:41  15.2   05:03   0.0   0.0   0.0   0.5   6.9   11:11   SSW
16  15.6  19.3   13:41  12.7   23:55   0.6   0.0   0.0   1.1  13.6   19:49    SW
17  14.0  18.0   17:59  11.2   23:55   1.9   0.0   0.0   1.0   9.8   22:51     S
18  12.4  17.1   15:08   8.2   06:00   3.3   0.0   0.0   2.4  19.7   17:29    SW
19  13.5  17.8   14:36  10.6   04:38   2.4   0.0   0.0   3.4  19.7   14:40    SW
20  13.3  17.4   15:59  10.4   01:32   2.5   0.0   0.0   1.9  13.6   10:17     E
21  13.7  19.2   18:02   9.7   06:14   2.6   0.0   0.0   0.4   6.0   12:27     W
22  15.3  20.3   14:01  11.7   03:25   1.3   0.0   0.0   2.0  15.2   15:55     W
23  12.4  15.2   00:00   8.5   23:52   3.1   0.0   4.1   1.6  14.5   16:44     W
24   9.2  12.7   14:39   6.7   02:33   6.3   0.0   2.6   0.7  13.6   10:25   SSW
25   9.0  13.0   15:19   6.1   01:01   6.5   0.0   0.1   2.1  19.7   16:09   WNW
26   8.2  12.1   15:21   3.7   07:21   7.3   0.0   0.1   1.7  20.6   21:25    NW
27   8.8  13.9   16:14   5.4   07:56   6.7   0.0   0.0   1.2  14.5   00:41    NW
28  10.1  16.0   15:44   4.5   07:07   5.4   0.0   1.5   0.2   7.6   20:11   WSW
29  11.5  14.1   15:12   9.1   08:25   4.0   0.0   0.1   0.3   6.0   12:18    NW
30  10.9  13.0   17:59   8.3   02:35   4.6   0.0   9.4   1.6  13.0   17:54   SSE
----------------------------------------------------------------------------------
    13.4  24.5    15     3.7    26    80.6   0.0  35.7   1.9  22.8    11       W

Max >=  27.0:  0
Max <=   0.0:  0
Min <=   0.0:  0
Min <= -18.0:  0
Max Rain: 9.4 on day 2
Days of Rain: 10 (>= 0.2 mm)  5 (>= 2.0 mm)  0 (>= 20.0 mm)
Heat Base: 15.5  Cool Base: 25.0  Method: Integration


Page updated 20/11/2018 17:26:21
© Sandaysoft 2009
powered by Sandy Software Cumulus software v1.9.2 by Steve Loft