NOAA-style Climate Reports for Audley UK


Report for 2020 Nov
                   Monthly Climatological Summary for Nov 2020

Name: Audley   City: Stoke-on-Trent   County: Staffordshire   Country: UK
Elevation: 140 m  Lat: N 53 03' 19"   Lon: W 002 18' 04"

                  Temperature (C), Rain (mm), Wind Speed (mph)

                                      Heat  Cool        Avg
    Mean                              Deg   Deg         Wind                 Dom
Day Temp  High   Time   Low    Time   Days  Days  Rain  Speed High   Time    Dir
----------------------------------------------------------------------------------
 1  12.1  17.1   21:28   8.4   00:22   3.6   0.0   3.1   7.5  28.2   22:21   WSW
 2  10.9  17.0   01:19   5.9   23:58   4.8   0.0   3.6  10.1  36.5   01:18   WNW
 3   5.7   7.5   11:03   3.1   23:28   9.8   0.0   9.1   2.2  19.7   16:43   WNW
 4   5.6  10.1   13:32   2.4   04:29   9.9   0.0   0.1   1.5  11.4   13:59   WNW
 5   7.5   9.2   15:22   4.6   05:31   8.0   0.0   0.3   1.4   9.2   05:53    NW
 6   7.5   9.0   15:38   5.6   07:24   8.0   0.0   0.1   3.2  12.1   12:42    SE
 7   7.7  11.1   13:19   4.5   05:47   7.8   0.0   0.0   4.0  14.5   23:21    SE
 8  10.1  11.9   13:20   8.3   04:07   5.4   0.0   2.3   4.3  14.5   01:14    SE
 9  11.7  12.8   14:02  10.5   04:09   3.8   0.0   1.2   3.2  13.6   10:17    SE
10  11.3  13.0   14:37   8.6   22:51   4.2   0.0   0.0   2.1  13.6   10:27   SSE
11  10.6  12.3   12:39   8.8   02:19   4.9   0.0   1.5   6.3  23.5   21:14   SSE
12   9.4  11.0   14:03   7.3   08:28   6.1   0.0   1.1   5.1  17.4   21:03   WSW
13   8.5  10.6   05:23   5.9   08:22   7.0   0.0   3.7   4.5  40.3   06:07   WSW
14  10.3  13.7   14:10   7.4   00:00   5.2   0.0   2.7   5.2  22.1   15:01   SSE
15   9.0  10.9   08:30   6.6   18:22   6.5   0.0   5.4   7.5  34.9   08:32     W
16   9.9  13.1   23:43   8.0   08:15   5.6   0.0   2.7   6.1  28.9   23:38   WNW
17  13.0  15.2   13:18  11.5   23:14   2.5   0.0   0.0   7.7  27.3   06:17   WNW
18  10.7  13.7   11:48   7.6   18:44   4.8   0.0   0.8   6.6  34.2   16:26     W
19   6.5   8.8   02:08   3.9   19:37   9.0   0.0   2.5   4.9  28.2   02:11    NW
20   7.3  10.8   18:23   3.2   02:17   8.2   0.0   3.0   4.2  22.1   19:33   WSW
21  10.2  12.3   13:19   7.7   21:33   5.3   0.0   6.2   7.6  25.9   03:21   WNW
22   6.1   8.4   14:23   4.2   23:19   9.4   0.0   0.1   3.6  13.6   02:30   WNW
23   5.8  10.0   23:51   1.4   06:58   9.7   0.0   0.0   2.4  16.8   15:18     S
24  10.1  10.8   02:50   9.3   05:55   5.4   0.0   0.0   4.8  17.4   19:23   SSE
25   6.9  10.3   03:10   3.7   23:43   8.6   0.0   4.1   2.5  13.0   02:02    NW
26   4.5   6.7   14:23   2.2   08:38  11.0   0.0   0.1   0.4   5.4   00:28   SSE
27   4.1   6.6   13:02   1.1   22:23  11.4   0.0   0.0   2.2   8.3   22:56    SE
28   6.6   8.2   19:10   1.9   00:00   8.9   0.0   3.0   6.0  15.2   14:26    SE
29   7.5   8.0   19:24   6.9   06:37   8.0   0.0   0.1   0.9   6.9   00:12   WNW
30   7.5   9.9   16:22   3.4   23:58   8.0   0.0   1.8   5.1  23.5   17:38   WNW
----------------------------------------------------------------------------------
     8.5  17.1     1     1.1    27   210.8   0.0  58.6   4.4  40.3    13     WSW

Max >=  27.0:  0
Max <=   0.0:  0
Min <=   0.0:  0
Min <= -18.0:  0
Max Rain: 9.1 on day 3
Days of Rain: 19 (>= 0.2 mm)  13 (>= 2.0 mm)  0 (>= 20.0 mm)
Heat Base: 15.5  Cool Base: 25.0  Method: Integration


Page updated 20/11/2018 17:26:21
© Sandaysoft 2009
powered by Sandy Software Cumulus software v1.9.2 by Steve Loft