NOAA-style Climate Reports for Audley UK


Report for 2021 May
                   Monthly Climatological Summary for May 2021

Name: Audley   City: Stoke-on-Trent   County: Staffordshire   Country: UK
Elevation: 140 m  Lat: N 53 03' 19"   Lon: W 002 18' 04"

                  Temperature (C), Rain (mm), Wind Speed (mph)

                                      Heat  Cool        Avg
    Mean                              Deg   Deg         Wind                 Dom
Day Temp  High   Time   Low    Time   Days  Days  Rain  Speed High   Time    Dir
----------------------------------------------------------------------------------
 1   6.4  12.8   17:13   1.7   04:12   9.1   0.0   0.0   1.1  12.1   15:44   NNW
 2   7.0  12.1   13:51   2.3   05:55   8.5   0.0   0.9   1.6  19.0   14:09     W
 3   7.3   9.4   20:31   5.7   00:07   8.2   0.0  20.3   3.9  27.3   18:43     S
 4   6.5   9.1   18:01   4.1   21:12   9.0   0.0   8.1   7.3  30.4   06:48   WNW
 5   5.0   9.2   18:43   2.2   05:20  10.5   0.0   0.9   2.7  22.1   10:27     W
 6   4.5   9.4   14:10   1.6   05:55  11.0   0.0  10.1   2.8  22.1   15:35   WNW
 7   6.9  12.9   17:51   2.1   05:43   8.6   0.0   0.2   2.8  15.2   11:09     W
 8   9.3  14.0   15:18   4.7   06:25   6.2   0.0  18.4   4.6  22.1   08:48    SE
 9  12.4  16.1   13:17   9.7   07:20   3.1   0.0   2.0   2.1  14.5   12:57   SSE
10  11.6  16.3   16:08   7.8   23:51   3.9   0.0   2.1   2.7  21.3   16:24   SSE
11   9.8  14.7   14:53   6.1   05:05   5.7   0.0   3.1   1.8  11.4   17:07    SE
12  10.2  14.9   18:45   5.5   05:59   5.3   0.0   0.1   1.1  15.2   14:36    SW
13  10.5  15.1   15:13   7.4   04:04   5.0   0.0   1.3   1.1  12.1   15:30   NNW
14  10.0  18.4   17:33   6.4   05:12   5.6   0.0   0.0   1.0   9.8   03:06    SE
15   9.9  14.7   17:09   7.9   05:01   5.6   0.0   3.9   1.1   7.6   00:53    SE
16  11.3  18.8   17:39   6.4   05:51   4.4   0.0   0.2   1.0  11.4   20:09   ESE
17  10.4  14.7   16:56   7.8   23:57   5.1   0.0   1.0   2.2  17.4   15:42   WNW
18  10.3  15.0   12:58   7.6   00:06   5.2   0.0   3.2   1.6  12.1   13:24   WSW
19  10.2  15.0   17:23   5.5   05:16   5.3   0.0   0.3   1.4  15.2   11:58   WNW
20   9.0  12.2   16:44   6.1   03:49   6.5   0.0   8.5   2.5  19.0   13:51    SE
21  10.0  11.1   12:58   8.4   23:51   5.5   0.0  20.7   4.6  25.1   11:37   WSW
22   8.1  11.8   17:19   5.3   23:33   7.4   0.0   0.7   1.9  20.6   17:49   WNW
23   8.3  13.0   13:16   4.7   02:58   7.2   0.0   5.0   2.1  15.2   13:09   SSE
24   8.3  11.8   12:49   4.9   05:28   7.2   0.0   9.0   1.1  11.4   19:51   WSW
25   9.9  15.4   17:00   7.5   00:13   5.6   0.0   3.7   4.0  24.4   14:41     W
26  10.0  13.4   17:40   7.2   05:34   5.5   0.0   0.7   1.2  13.6   11:45   WNW
27  12.8  20.7   16:10   6.3   05:46   3.6   0.0   0.0   0.7   9.8   14:43    SW
28  14.3  19.1   13:39  10.3   04:55   2.0   0.0   0.0   0.5   8.3   17:33    SW
29  15.7  21.2   17:43  12.5   01:58   1.1   0.0   0.0   0.4   6.9   17:45     S
30  16.1  24.8   17:10  10.4   05:07   1.6   0.0   0.0   1.4  10.7   19:06    SE
31  15.0  25.5   17:18   7.9   05:21   2.5   0.0   0.0   1.1   8.3   03:14    SE
----------------------------------------------------------------------------------
     9.9  25.5    31     1.6     6   181.0   0.0 124.4   2.1  30.4     4      SW

Max >=  27.0:  0
Max <=   0.0:  0
Min <=   0.0:  0
Min <= -18.0:  0
Max Rain: 20.7 on day 21
Days of Rain: 23 (>= 0.2 mm)  14 (>= 2.0 mm)  2 (>= 20.0 mm)
Heat Base: 15.5  Cool Base: 25.0  Method: Integration


Page updated 20/11/2018 17:26:21
© Sandaysoft 2009
powered by Sandy Software Cumulus software v1.9.2 by Steve Loft