NOAA-style Climate Reports for Audley UK


Report for 2021 Jul
                   Monthly Climatological Summary for Jul 2021

Name: Audley   City: Stoke-on-Trent   County: Staffordshire   Country: UK
Elevation: 140 m  Lat: N 53 03' 19"   Lon: W 002 18' 04"

                  Temperature (C), Rain (mm), Wind Speed (mph)

                                      Heat  Cool        Avg
    Mean                              Deg   Deg         Wind                 Dom
Day Temp  High   Time   Low    Time   Days  Days  Rain  Speed High   Time    Dir
----------------------------------------------------------------------------------
 1  16.5  23.6   17:16  13.5   06:39   0.7   0.0   0.0   1.4  11.4   14:45   WSW
 2  16.9  25.4   17:18  13.0   03:47   0.9   0.0   0.1   0.6   7.6   14:59   SSW
 3  17.0  23.1   16:42  15.2   06:48   0.0   0.0  11.2   0.5  10.7   19:02   SSW
 4  15.9  20.3   17:51  13.4   22:38   0.5   0.0  27.6   0.7   9.8   18:57   WSW
 5  15.0  18.9   14:22  12.4   06:22   1.2   0.0   4.7   2.0  15.2   12:26   WSW
 6  14.0  19.7   16:36  11.9   03:20   1.8   0.0  13.4   3.1  20.6   16:39   WSW
 7  16.2  21.5   17:24  13.4   00:53   0.6   0.0   6.4   1.7  17.4   14:31   WSW
 8  16.9  22.5   16:31  13.0   05:17   0.6   0.0   0.0   0.6   9.2   17:55     W
 9  16.8  22.7   17:18  11.8   05:49   1.0   0.0   0.1   0.7  11.4   17:14   WSW
10  18.5  25.5   17:12  14.8   04:31   0.1   0.0   0.0   0.3   8.3   15:17    SE
11  17.3  21.1   14:23  14.1   06:03   0.3   0.0   0.3   0.3   6.9   13:36    SE
12  15.6  17.3   12:05  14.1   03:33   0.4   0.0   2.5   0.3   6.9   14:38   WNW
13  17.6  23.7   17:26  14.6   05:23   0.2   0.0   0.1   1.0  13.6   16:22    NW
14  16.7  20.8   17:32  12.5   05:09   0.7   0.0   0.0   1.1  13.6   18:25   WNW
15  17.7  24.2   17:20  13.8   01:28   0.2   0.0   0.0   0.8  13.6   06:03    NW
16  18.9  26.8   17:27  13.0   05:17   0.5   0.1   0.0   0.7  10.7   15:17   NNW
17  21.1  29.9   17:08  14.8   05:19   0.1   0.6   0.0   0.7   9.2   14:35   NNW
18  22.2  30.4   17:18  16.0   05:39   0.0   0.8   0.0   0.6   9.8   16:20   WNW
19  22.2  31.0   17:23  16.2   05:15   0.0   0.7   0.0   0.7   9.2   17:30     N
20  22.3  29.6   17:39  17.2   06:00   0.0   0.6   0.0   0.6  13.6   16:58    NW
21  21.8  30.3   17:06  16.2   05:08   0.0   0.5   0.0   0.5   6.0   12:36   ESE
22  23.2  31.8   17:43  17.2   05:23   0.0   1.1   0.0   0.8  12.1   16:34   SSW
23  19.7  23.7   13:55  16.5   06:39   0.0   0.0   0.0   1.8  13.6   07:23   ESE
24  17.7  24.1   17:11  14.5   05:04   0.1   0.0   0.0   2.3  15.9   10:06     E
25  17.7  23.7   17:59  13.5   05:36   0.4   0.0   0.0   0.6  10.7   18:55   NNE
26  19.1  26.8   17:07  14.6   06:32   0.1   0.0   0.0   0.8  11.4   12:16     W
27  16.5  21.4   13:47  14.7   03:36   0.2   0.0   4.1   0.4  11.4   14:37     W
28  14.9  19.0   15:43  12.2   18:22   1.1   0.0   5.5   3.7  28.2   17:52   WSW
29  15.1  18.1   16:52  11.0   05:22   1.2   0.0   0.0   5.4  28.9   09:52     W
30  13.9  16.6   14:53  12.2   03:51   1.7   0.0  11.7   1.7  14.5   12:56     N
31  14.6  16.7   15:22  12.9   04:24   1.1   0.0   1.8   1.8  13.6   01:52     W
----------------------------------------------------------------------------------
    17.7  31.8    22    11.0    29    15.7   4.4  89.5   1.2  28.9    29       W

Max >=  27.0:  6
Max <=   0.0:  0
Min <=   0.0:  0
Min <= -18.0:  0
Max Rain: 27.6 on day 4
Days of Rain: 11 (>= 0.2 mm)  9 (>= 2.0 mm)  1 (>= 20.0 mm)
Heat Base: 15.5  Cool Base: 25.0  Method: Integration


Page updated 20/11/2018 17:26:21
© Sandaysoft 2009
powered by Sandy Software Cumulus software v1.9.2 by Steve Loft