NOAA-style Climate Reports for Audley UK


Report for 2009 Mar
                   Monthly Climatological Summary for Mar 2009

Name: Audley   City: Stoke-on-Trent   County: Staffordshire   Country: UK
Elevation: 140 m  Lat: N 53 03' 19"   Lon: W 002 18' 04"

                  Temperature (C), Rain (mm), Wind Speed (mph)

                                      Heat  Cool        Avg
    Mean                              Deg   Deg         Wind                 Dom
Day Temp  High   Time   Low    Time   Days  Days  Rain  Speed High   Time    Dir
----------------------------------------------------------------------------------
 1   5.4   8.8   00:01   4.0   23:53  10.1   0.0   0.3   0.2   9.2   16:26     W
 2   5.8  10.8   11:00   1.9   06:53   9.7   0.0   0.3   0.5   9.2   14:59   SSW
 3   6.1   7.5   10:51   3.0   23:53   9.4   0.0   8.1   0.9  12.1   17:58     S
 4   3.1   8.9   13:29   0.4   07:00  12.4   0.0   0.0   0.1   8.3   14:16   WSW
 5   3.0   9.5   13:43  -0.1   06:35  12.5   0.0   0.6   0.6  10.7   12:33   WNW
 6   5.0  11.5   13:57   0.5   05:27  10.5   0.0   0.0   0.2   9.2   15:46   WSW
 7   8.3  13.8   20:53   5.0   03:07   7.2   0.0   0.0   1.3  18.3   18:22    SW
 8   4.1  10.2   09:30   2.5   18:15  11.4   0.0   5.7   2.3  23.5   00:12     W
 9   5.8   9.5   13:16   3.6   00:00   9.7   0.0   0.6   2.6  20.6   12:51   WNW
10   6.1   9.7   14:12   1.8   23:47   9.4   0.0   5.4   2.2  16.8   12:06   WNW
11   7.3  13.4   12:53   1.0   03:15   8.2   0.0   0.0   0.6  13.0   17:05    SW
12   9.6  12.8   12:44   6.8   23:59   5.9   0.0   0.9   2.5  16.8   14:18   WNW
13   7.7  10.8   11:57   5.6   05:38   7.8   0.0   0.3   0.7   8.3   23:06     S
14   9.0  11.7   13:23   6.9   06:27   6.5   0.0   0.0   3.9  22.1   11:28   WNW
15   8.8  13.3   13:52   5.6   06:27   6.7   0.0   0.0   1.9  12.1   13:48   WNW
16   6.5   6.5   00:00   6.5   00:00   9.0   0.0   0.0   0.0   0.7   00:00   ---
17   6.5   6.5   00:00   6.5   00:00   9.0   0.0   0.0   0.0   0.7   00:00   ---
18   6.5   6.5   00:00   6.5   00:00   9.0   0.0   0.0   0.0   0.7   00:00   ---
19   6.5   6.5   00:00   6.5   00:00   9.0   0.0   0.0   0.0   0.7   00:00   ---
20   6.8  10.0   18:00   0.0   00:00   8.7   0.0   0.0   0.0   2.2   18:30   ---
21   6.4   9.6   14:51   2.5   05:46   9.1   0.0   0.0   2.8  16.8   15:51    NW
22   7.4  11.3   11:39   2.7   03:31   8.1   0.0   0.0   3.1  19.7   11:59   WNW
23   7.4  10.5   10:45   5.1   22:54   8.1   0.0   0.0   6.7  33.6   15:39   WNW
24   6.1  10.7   13:25   1.4   06:10   9.4   0.0   0.9   3.0  17.4   01:00   WNW
25   7.0   8.7   16:18   5.6   22:41   8.5   0.0   1.5   5.4  25.9   15:43   WNW
26   5.6  11.7   10:16   4.3   23:56   9.9   0.0   1.5   2.9  19.0   12:31   WNW
27   4.7  10.1   13:13   3.0   04:16  10.8   0.0   0.3   2.9  16.8   10:48   WNW
28   5.2   7.3   11:46   2.3   23:43  10.3   0.0   1.5   5.1  28.2   07:58    NW
29   4.8  11.7   14:43  -0.9   07:20  10.7   0.0   0.3   0.4   7.6   15:41   WSW
30   7.8  11.9   14:59   3.1   02:46   7.7   0.0   0.0   0.6   9.2   12:31   WNW
31  10.8  16.7   12:12   6.5   06:50   4.7   0.0   0.0   0.2   6.0   12:59     W
----------------------------------------------------------------------------------
     6.5  16.7    31    -0.9    29   279.4   0.0  28.2   1.8  33.6    23     WNW

Max >=  27.0:  0
Max <=   0.0:  0
Min <=   0.0:  3
Min <= -18.0:  0
Max Rain: 8.1 on day 3
Days of Rain: 15 (>= 0.2 mm)  3 (>= 2.0 mm)  0 (>= 20.0 mm)
Heat Base: 15.5  Cool Base: 25.0  Method: Integration


Page updated 20/11/2018 17:26:21
© Sandaysoft 2009
powered by Sandy Software Cumulus software v1.9.2 by Steve Loft