NOAA-style Climate Reports for Audley UK


Report for 2009 Apr
                   Monthly Climatological Summary for Apr 2009

Name: Audley   City: Stoke-on-Trent   County: Staffordshire   Country: UK
Elevation: 140 m  Lat: N 53 03' 19"   Lon: W 002 18' 04"

                  Temperature (C), Rain (mm), Wind Speed (mph)

                                      Heat  Cool        Avg
    Mean                              Deg   Deg         Wind                 Dom
Day Temp  High   Time   Low    Time   Days  Days  Rain  Speed High   Time    Dir
----------------------------------------------------------------------------------
 1  11.7  17.7   12:01   8.1   06:40   3.8   0.0   0.0   1.0  11.4   11:43   ESE
 2  10.2  17.0   14:21   5.8   03:27   5.3   0.0   0.0   1.3  11.4   10:55     E
 3  10.5  14.8   15:21   4.6   06:56   5.0   0.0   0.0   0.4   6.0   00:26   SSE
 4   9.6  14.0   11:58   5.7   23:52   5.9   0.0   2.4   1.5  15.9   16:56   WNW
 5   8.9  15.3   14:54   3.0   05:04   6.6   0.0   0.0   0.3   6.9   14:38   SSW
 6  10.1  13.4   15:12   5.2   06:55   5.4   0.0   1.5   1.1   9.8   18:15   SSE
 7   9.4  15.0   15:04   5.5   04:03   6.1   0.0   0.9   1.5  19.0   15:22    SW
 8   9.7  14.3   14:44   6.6   22:49   5.8   0.0   2.4   2.3  17.4   15:46   WSW
 9  10.8  14.7   13:31   5.9   01:15   4.7   0.0   0.6   2.3  13.6   17:35   SSE
10  10.2  13.6   13:30   7.9   23:58   5.3   0.0   2.7   0.9  11.4   02:06   SSE
11  10.0  17.4   15:21   5.4   06:37   5.5   0.0   0.0   0.6   9.2   14:37    NW
12  10.2  18.5   14:41   3.7   07:33   5.3   0.0   0.0   0.6   8.3   12:33   ESE
13  10.0  15.3   14:49   5.5   03:45   5.5   0.0   0.0   0.7   9.2   12:33   SSE
14  10.8  16.0   14:50   6.6   06:05   4.7   0.0   2.7   0.8   9.2   22:29    SE
15  10.3  16.3   14:21   8.5   04:06   5.2   0.0   3.9   6.5  22.1   18:56   ESE
16  10.5  13.9   13:20   7.8   23:57   5.0   0.0   1.5   4.4  25.9   00:21     E
17  10.1  15.5   15:13   6.2   23:58   5.4   0.0   1.5   1.9  15.2   15:15     E
18   9.2  16.8   14:50   2.7   06:38   6.3   0.0   0.0   1.8  13.6   13:10     E
19   9.7  18.7   15:07   2.4   06:03   5.8   0.0   0.0   0.5   6.9   00:27   ENE
20  12.9  21.1   14:44   6.1   05:56   2.6   0.0   0.0   0.5   7.6   12:06    NW
21  11.6  18.6   13:50   6.4   06:58   3.9   0.0   0.0   1.1  12.1   14:15   WNW
22  11.6  18.9   12:24   5.4   06:23   3.9   0.0   0.0   0.2   6.9   12:57    SW
23  10.7  17.6   15:19   7.9   05:49   4.8   0.0   0.0   0.4   6.0   13:59    SE
24  14.0  18.2   13:10   9.3   05:05   1.5   0.0   0.0   1.4   8.3   12:45   SSE
25  11.4  17.3   15:42   7.5   23:59   4.1   0.0   1.5   1.0   9.8   08:27    SE
26  10.8  17.9   15:35   4.5   05:50   4.7   0.0   0.0   0.3   7.6   09:58   SSW
27   7.7  10.7   17:55   5.3   23:59   7.8   0.0  10.2   0.5  11.4   16:39    SW
28   7.2  11.6   14:19   4.9   00:19   8.3   0.0   9.9   0.4   6.9   10:54    NW
29  11.0  17.9   14:41   5.0   05:28   4.5   0.0   0.6   0.8   9.8   11:32    SE
30  11.5  14.7   13:37   8.9   01:36   4.0   0.0   3.3   0.9   9.8   16:46   SSE
----------------------------------------------------------------------------------
    10.4  21.1    20     2.4    19   152.7   0.0  45.6   1.4  25.9    16      SE

Max >=  27.0:  0
Max <=   0.0:  0
Min <=   0.0:  0
Min <= -18.0:  0
Max Rain: 10.2 on day 27
Days of Rain: 15 (>= 0.2 mm)  8 (>= 2.0 mm)  0 (>= 20.0 mm)
Heat Base: 15.5  Cool Base: 25.0  Method: Integration


Page updated 20/11/2018 17:26:21
© Sandaysoft 2009
powered by Sandy Software Cumulus software v1.9.2 by Steve Loft